-- Table structure for table `membership_features`
--

CREATE TABLE `membership_features` (
  `id` int(11) NOT NULL,
  `company_id` int(11) DEFAULT NULL,
  `feature_name` varchar(255) DEFAULT NULL,
  `feature_desc` text,
  `image_path` text,
  `created_date` datetime DEFAULT NULL,
  `modified_date` timestamp NOT NULL DEFAULT CURRENT_TIMESTAMP ON UPDATE CURRENT_TIMESTAMP,
  `created_by` int(11) DEFAULT NULL,
  `modified_by` int(11) DEFAULT NULL,
  `status` tinyint(4) NOT NULL DEFAULT '1' COMMENT '0-Inactive,1-Active,2-Deleted ',
  `ip` varchar(20) DEFAULT NULL
) ENGINE=InnoDB DEFAULT CHARSET=latin1;

--
-- Dumping data for table `membership_features`
--

INSERT INTO `membership_features` (`id`, `company_id`, `feature_name`, `feature_desc`, `image_path`, `created_date`, `modified_date`, `created_by`, `modified_by`, `status`, `ip`) VALUES
(1, 1, 'Search & Express Interest in', 'Search & Express Interest in Search & Express Interest in', '1590395256-sample4.jpg', '2016-11-11 13:03:06', '2020-05-26 07:33:35', 1, 1, 1, '127.0.0.1'),
(2, 1, 'Compare send message', 'Compare send message Compare send message', '1590395256-sample4.jpg', '2016-11-11 13:20:37', '2020-05-26 07:33:35', 1, 1, 1, '127.0.0.1'),
(3, 1, 'Daily limit for Profile View', 'Daily limit for Profile Views Daily limit for Profile View', '1590395256-sample4.jpg', '2017-05-27 13:32:44', '2020-05-26 07:33:35', 1, 1, 1, '127.0.0.1'),
(4, 1, 'Access verified contact Details', 'Access verified contact Details', '1590395256-sample4.jpg', '2020-05-24 09:00:00', '2020-05-26 07:33:35', 1, 1, 1, ''),
(5, 1, 'Send SMS', 'Send SMS', '1590395256-sample4.jpg', '2020-05-24 09:00:00', '2020-05-26 07:33:35', 1, 1, 1, ''),
(6, 1, 'Send unlimted personal msg', 'Send unlimted personal msg', '1590395256-sample4.jpg', '2020-05-24 09:00:00', '2020-05-26 07:33:35', 1, 1, 1, ''),
(7, 1, 'Chat instantly', 'Chat instantly', '1590395256-sample4.jpg', '2020-05-24 09:00:00', '2020-05-26 07:35:07', 1, 1, 1, ''),
(8, 1, 'View horoscope', 'View horoscope', '1590395256-sample4.jpg', '2020-05-24 09:00:00', '2020-05-26 07:35:07', 1, 1, 1, ''),
(9, 1, 'Profile Highlighter ', 'Profile Highlighter ', '1590395256-sample4.jpg', '2020-05-24 09:00:00', '2020-05-26 07:35:07', 1, 1, 1, ''),
(10, 1, 'Priority in search', 'Priority in search', '1590395256-sample4.jpg', '2020-05-24 09:00:00', '2020-05-26 07:35:07', 1, 1, 1, '127.0.0.1'),
(11, 1, 'Paid tag for high response', 'Paid tag for high response', '1590395256-sample4.jpg', '2020-05-24 09:00:00', '2020-05-26 07:35:07', 1, 1, 1, ''),
(12, 1, 'Prominent display in search/ featured profile', 'Prominent display in search/ featured profile', '1590395256-sample4.jpg', '2020-05-24 09:00:00', '2020-05-26 07:35:07', 1, 1, 1, ''),
(13, 1, 'Advanced privacy', 'Advanced privacy', '1590395256-sample4.jpg', '2020-05-24 09:00:00', '2020-05-26 08:21:34', 1, 1, 1, ''),
(16, 1, 'Test Feature1', 'Test Feature Description1', '1590395256-sample4.jpg', '2020-05-25 13:57:36', '2020-05-26 08:20:25', 1111, 1, 1, '127.0.0.1'),
(17, 1, 'ZXz', 'xzxzx', '1590474869-0266554465.jpeg', '2020-05-25 14:02:51', '2020-05-26 22:47:09', 1111, 1, 1, '127.0.0.1'),
(18, 1, 'Test1', 'Test1', '1590498236-sample1.jpg', '2020-05-26 18:33:56', '2020-05-26 22:47:07', 1, 1, 1, '127.0.0.1');

-- --------------------------------------------------------

--
-- Table structure for table `membership_package`
--

CREATE TABLE `membership_package` (
  `id` int(11) NOT NULL,
  `package_name` varchar(255) NOT NULL,
  `package_desc` text NOT NULL,
  `created_date` datetime NOT NULL,
  `modified_date` timestamp NOT NULL DEFAULT CURRENT_TIMESTAMP ON UPDATE CURRENT_TIMESTAMP,
  `created_by` int(11) NOT NULL,
  `modified_by` int(11) NOT NULL,
  `is_active` int(11) NOT NULL,
  `order_val` int(11) NOT NULL,
  `ip` varchar(20) NOT NULL,
  `package_id` varchar(200) NOT NULL
) ENGINE=InnoDB DEFAULT CHARSET=latin1;

--
-- Dumping data for table `membership_package`
--

INSERT INTO `membership_package` (`id`, `package_name`, `package_desc`, `created_date`, `modified_date`, `created_by`, `modified_by`, `is_active`, `order_val`, `ip`, `package_id`) VALUES
(1, 'Membership', 'Membership Membership Membership', '2017-06-01 16:10:36', '2017-06-01 10:57:40', 1, 1, 1, 0, '127.0.0.1', ''),
(2, 'API', 'API', '2017-06-01 16:10:47', '2017-12-02 08:26:37', 1, 1, 1, 0, '127.0.0.1', '123'),
(3, 'Advertise', 'Advertise Advertise Advertise', '2016-11-11 14:40:23', '2017-06-07 07:53:58', 1, 1, 0, 0, '127.0.0.1', '');

-- --------------------------------------------------------

--
-- Table structure for table `membership_subpackage`
--

CREATE TABLE `membership_subpackage` (
  `id` int(11) NOT NULL,
  `package_id` int(11) NOT NULL,
  `subpackage_name` varchar(255) NOT NULL,
  `subpackage_desc` varchar(200) NOT NULL,
  `subpackage_max_fees` varchar(5) NOT NULL,
  `subpackage_min_fees` varchar(5) DEFAULT NULL,
  `image` text NOT NULL,
  `duration` int(11) NOT NULL DEFAULT '0',
  `duration_type_id` int(11) NOT NULL,
  `renew_notification_mail` varchar(7) NOT NULL,
  `created_date` datetime NOT NULL,
  `modified_date` timestamp NOT NULL DEFAULT CURRENT_TIMESTAMP ON UPDATE CURRENT_TIMESTAMP,
  `created_by` int(11) NOT NULL,
  `modified_by` int(11) NOT NULL,
  `is_active` int(11) NOT NULL,
  `order_val` int(11) NOT NULL,
  `ip` varchar(20) NOT NULL
) ENGINE=InnoDB DEFAULT CHARSET=latin1;

--
-- Dumping data for table `membership_subpackage`
--

INSERT INTO `membership_subpackage` (`id`, `package_id`, `subpackage_name`, `subpackage_desc`, `subpackage_max_fees`, `subpackage_min_fees`, `image`, `duration`, `duration_type_id`, `renew_notification_mail`, `created_date`, `modified_date`, `created_by`, `modified_by`, `is_active`, `order_val`, `ip`) VALUES
(1, 2, 'Free', 'Free For 12 Months', '10000', NULL, 'free_pack.png', 1, 1, '', '2017-06-10 13:00:02', '2017-12-02 11:04:22', 1, 0, 1, 0, ''),
(2, 2, 'Classic/ Silverm', 'For 4 Months', '1000', '150', 'silver_pack.jpg', 1, 1, '15', '2017-06-10 13:00:17', '2017-12-02 11:04:28', 1, 1, 1, 0, '127.0.0.1'),
(3, 2, 'Cl. advantage/ Goldm', 'For 6 Months', '1500', NULL, 'gold_pack.jpg', 6, 1, '', '2017-06-10 13:00:25', '2017-12-02 11:04:53', 1, 0, 1, 0, ''),
(4, 2, 'Cl. premium/ Diamondm', 'For 12 Months', '2000', NULL, 'diamond_pack.jpg', 1, 1, '', '2017-06-10 13:00:34', '2017-12-02 11:04:58', 1, 0, 1, 0, ''),
(6, 1, 'Standard', '10-25 Vehicle', '3999', '100', 'silver_pack.jpg', 1, 1, '12', '2017-06-10 13:00:48', '2017-12-02 11:05:03', 1, 1, 1, 0, '127.0.0.1'),
(7, 1, 'Premium', '25-50 Vehicle', '4999', '500', 'gold_pack.jpg', 6, 1, '', '2017-06-10 13:00:54', '2017-12-02 11:05:07', 1, 0, 1, 0, ''),
(8, 1, 'Premium+', '50-75 Vehicle', '6999', '750', 'diamond_pack.jpg', 1, 1, '14', '2017-06-10 13:00:59', '2017-12-02 11:05:11', 1, 1, 1, 0, '127.0.0.1'),
(12, 1, 'Free', '0-10 Vehicle', '0', '20', 'free_pack.png', 1, 1, '10', '2017-06-19 17:13:15', '2017-12-02 11:05:15', 1, 1, 1, 0, '127.0.0.1'),
(13, 1, 'Enterprise', '75 Onwarsd', '8999', '1000', '', 0, 1, '', '0000-00-00 00:00:00', '2017-12-02 11:05:19', 0, 0, 0, 0, '');

-- --------------------------------------------------------

--
-- Table structure for table `membership_subpackage_ext`
--

CREATE TABLE `membership_subpackage_ext` (
  `id` int(11) NOT NULL,
  `subpackage_id` int(11) NOT NULL,
  `feature_id` int(11) NOT NULL,
  `feature_status` int(11) NOT NULL,
  `feature_value` varchar(200) NOT NULL,
  `is_active` int(11) NOT NULL,
  `created_by` int(11) NOT NULL,
  `modified_by` int(11) NOT NULL,
  `created_date` datetime NOT NULL,
  `modified_date` timestamp NOT NULL DEFAULT CURRENT_TIMESTAMP ON UPDATE CURRENT_TIMESTAMP,
  `ip` varchar(20) NOT NULL
) ENGINE=InnoDB DEFAULT CHARSET=latin1;

--
-- Dumping data for table `membership_subpackage_ext`
--

INSERT INTO `membership_subpackage_ext` (`id`, `subpackage_id`, `feature_id`, `feature_status`, `feature_value`, `is_active`, `created_by`, `modified_by`, `created_date`, `modified_date`, `ip`) VALUES
(1, 1, 1, 1, '', 0, 0, 0, '0000-00-00 00:00:00', '2017-03-09 12:16:32', ''),
(2, 1, 2, 0, '', 0, 0, 0, '0000-00-00 00:00:00', '2017-08-01 14:41:14', ''),
(3, 1, 3, 1, '', 0, 0, 0, '0000-00-00 00:00:00', '2017-03-10 05:36:46', ''),
(4, 1, 4, 1, '', 0, 0, 0, '0000-00-00 00:00:00', '2017-08-01 14:39:06', ''),
(5, 1, 5, 1, '', 0, 0, 0, '0000-00-00 00:00:00', '2017-08-01 14:39:08', ''),
(6, 1, 6, 1, '', 0, 0, 0, '0000-00-00 00:00:00', '2017-03-09 12:44:54', ''),
(8, 1, 8, 1, '', 0, 0, 0, '0000-00-00 00:00:00', '2017-03-09 12:45:25', ''),
(10, 1, 10, 0, '', 0, 0, 0, '0000-00-00 00:00:00', '2017-08-01 14:41:17', ''),
(11, 1, 19, 1, '', 0, 0, 0, '0000-00-00 00:00:00', '2017-08-01 14:38:01', ''),
(12, 1, 20, 0, '', 0, 0, 0, '0000-00-00 00:00:00', '2017-08-01 14:41:20', ''),
(17, 2, 1, 1, '', 0, 0, 0, '0000-00-00 00:00:00', '2017-03-09 12:30:10', ''),
(18, 2, 2, 0, '1', 1, 0, 1, '0000-00-00 00:00:00', '2017-06-19 10:18:00', '127.0.0.1'),
(19, 2, 3, 0, '', 0, 0, 0, '0000-00-00 00:00:00', '2017-03-09 12:30:13', ''),
(20, 2, 4, 1, '', 0, 0, 0, '0000-00-00 00:00:00', '2017-03-09 12:30:15', ''),
(21, 2, 5, 1, '', 0, 0, 0, '0000-00-00 00:00:00', '2017-03-09 12:30:20', ''),
(22, 2, 6, 1, '', 0, 0, 0, '0000-00-00 00:00:00', '2017-03-09 12:30:22', ''),
(23, 2, 7, 0, '', 0, 0, 0, '0000-00-00 00:00:00', '2017-03-09 12:30:24', ''),
(24, 2, 8, 0, '0', 1, 0, 1, '0000-00-00 00:00:00', '2017-06-19 10:18:00', '127.0.0.1'),
(25, 2, 9, 0, '', 0, 0, 0, '0000-00-00 00:00:00', '2017-03-09 12:30:28', ''),
(26, 2, 10, 0, '', 0, 0, 0, '0000-00-00 00:00:00', '2017-03-09 12:30:30', ''),
(27, 2, 11, 0, '1', 1, 0, 1, '0000-00-00 00:00:00', '2017-06-19 10:18:00', '127.0.0.1'),
(28, 2, 12, 0, '', 0, 0, 0, '0000-00-00 00:00:00', '2017-03-09 12:30:33', ''),
(29, 2, 13, 0, '', 0, 0, 0, '0000-00-00 00:00:00', '2017-03-09 12:30:35', ''),
(30, 2, 14, 0, '', 0, 0, 0, '0000-00-00 00:00:00', '2017-03-09 12:30:37', ''),
(31, 2, 16, 1, '', 0, 0, 0, '0000-00-00 00:00:00', '2017-03-09 12:30:00', ''),
(32, 3, 1, 0, '0', 1, 1, 1, '2017-06-11 13:35:30', '2017-08-01 06:57:13', '127.0.0.1'),
(33, 3, 2, 0, '0', 1, 1, 1, '2017-06-11 13:35:31', '2017-08-01 06:57:16', '127.0.0.1'),
(34, 3, 3, 0, '1', 1, 1, 1, '2017-06-11 13:35:31', '2017-08-01 06:57:20', '127.0.0.1'),
(35, 3, 4, 0, '1', 1, 1, 1, '2017-06-11 13:35:31', '2017-08-01 06:57:24', '127.0.0.1'),
(36, 3, 5, 0, '0', 1, 1, 1, '2017-06-11 13:35:31', '2017-08-01 06:57:29', '127.0.0.1'),
(37, 3, 6, 1, '0', 1, 1, 1, '2017-06-11 13:35:31', '2017-08-05 07:31:40', '127.0.0.1'),
(38, 3, 7, 0, '1', 1, 1, 1, '2017-06-11 13:35:31', '2017-08-01 06:57:36', '127.0.0.1'),
(39, 3, 8, 0, '0', 1, 1, 1, '2017-06-11 13:35:31', '2017-08-01 06:57:39', '127.0.0.1'),
(40, 3, 9, 0, '1', 1, 1, 1, '2017-06-11 13:35:31', '2017-08-01 06:57:43', '127.0.0.1'),
(41, 3, 10, 1, '0', 1, 1, 1, '2017-06-11 13:35:31', '2017-08-05 07:31:43', '127.0.0.1'),
(42, 3, 11, 0, '1', 1, 1, 1, '2017-06-11 13:35:31', '2017-08-01 06:57:50', '127.0.0.1'),
(43, 3, 12, 0, '0', 1, 1, 1, '2017-06-11 13:35:32', '2017-08-01 06:57:53', '127.0.0.1'),
(44, 3, 13, 0, '1', 1, 1, 1, '2017-06-11 13:35:32', '2017-08-01 06:57:56', '127.0.0.1'),
(45, 3, 19, 1, '0', 1, 1, 1, '2017-06-11 13:35:32', '2017-08-05 07:31:52', '127.0.0.1'),
(46, 4, 1, 0, '0', 1, 1, 0, '2017-06-11 16:40:52', '2017-08-01 06:58:03', '127.0.0.1'),
(47, 4, 2, 1, '0', 1, 1, 0, '2017-06-11 16:40:52', '2017-08-05 07:31:48', '127.0.0.1'),
(48, 4, 3, 0, '0', 1, 1, 0, '2017-06-11 16:40:52', '2017-08-01 06:58:09', '127.0.0.1'),
(49, 4, 4, 0, '0', 1, 1, 0, '2017-06-11 16:40:52', '2017-08-01 06:58:13', '127.0.0.1'),
(50, 4, 5, 0, '0', 1, 1, 0, '2017-06-11 16:40:52', '2017-08-01 06:58:16', '127.0.0.1'),
(51, 4, 6, 0, '0', 1, 1, 0, '2017-06-11 16:40:52', '2017-08-01 06:58:23', '127.0.0.1'),
(52, 4, 7, 0, '0', 1, 1, 0, '2017-06-11 16:40:52', '2017-08-01 06:58:26', '127.0.0.1'),
(53, 4, 8, 0, '0', 1, 1, 0, '2017-06-11 16:40:52', '2017-08-01 06:58:29', '127.0.0.1'),
(54, 4, 9, 0, '0', 1, 1, 0, '2017-06-11 16:40:52', '2017-08-01 06:58:31', '127.0.0.1'),
(55, 4, 10, 0, '0', 1, 1, 0, '2017-06-11 16:40:53', '2017-08-01 06:58:34', '127.0.0.1'),
(56, 4, 11, 0, '0', 1, 1, 0, '2017-06-11 16:40:53', '2017-08-01 06:58:38', '127.0.0.1'),
(57, 4, 12, 0, '0', 1, 1, 0, '2017-06-11 16:40:53', '2017-08-01 06:58:41', '127.0.0.1'),
(58, 4, 13, 0, '0', 1, 1, 0, '2017-06-11 16:40:53', '2017-08-01 06:58:44', '127.0.0.1'),
(59, 4, 19, 0, '0', 1, 1, 0, '2017-06-11 16:40:53', '2017-08-01 06:58:47', '127.0.0.1'),
(60, 0, 0, 0, '1', 1, 1, 1, '2017-06-17 17:24:37', '2017-06-17 11:54:37', '127.0.0.1'),
(61, 0, 0, 0, '1', 1, 1, 1, '2017-06-17 17:25:58', '2017-06-17 11:55:58', '127.0.0.1'),
(62, 0, 0, 0, '0', 1, 1, 1, '2017-06-17 17:26:15', '2017-06-17 11:56:15', '127.0.0.1'),
(63, 0, 0, 0, '0', 1, 1, 1, '2017-06-17 17:26:46', '2017-06-17 11:56:46', '127.0.0.1'),
(64, 0, 0, 0, '0', 1, 1, 1, '2017-06-17 17:27:09', '2017-06-17 11:57:09', '127.0.0.1'),
(65, 0, 0, 0, '0', 1, 1, 1, '2017-06-17 17:29:06', '2017-06-17 11:59:06', '127.0.0.1'),
(66, 0, 0, 0, '0', 1, 1, 1, '2017-06-17 17:29:24', '2017-06-17 11:59:24', '127.0.0.1'),
(67, 6, 1, 1, '0', 1, 1, 1, '2017-06-19 17:13:15', '2017-08-02 07:37:53', '127.0.0.1'),
(68, 6, 2, 1, '0', 1, 1, 1, '2017-06-19 17:13:15', '2017-08-02 07:37:57', '127.0.0.1'),
(69, 6, 3, 1, '1', 1, 1, 1, '2017-06-19 17:13:16', '2017-08-02 07:38:00', '127.0.0.1'),
(70, 6, 4, 1, '0', 1, 1, 1, '2017-06-19 17:13:16', '2017-08-02 07:38:05', '127.0.0.1'),
(71, 6, 5, 0, '1', 1, 1, 1, '2017-06-19 17:13:16', '2017-08-02 07:35:56', '127.0.0.1'),
(72, 6, 6, 0, '0', 1, 1, 1, '2017-06-19 17:13:16', '2017-08-02 07:36:00', '127.0.0.1'),
(73, 6, 7, 0, '0', 1, 1, 1, '2017-06-19 17:13:16', '2017-08-02 07:36:05', '127.0.0.1'),
(74, 6, 8, 0, '0', 1, 1, 1, '2017-06-19 17:13:16', '2017-08-02 07:36:09', '127.0.0.1'),
(75, 6, 9, 0, '0', 1, 1, 1, '2017-06-19 17:13:16', '2017-08-02 07:36:13', '127.0.0.1'),
(76, 6, 10, 0, '0', 1, 1, 1, '2017-06-19 17:13:16', '2017-08-02 07:36:17', '127.0.0.1'),
(77, 6, 11, 0, '0', 1, 1, 1, '2017-06-19 17:13:16', '2017-08-02 07:36:20', '127.0.0.1'),
(78, 6, 12, 0, '0', 1, 1, 1, '2017-06-19 17:13:16', '2017-08-02 07:36:24', '127.0.0.1'),
(79, 6, 13, 0, '0', 1, 1, 1, '2017-06-19 17:13:16', '2017-08-02 07:36:29', '127.0.0.1'),
(80, 6, 19, 0, '0', 1, 1, 1, '2017-06-19 17:13:17', '2017-08-02 07:36:33', '127.0.0.1'),
(81, 6, 20, 0, '1', 1, 1, 1, '2017-06-19 17:13:17', '2017-08-02 07:36:38', '127.0.0.1'),
(82, 7, 1, 0, '0', 1, 1, 1, '2017-06-20 15:13:36', '2017-08-02 07:36:45', '127.0.0.1'),
(83, 7, 2, 0, '0', 1, 1, 1, '2017-06-20 15:13:36', '2017-08-02 07:36:52', '127.0.0.1'),
(84, 7, 3, 0, '0', 1, 1, 1, '2017-06-20 15:13:36', '2017-08-02 07:36:56', '127.0.0.1'),
(85, 7, 4, 0, '0', 1, 1, 1, '2017-06-20 15:13:36', '2017-08-02 07:37:00', '127.0.0.1'),
(86, 7, 5, 1, '0', 1, 1, 1, '2017-06-20 15:13:36', '2017-08-02 07:38:13', '127.0.0.1'),
(87, 7, 6, 1, '0', 1, 1, 1, '2017-06-20 15:13:36', '2017-08-02 07:38:16', '127.0.0.1'),
(88, 7, 7, 1, '0', 1, 1, 1, '2017-06-20 15:13:36', '2017-08-02 07:38:19', '127.0.0.1'),
(89, 7, 8, 1, '0', 1, 1, 1, '2017-06-20 15:13:36', '2017-08-02 07:38:21', '127.0.0.1'),
(90, 7, 9, 0, '0', 1, 1, 1, '2017-06-20 15:13:36', '2017-08-02 07:37:19', '127.0.0.1'),
(91, 7, 10, 0, '0', 1, 1, 1, '2017-06-20 15:13:37', '2017-08-02 07:37:23', '127.0.0.1'),
(92, 7, 11, 0, '0', 1, 1, 1, '2017-06-20 15:13:37', '2017-08-02 07:37:26', '127.0.0.1'),
(93, 7, 12, 0, '0', 1, 1, 1, '2017-06-20 15:13:37', '2017-08-02 07:37:30', '127.0.0.1'),
(94, 7, 13, 0, '0', 1, 1, 1, '2017-06-20 15:13:37', '2017-08-02 07:37:34', '127.0.0.1'),
(95, 7, 19, 0, '0', 1, 1, 1, '2017-06-20 15:13:37', '2017-08-02 07:37:39', '127.0.0.1'),
(96, 7, 20, 0, '0', 1, 1, 1, '2017-06-20 15:13:37', '2017-08-02 07:37:43', '127.0.0.1');

-- --------------------------------------------------------

--
-- Table structure for table `menu_group`
--

CREATE TABLE `menu_group` (
  `group_id` int(11) NOT NULL,
  `company_setup_id` int(11) NOT NULL,
  `group_name` varchar(100) NOT NULL,
  `group_position` varchar(255) NOT NULL,
  `no_of_menus` tinyint(4) NOT NULL,
  `created_date` date NOT NULL,
  `modified_date` timestamp NOT NULL DEFAULT CURRENT_TIMESTAMP ON UPDATE CURRENT_TIMESTAMP,
  `created_by` int(11) NOT NULL,
  `modified_by` int(11) NOT NULL,
  `ip` varchar(20) NOT NULL,
  `status` tinyint(4) DEFAULT '1'
) ENGINE=InnoDB DEFAULT CHARSET=latin1;

--
-- Dumping data for table `menu_group`
--

INSERT INTO `menu_group` (`group_id`, `company_setup_id`, `group_name`, `group_position`, `no_of_menus`, `created_date`, `modified_date`, `created_by`, `modified_by`, `ip`, `status`) VALUES
(1, 1, 'Header Menu', 'Header-link', 7, '2020-10-31', '2019-09-27 07:59:07', 16, 1, '127.0.0.1', 1),
(2, 1, 'Footer Widget Company Menu', 'Footer-link', 6, '2019-02-12', '2019-09-28 06:19:03', 16, 1, '10.0.0.28', 1),
(3, 1, 'Footer Widget Support Menu', 'Any other link', 10, '2019-02-12', '2019-09-30 05:28:23', 16, 1, '10.0.0.28', 1),
(6, 1, 'API Menu', '', 7, '2019-11-11', '2020-10-05 00:26:56', 1, 1, '10.0.0.28', 1),
(7, 1, 'api_cms_pages', '', 7, '2019-11-11', '2020-10-05 00:26:56', 1, 1, '10.0.0.28', 1),
(32, 1, 'why_book_cab_with_booking_cabs', 'Any other link', 4, '2019-09-30', '2019-09-30 07:51:01', 1, 1, '127.0.0.1', 1),
(33, 1, 'how_it_works_homepage_menu', 'Any other link', 5, '2019-09-30', '2019-09-30 07:59:36', 0, 1, '127.0.0.1', 1);

-- --------------------------------------------------------

--
-- Table structure for table `mins`
--

CREATE TABLE `mins` (
  `id` int(11) NOT NULL,
  `Min` varchar(50) NOT NULL,
  `lang` int(11) NOT NULL
) ENGINE=InnoDB DEFAULT CHARSET=latin1;

--
-- Dumping data for table `mins`
--

INSERT INTO `mins` (`id`, `Min`, `lang`) VALUES
(1, 'Min', 2),
(2, '00', 2),
(3, '05', 2),
(4, '10', 2),
(5, '15', 2),
(6, '20', 2),
(7, '25', 2),
(8, '30', 2),
(9, '35', 2),
(10, '40', 2),
(11, '45', 2),
(12, '50', 2),
(13, '55', 2),
(14, '60', 4);

-- --------------------------------------------------------

--
-- Table structure for table `night_charge`
--

CREATE TABLE `night_charge` (
  `id` int(11) NOT NULL,
  `base_vehicle_id` int(11) NOT NULL COMMENT 'base_vehicle_type(table Auto id)',
  `vendor_id` int(11) NOT NULL DEFAULT '0',
  `night_rate_begins` time NOT NULL DEFAULT '00:00:00',
  `night_rate_ends` time NOT NULL DEFAULT '00:00:00',
  `night_rate_type` varchar(10) DEFAULT NULL COMMENT '1-%,2-Rs',
  `night_rate_value` varchar(10) NOT NULL,
  `created_date` date NOT NULL,
  `modified_date` timestamp NOT NULL DEFAULT CURRENT_TIMESTAMP ON UPDATE CURRENT_TIMESTAMP,
  `created_by` int(11) NOT NULL,
  `modified_by` int(11) NOT NULL DEFAULT '0',
  `status` tinyint(4) NOT NULL DEFAULT '1',
  `ip` varchar(20) DEFAULT NULL
) ENGINE=InnoDB DEFAULT CHARSET=latin1;

--
-- Dumping data for table `night_charge`
--

INSERT INTO `night_charge` (`id`, `base_vehicle_id`, `vendor_id`, `night_rate_begins`, `night_rate_ends`, `night_rate_type`, `night_rate_value`, `created_date`, `modified_date`, `created_by`, `modified_by`, `status`, `ip`) VALUES
(1, 1, 0, '01:00:00', '00:45:00', 'Rs', '100', '2023-03-21', '2023-03-21 22:22:21', 1, 0, 1, '43.248.153.0'),
(2, 3, 0, '23:00:00', '06:00:00', 'Rs', '250', '2023-03-30', '2023-03-30 07:21:15', 13, 0, 1, '122.162.148.55'),
(3, 4, 0, '01:00:00', '00:45:00', 'Rs', '100', '2023-03-30', '2023-03-30 09:06:09', 14, 0, 1, '122.180.251.101'),
(4, 6, 0, '23:00:00', '05:00:00', 'Rs', '250', '2023-03-30', '2023-03-30 09:22:17', 14, 0, 1, '122.180.251.101'),
(5, 7, 0, '01:00:00', '00:45:00', 'Rs', '100', '2023-03-31', '2023-03-31 17:29:59', 17, 0, 1, '47.31.219.126');

-- --------------------------------------------------------

--
-- Table structure for table `oauthaccestoken`
--

CREATE TABLE `oauthaccestoken` (
  `id` int(11) NOT NULL,
  `access_token` varchar(100) NOT NULL,
  `user_id` int(11) NOT NULL,
  `expires` varchar(100) NOT NULL,
  `scope` varchar(10) NOT NULL,
  `callfrom` varchar(50) NOT NULL,
  `created_date` timestamp NOT NULL DEFAULT CURRENT_TIMESTAMP
) ENGINE=InnoDB DEFAULT CHARSET=latin1;

--
-- Dumping data for table `oauthaccestoken`
--

INSERT INTO `oauthaccestoken` (`id`, `access_token`, `user_id`, `expires`, `scope`, `callfrom`, `created_date`) VALUES
(1, 'b4021b44d409392bdf911b95a11f80427cf9a04980f973a224f077594e153b62', 16, '1554971078370', '', 'web', '2019-04-11 07:54:31'),
(2, '24080bca42447472e769bc17ed0ca12b012c06f52a77807fe35b61a50f07cb62', 16, '1554971088344', '', 'web', '2019-04-11 07:54:41'),
(3, '9f81cc6aaf35eae8b052ee374843f9133c7edf6db3d40bebcdff8dfd0773d1e0', 16, '1554971109903', '', 'web', '2019-04-11 07:55:03'),
(4, 'b88b87b86f020baa014c8a0f46ab61fb9c156900dcb40c235703068a0dc04d97', 16, '1554971156160', '', 'web', '2019-04-11 07:55:49'),
(5, '0fb3364fa0df9dc967fd541b33b32707edf8bafd0f7a00a8ac8331c57ee99229', 16, '1554975413405', '', 'web', '2019-04-11 09:06:46'),
(6, 'ebd4d1f9dcc3c2899051917bdf434631ed70de9ebe848918feed4db9f3169385', 16, '1554975513969', '', 'web', '2019-04-11 09:08:27'),
(7, 'f519155d139beb2236130fc79d51cf1915894c1a7557dbcae4f273d6d50cc86c', 16, '1554975546450', '', 'web', '2019-04-11 09:08:59'),
(8, '49383f3891111d4f129a60be0d4c8aa97f753a0bb3b7c3278a66d9d3aba74063', 16, '1554989598970', '', 'web', '2019-04-11 13:03:12'),
(10, '386881e29cb0e93dac907b79d7b52616207539122298bec66914b9b1bf9bdabd', 16, '1555328540636', '', 'web', '2019-04-15 11:12:07'),
(11, 'c01b54639ce873c9779a3f6c8b068dd907eaba003570dc716aab4670aaa0b79d', 192, '1555396617358', '', 'web', '2019-04-16 06:06:43'),
(12, 'fa40ed0711d9213646f2290c7c53c2158d5c48ce0bef806697bf3eb99a62c5e3', 192, '1555400253669', '', 'web', '2019-04-16 07:07:19'),
(13, '9d7071ba95aae45caecb5235afaed621771247acad40567dfcd09a766608973c', 192, '1555401253681', '', 'web', '2019-04-16 07:23:59'),
(14, '31379e972b056db29f7cb0dbcdb59769072c1f997069a1d4b0778480b5ea74d0', 348, '1555402802386', '', 'web', '2019-04-16 07:49:48'),
(15, 'a2332b6d05af9bb58227e1c63582eefdef0c6eb285c98688592cea89591ff650', 348, '1555402805784', '', 'web', '2019-04-16 07:49:51'),
(16, '48c21ea5aa5d453e25fc3659eb8f3c21c83958e0f28015e7da2a8a553ab3e672', 16, '1555402809358', '', 'web', '2019-04-16 07:49:55'),
(17, '2a82d4d193cbeb757778b881855ec4e37bdec87b959105e1b097c606fe25d3ae', 192, '1555402939873', '', 'web', '2019-04-16 07:52:05'),
(18, '738c9fe5c7c18afa4811ef04c2595f4ff379e8781f54645827ebc9dfefe10b09', 192, '1555402943090', '', 'web', '2019-04-16 07:52:08'),
(19, 'a0381a23f5de42b3ac3f9461f780757eacef41bf91c11ca978c72eaacbfc75c9', 192, '1555402943249', '', 'web', '2019-04-16 07:52:08'),
(20, 'a38296337c420476beea6838b4612035e1bdb95a5bc933b46d9f38d1e6eabcfc', 192, '1555402943344', '', 'web', '2019-04-16 07:52:09'),
(21, '539ed46c922ffff752249d0524fe6e5d407163b284d14235783186dab4868c34', 192, '1555402943441', '', 'web', '2019-04-16 07:52:09'),
(22, '790c2974f65f8814b988a423651ab8469dc90e4554c48e83e062db8d71721387', 192, '1555402958544', '', 'web', '2019-04-16 07:52:24'),
(23, '18f6bc5445ec7ca0e6b7db1f28d095cb144bfeb7e4f00159289e0635b6a56918', 192, '1555404036880', '', 'web', '2019-04-16 08:10:22'),
(24, '5d981ea32d1389dad85bc538cafe90c13186f3387137e6eed7462aabfe5a935f', 192, '1555408369621', '', 'web', '2019-04-16 09:22:35'),
(25, '8ea11bb5b78a61417bb6477bac36921da886e323cbdf9f6ba58f64dd1ed32377', 326, '1555477401885', '', 'web', '2019-04-17 04:33:06'),
(26, 'f9a10af1932e6bd227f7085c077bbc9feadfb795c593af43d22154d09fea58cf', 16, '1555478295091', '', 'web', '2019-04-17 04:47:59'),
(27, '5c8e000a0c8f824a16fb08b5564b3be81b5b30afe6c76cb02103abe0945c49c5', 192, '1555479836021', '', 'web', '2019-04-17 05:13:40'),
(28, 'dc3e2341863abb043894970cafc860c169297e6a74d034e0390b48903a759dae', 192, '1555481928221', '', 'web', '2019-04-17 05:48:32'),
(29, 'c5742ae982eeb998d08288a0d1c732d98f48ea5eb228297dc05dd0b9e2a573de', 192, '1555487115213', '', 'web', '2019-04-17 07:14:59'),
(30, 'c8b12032d7e4a8db3ed788699f93366513848b06d9d88c60a300959d9ce4313e', 192, '1555495135528', '', 'web', '2019-04-17 09:28:39'),
(31, 'e53ba1809223d55a7d4964c9e184f0e46e9c1fa32cc131797b681fbff8859f10', 190, '1555503786584', '', 'web', '2019-04-17 11:52:50'),
(32, '814307ad3ee2c3f5196e459308be140e82c474765b651c74a7e1b019a3bc5ddf', 192, '1555505526932', '', 'web', '2019-04-17 12:21:51'),
(33, '1a7bc9cc7844b90bd8d78123ffffdfd60aa49f296e6b7d241a7dc99b0eb425c1', 190, '1555507048187', '', 'web', '2019-04-17 12:47:12'),
(34, 'f0aa1456dd4742157db12684ee5ad73c8957deda3ee944049ae535000cf08467', 192, '1555564943729', '', 'web', '2019-04-18 04:52:07'),
(35, 'd6699cc969dc09a2f4bb1ded7d9673d09dc761ce2e0be4c143602c43e88f54ef', 16, '1555572827866', '', 'web', '2019-04-18 07:03:31'),
(36, 'b5cb462c0c602dd2712910cbb3d8da76cacffdcce63526b955d5973424204ad3', 192, '1555580305749', '', 'web', '2019-04-18 09:08:09'),
(37, 'adb4188c20822039f3039eb6e7917d43983e34ff3c5555e8c7d1dadb098e7df2', 16, '1555580524960', '', 'web', '2019-04-18 09:11:48'),
(38, 'e15eda271bc3feac32654707074aa78236c810fd63d61b255fd9e0b1f43f00a3', 192, '1555583203520', '', 'web', '2019-04-18 09:56:26'),
(39, '4f53e5955621c475e0a08e1005d8a91eea28e04287e68dc072aad4742c3ebca3', 16, '1555586561708', '', 'web', '2019-04-18 10:52:24'),
(40, '164f1893d0a1f1f54e00b8a4a032012fdcfe11cc68910042f8658909e99a3066', 326, '1555586901352', '', 'web', '2019-04-18 10:58:04'),
(41, 'd4bcfca84b2b5d5abcb3f7f4a35739a05f81a812f427c1af8e6ab0838f7d47a0', 16, '1555593827247', '', 'web', '2019-04-18 12:53:30'),
(42, '396bc160d12b2e7abcddc6b9fc5af9762caf2a506ccc631b76b10cd25bf462da', 16, '1555594132207', '', 'web', '2019-04-18 12:58:35'),
(43, '155eb8273a5557c6d3d8eb15931bfd78954da5372bbdbb4cd8ba3f3a5c9713aa', 326, '1555658286223', '', 'web', '2019-04-19 06:47:47'),
(44, '93ea1db6e226cec8df73fe3e1c0c961df21b140c7c87736a97134051c1b39ca7', 513, '1555658387696', '', 'web', '2019-04-19 06:49:29'),
(45, '4e09ccdd95018dcdac2eb537e6013726591cb6934e22abf6fcfd7fb313cc049b', 16, '1555662276860', '', 'web', '2019-04-19 07:54:18'),
(46, '390132004c9fa790c647f612998a008d844292bf6c0a654b57fc30739028265c', 192, '1555667743210', '', 'web', '2019-04-19 09:25:25'),
(47, 'cc1ce35af22fa7e276982dca3b176d97bbdebf8569528e21f3beed949e98a55b', 326, '1555673482658', '', 'web', '2019-04-19 11:01:04'),
(48, '97674c79585cc6efaae27e3690d7d5beb5a6675e4a0fed0401f40d63e00f6aff', 16, '1555676222384', '', 'web', '2019-04-19 11:46:43'),
(49, '152232f66d718e924c91973a935e609a49ddb91253a0f616efeea21b632f126f', 16, '1555676350781', '', 'web', '2019-04-19 11:48:52'),
(50, '0a2c9c5b839ac2a2ea71d373bfe0840743ecd9e1771807d7e41995c433bbdb0b', 326, '1555676571543', '', 'web', '2019-04-19 11:52:32'),
(51, '0fdd5eb5a9c777e11f2399a80fa3bccad383d53678d140929ce160fc4b653e17', 192, '1555741375588', '', 'web', '2019-04-20 05:52:35'),
(52, 'f9ac3dc065dd320999752b36926e202a6a0e875d0ac1c10332cb666f5cdfa8a3', 326, '1555748577229', '', 'web', '2019-04-20 07:52:37'),
(53, 'b59b3375bc88135359ef9b2d4ba9311871c45258337db24d05d996af5a50bc0e', 192, '1555758361961', '', 'web', '2019-04-20 10:35:42'),
(54, 'e93591de1dc2d6e460a51281f8f90f54fc05fced0c2bd999214855a0d0174589', 326, '1555759723396', '', 'web', '2019-04-20 10:58:23'),
(55, '37a1cd45b1e7f4ca1b765049b2b51c7ff0c7eb18d7cd44ec44f2a8cca3e3fb2e', 16, '1555765783330', '', 'web', '2019-04-20 12:39:23'),
(56, '53421561bc7a1fc6a36b31be494ea9b77591e7dc68f87270b8eff0e6a12de016', 192, '1555765913239', '', 'web', '2019-04-20 12:41:33'),
(57, '251f9863e37156c758c50f149655fe3ef3fb6912e706f35d15dd3fb7e736bc7b', 326, '1555767266617', '', 'web', '2019-04-20 13:04:06'),
(58, '43f98eb42c537bf23ceec6ff82f95fc1d3dc8c8671ff7c0b97330a1c00acdb2e', 326, '1555767269655', '', 'web', '2019-04-20 13:04:09'),
(59, '442e9b1c25e70d5311b8287af025b69089d0ef6e25b79204bd58ef8284025e49', 16, '1555767425201', '', 'web', '2019-04-20 13:06:45'),
(60, '14e646ec96b4a1e949a0bbc785ab70bf03d94c0d97f7d67b88912a59bf0a83ba', 192, '1555909925861', '', 'web', '2019-04-22 04:41:43'),
(61, 'c74cec9696ddfbf28357b591c31a3e02022d09d390e55b9fd019e75b30c50d40', 192, '1555911975603', '', 'web', '2019-04-22 05:15:53'),
(62, 'ce64db73725938f186634d8c6324826dbb05f93d45c35dc096648dce8d540c05', 326, '1555912705817', '', 'web', '2019-04-22 05:28:03'),
(63, '999aa4e4f6f4bd821b718a255a2f3468976cadc2d97eeddfe396bb917d193d23', 16, '1555920437545', '', 'web', '2019-04-22 07:36:54'),
(64, '6d426b7d97197686b0a95200ac89d063a954221591b0d6c71009ec9f451634f4', 16, '1555927489806', '', 'web', '2019-04-22 09:34:27'),
(65, 'eb00260e0d7f4368f30a382023f579b1b6a4cb1af7702c069ff0917c46303870', 192, '1555927562566', '', 'web', '2019-04-22 09:35:39'),
(66, '0c241daf7ca077bd56c509078d9dc95519e3816e35b295e7e9808f9ccd3a54b1', 192, '1555934976073', '', 'web', '2019-04-22 11:39:13'),
(67, '40acf02f85c706da5a986366eca410b248834494a87de4b9fc1762b26d8b3c58', 192, '1555996351490', '', 'web', '2019-04-23 04:42:07'),
(68, '06ea5cdb5c1f81bf236cffa92db5ec5042352227596f1bb0a58c0b33cc157046', 16, '1555998687090', '', 'web', '2019-04-23 05:21:03'),
(69, 'ccd3cfe227fa722c92785fda248d47dd5b7c645f5e41de0bdfe407287dbccba4', 16, '1555999550121', '', 'web', '2019-04-23 05:35:26'),
(70, 'a425e4d9905456bd6d32d87ddd1a8773043f226c3581782978caf74567397d86', 326, '1555999564897', '', 'web', '2019-04-23 05:35:40'),
(71, '0b64899e51c22f3e37657b16d1ae3c488a5b36bab3e5883af37579d32f7c4934', 192, '1556004642124', '', 'web', '2019-04-23 07:00:18'),
(72, '9ad4b73a7b8ff1068abbdc61dc48575ad690969861c01bf8de00262224266bd6', 326, '1556008240507', '', 'web', '2019-04-23 08:00:16'),
(73, '91afc086e684f44b468d1866071119828adab090cf1b7531ab3c622fd0dbb3a3', 192, '1556013516184', '', 'web', '2019-04-23 09:28:11'),
(74, 'e853935a77e3f425e48d672c23ae160728babc1bce269158a0e9ded7a04f7161', 326, '1556017403982', '', 'web', '2019-04-23 10:32:59'),
(75, 'b592a0dec8a714ca781ce1bcb824fe747accf115b97f5e58c8a69cabdaa447c0', 16, '1556020058585', '', 'web', '2019-04-23 11:17:14'),
(76, '9db55333a9e8193119319f2f3d261448d81064bd99db37054bde81d9928a4ad0', 192, '1556082155476', '', 'web', '2019-04-24 04:32:09'),
(77, '3250d7762c43fe1bb76e883aa2d444a0e2939a3c40d3c2187c55295d1bd81da8', 326, '1556083148086', '', 'web', '2019-04-24 04:48:42'),
(78, '0c84b8790ac4ece7c14a92334376f4016fc3497ff726b5f1c1a07c8002f77217', 534, '1556084876375', '', 'web', '2019-04-24 05:17:30'),
(79, '015f93bb9cbac0e038abff7a86f57dc509df2d5a1f9b550aa56342e70e583143', 326, '1556086818445', '', 'web', '2019-04-24 05:49:52'),
(80, 'aafcbbd1ac64c2d607c1767faeb8a1006da0552c3ef40ad7ad216ed9b6f6446a', 192, '1556086919440', '', 'web', '2019-04-24 05:51:33'),
(81, 'dafb2e7366711a625cc478540d408d39b6c0d2d4572cbf449b30f5f23115dd65', 326, '1556087120760', '', 'web', '2019-04-24 05:54:54'),
(82, 'ad7c7a8e13061115e42b882dbb30974002564fe62d04af13a2100f6dcaf91f32', 192, '1556087212811', '', 'web', '2019-04-24 05:56:26'),
(83, '5cefbfb2b7a5f38891e6aa1f8c87e78077b99c462217db7c3a1da9768addfed1', 326, '1556094017435', '', 'web', '2019-04-24 07:49:51'),
(84, 'f0a323f91a5c9b5beec1cc64a2d5a8e5813c3cd843d035148b5ed1e3fceb6789', 326, '1556100647662', '', 'web', '2019-04-24 09:40:21'),
(85, '340eb4d9a85c4bf0e155a1ba2de207702e866da7e51de3a0f04106db25211fa5', 16, '1556100976821', '', 'web', '2019-04-24 09:45:50'),
(86, '1ff5401c3bc0d07d04d75e7b91c3c51b9647ce1ef9054cdbc2431135aef3d162', 16, '1556101028124', '', 'web', '2019-04-24 09:46:41'),
(87, '4faa9826d686336fc9747923405f067fa38aa9e13ec72b9a1624dbb57b26cb77', 16, '1556101067085', '', 'web', '2019-04-24 09:47:20'),
(88, '7bb4207d6384518370558628ef5fae00f9fe1bd079a1aee346117480e88d060a', 16, '1556102125436', '', 'web', '2019-04-24 10:04:59'),
(89, '40b67221b684ca9890cd922538837978bba4c0c4375b4ecd874a6743e6e81ea7', 192, '1556105125380', '', 'web', '2019-04-24 10:54:59'),
(90, '4646c12d43300deeb0867ca007ab041b300aca4cef7be6914449147fd2d4cb1f', 16, '1556106384883', '', 'web', '2019-04-24 11:15:58'),
(91, '73ec6710bd3361013f3929c068da88cc12291dee7211bd67c571673d23077308', 16, '1556106385705', '', 'web', '2019-04-24 11:15:59'),
(92, 'e65bca53d6da1d94047ff412a406d6351e6cc3dbe5f9dbba38a70265e69f8403', 16, '1556106387327', '', 'web', '2019-04-24 11:16:01'),
(93, 'c6c1e67e1149d1172149058e63bb86f8190da68565addd7de853ae7d918277c9', 16, '1556106388781', '', 'web', '2019-04-24 11:16:02'),
(94, '60d50cb406cee3f347931242e8864e2d1776501389b6299c67a30d01300dc3dd', 16, '1556106389180', '', 'web', '2019-04-24 11:16:02'),
(95, '41f2b84f46829e5425d3e2c474e4e49afddf265d34783a4837b7285c7c916bc8', 16, '1556106389341', '', 'web', '2019-04-24 11:16:03'),
(96, 'e99de3aa208871dcf8a9bc1c2b4adfdf2207e38d5de56cedd112b2990607ecaf', 16, '1556106394182', '', 'web', '2019-04-24 11:16:08'),
(97, '4e347e74cdc22a5ff256bc537ef51e93b7aba4b321fa55b1556e165d575ccbd6', 16, '1556106418633', '', 'web', '2019-04-24 11:16:32'),
(98, '42f47eb6288cf5bba7fc31402b8ce4eaa9ad25090f3a39caf1a92088e2f39729', 16, '1556106424177', '', 'web', '2019-04-24 11:16:37'),
(99, '6bec5ec9cd868db34ad2ca72a1e8555fd1f4f821b0a55b853e0d0c5e413fbc05', 16, '1556106454499', '', 'web', '2019-04-24 11:17:08'),
(100, '07b2126674d66f1d2372897702c236bed835824bf859631a2e7d91d0c094263d', 16, '1556106460950', '', 'web', '2019-04-24 11:17:14'),
(101, '39e991975aa824558e46d6fe0e6a16685f9a6ed881a0f62ce2417828ffc5d8c4', 16, '1556109444716', '', 'web', '2019-04-24 12:06:58'),
(102, 'b279884e66b5098604b113d8a768196cd79964e28f785d078b31ea365b2b652d', 326, '1556111552907', '', 'web', '2019-04-24 12:42:06'),
(103, 'b45470e5cb2ec2ba264f59c1ff919b3f31a800fd1d4dc7d8d02399caa4e7f939', 16, '1556114781777', '', 'web', '2019-04-24 13:35:55'),
(104, '6e9bf7190d99329f1622028f059531a6182a4b995839d63fa02c4d6642297182', 16, '1556114958739', '', 'web', '2019-04-24 13:38:52'),
(105, 'ed0aa2d4e71bfc8463c5c9b7181da2e78f4506b06c9f435bbe1bcaae78da826d', 16, '1556115135465', '', 'web', '2019-04-24 13:41:49'),
(106, 'fec22bfff8b95e0d59956311cdf7193c94065d24bd474ef497b4dbfdcbfd7c10', 16, '1556115218093', '', 'web', '2019-04-24 13:43:11'),
(107, 'ebb4808a4f3c772e7ff43cd37baa17122699a7bf451825cf5319422380197f67', 16, '1556115234317', '', 'web', '2019-04-24 13:43:28'),
(108, 'd67349aca557552e0fd937be50c76c1a89acb1155518e9301c29e4d13e8496bc', 16, '1556115314206', '', 'web', '2019-04-24 13:44:47'),
(109, '24409e866c641fb160680e7eed1e1515dd96155ab3b5da30976a8aea04a3854e', 192, '1556169523554', '', 'web', '2019-04-25 04:48:16'),
(110, 'bffdc12ef8d0b1921dc90dcb1bbd720725447dca1ce8966da8d513390f42f30d', 16, '1556169755428', '', 'web', '2019-04-25 04:52:08'),
(111, '0210038645a352e11483dcf8b37bad29673bebce970b36f4d10c3ac5eedb839a', 326, '1556171208901', '', 'web', '2019-04-25 05:16:21'),
(112, '414e03922867443169d224c14410825fa3591bed28db91305c921c59fc24e8a6', 16, '1556173707004', '', 'web', '2019-04-25 05:57:59'),
(113, 'bd0116b3136e444497f1151b809e3c5a830db470393b11d3383b39ffb247cb16', 16, '1556173881847', '', 'web', '2019-04-25 06:00:54'),
(114, '01653852d4c98c2c6442baa04721c13714d0bbd2714466ac76698fe0bba6aca4', 16, '1556173887119', '', 'web', '2019-04-25 06:00:59'),
(115, '7c141937bdefd0f0b73d83af85aef941bd0c363999e07c73a330726f81061300', 530, '1556179672335', '', 'web', '2019-04-25 07:37:25'),
(116, 'f755417cce550f34ffd3d579e0fe967b5c5a273789c9a585c13f462cc663a7d1', 532, '1556179855502', '', 'web', '2019-04-25 07:40:28'),
(117, 'be99d3d130b50478da7919369066479157283dd8ec4c2749ba6b9814526c3e21', 192, '1556184753604', '', 'web', '2019-04-25 09:02:06'),
(118, 'bdd54562c7e2b0f8ee19f0bd665186d4878778ad19fe69c4daa25e4c6aa80e2f', 192, '1556191095543', '', 'web', '2019-04-25 10:47:48'),
(119, '47c65e0d13616701556d8a3525ab89b45994f5439d8a6ae12e9ad65bd0399ad2', 16, '1556198319763', '', 'web', '2019-04-25 12:48:12'),
(120, 'a9329bd6f2be9f6f9dc8742c7376f24f0a56767207af701ba8a7a6678266f9dc', 326, '1556200967154', '', 'web', '2019-04-25 13:32:19'),
(121, '0c05fdadd14b7c5b0596fa92f4599deb18a995216e7001f80c42affa1308c36e', 192, '1556201944641', '', 'web', '2019-04-25 13:48:37'),
(122, '2421aa7fb496858a45597daff9026bb0c8eebbcd9e4084c8b0dcaeda6a3f4ffc', 16, '1556258206066', '', 'web', '2019-04-26 05:26:16'),
(123, '07932953cd3838b5ccad1ce175a88635444a2e8cd10dd0c1e052f55ec7e52dca', 326, '1556258671034', '', 'web', '2019-04-26 05:34:01'),
(124, '4c5e5f0dca0d1a60558f7b43bb4632c70a8ba220929dea5a3d35068b572a58f3', 326, '1556259836490', '', 'web', '2019-04-26 05:53:27'),
(125, 'ad996ac5ef7fdea27de6ec857f07d726ba5662aee5e596bdfb9969252f70c81f', 192, '1556261611690', '', 'web', '2019-04-26 06:23:02'),
(126, '2dc9b39489cf975e589e2b6302aecbe8998b925e938861139b5b835707455f5b', 192, '1556261667442', '', 'web', '2019-04-26 06:23:58'),
(127, '990d6b5484ecc20b8392ba9c6482bc713b239d89ec01c664c403ce21d307cc85', 192, '1556261667454', '', 'web', '2019-04-26 06:23:58'),
(128, '5ec8a0e52f8f679b912083e0d0d93f584de1707a8c1a9f3a65ee8f3d25554911', 192, '1556261682322', '', 'web', '2019-04-26 06:24:13'),
(129, 'eaefb4155185247a8107479903bdde90fe174a304821810475b1361abff39e91', 192, '1556261682332', '', 'web', '2019-04-26 06:24:13'),
(130, '33436294539391d26949eb91b47d4bcbb2c69edc7658a9b8a2e8b7bf31f0cec6', 16, '1556266514479', '', 'web', '2019-04-26 07:44:45'),
(131, 'ab6a25e923a42acd52b4dd2621f18f1c143cb0238a6e7c4936cd6b5f7bec97b8', 16, '1556273623347', '', 'web', '2019-04-26 09:43:14'),
(132, '7f64273b4974237804930fa6427953ca5e7d2ee4928c8f9513d1012bf58b1206', 326, '1556276530641', '', 'web', '2019-04-26 10:31:41'),
(133, 'b0a8fc45995f89e0f33e49b7c3a1e7208932d072ba8d712a64d06a48988ff42b', 549, '1556278985176', '', 'web', '2019-04-26 11:12:35'),
(134, '865d1668299786741d59fc802f1dce2dbb02d935b4b57ea691edd45e5580d744', 550, '1556279337934', '', 'web', '2019-04-26 11:18:28'),
(135, 'e4223b29f6819b7c45db304b414ad7c61796962a942cd79be725353d6ed9eba9', 326, '1556285201649', '', 'web', '2019-04-26 12:56:12'),
(136, '938b8aa908902d8dec96958abf7bf1e948ee8d1b393ecaf34fa087310171d9d0', 555, '1556288068270', '', 'web', '2019-04-26 13:43:58'),
(137, '387533cfda5af88ef9c1eecccd30bbf934f91cfb795e1c0c645d20c17aac7cc9', 555, '1556289391009', '', 'web', '2019-04-26 14:06:01'),
(138, '8c420ab13ba01dc2e05e0740ddc671b7653256481e2a6f51bccecacd19a25e76', 556, '1556289729839', '', 'web', '2019-04-26 14:11:40'),
(139, '0e7b07f0097e1601a4256e7d20654e7a780159aa7acfd6058a5e758e618f1df6', 16, '1556344548939', '', 'web', '2019-04-27 05:25:18'),
(140, 'b841fbb86e06eb2c51a04c58cc5a0240bf005d9d59651f9dd87b9f5beb58f4aa', 16, '1556367327673', '', 'web', '2019-04-27 11:44:57'),
(141, '7f5eed53143abe87a0f9d0c331ee70b13f7475c6860e86d94b8faf95850d25f3', 16, '1556367535316', '', 'web', '2019-04-27 11:48:24'),
(142, '12051157aaad0f976b6a665d916de79947621de6f3a5e8f8888b28499a748a67', 16, '1556370902615', '', 'web', '2019-04-27 12:44:31'),
(143, 'dbef68df2a172961c738d8582b5346d513def967be75d3cac733d7c3f7a8ed98', 16, '1556515253126', '', 'web', '2019-04-29 04:50:19'),
(144, '496ff28318a97eb1ed4bb4b049470b7d1d18c5de487c69290aea6d2db4243caa', 16, '1556518488744', '', 'web', '2019-04-29 05:44:15'),
(145, '84e44a57bb41e87fbb04e1f5e36df66507c73a4684243f80f88a9ac7e410da54', 556, '1556518631785', '', 'web', '2019-04-29 05:46:38'),
(146, '424829521fbb692573c263466b40c30b75b95bdcc23d881a618f6b2698abdf27', 16, '1556518759049', '', 'web', '2019-04-29 05:48:45'),
(147, 'b4c1cec59c42110daed995cacb6e3dc405b847bd1529eb17a08acc03c17c6674', 558, '1556520172489', '', 'web', '2019-04-29 06:12:19'),
(148, 'f0566ee7ae4b393516dbe01c22c99b27a52ba4a95dec3c5b86b75a5e813e89cb', 16, '1556521957675', '', 'web', '2019-04-29 06:42:04'),
(149, 'f6c9dfcce7b7705a6c757741342547a98a76ea6a1230a13c3ceb306d021e4fd0', 16, '1556527639804', '', 'web', '2019-04-29 08:16:46'),
(150, 'f43c990ca3f1fb4da8ded2f41adc73c94a26e34d0217c7ade49b9fec430989a8', 16, '1556527942919', '', 'web', '2019-04-29 08:21:49'),
(151, 'd3d1543b7b837974f936f1cc07925a44475a379ce51e1305c35962bfc4bf09bb', 16, '1556533153212', '', 'web', '2019-04-29 09:48:39'),
(152, '5e38655e34d1c88ffc77bffca597ab221bceb14952ef7fdb6f4dab6800b6af88', 16, '1556533234762', '', 'web', '2019-04-29 09:50:01'),
(153, 'e8b5b0562dc6131b3ef2f14d46dc465654b82ba80ff91dce918ec093ffa960df', 16, '1556533322195', '', 'web', '2019-04-29 09:51:28'),
(154, 'ea68a707f721a1e490f91f3d4a6a9d04307254c4c251e53fd3d79d9d8d838674', 16, '1556533576269', '', 'web', '2019-04-29 09:55:42'),
(155, 'a6c93949d0f7e57609c9bb2f5d43b527449040f3b7bd9c6eadaa42bac4831fa4', 16, '1556538028016', '', 'web', '2019-04-29 11:09:54'),
(156, '1f557674fdbc92eed652d45afa9489e515f7eeb5fe3991187c12b16d923ae093', 16, '1556538664880', '', 'web', '2019-04-29 11:20:31'),
(157, '9f1b66e39c5b652b9e11796a152be492c4f6c0169c32c6a746d3236c87f73723', 563, '1556539255392', '', 'web', '2019-04-29 11:30:21'),
(158, 'de0158ca2692a200d24737623229ea83f0bac6b8c73ea52ad177e841acb05584', 16, '1556543874654', '', 'web', '2019-04-29 12:47:21'),
(159, '636e7aa37fa4996bfbacab8e6f3142c4ae92effbac16b14a070994812a7a45bd', 566, '1556543896423', '', 'web', '2019-04-29 12:47:42'),
(160, '6790f9317c018d54aed508b8a852df1108184c74f938498610aeb162dc02c05f', 567, '1556544405176', '', 'web', '2019-04-29 12:56:11'),
(161, '665ae522a5841cd1d9b6c61b0bc342e47573059cbbd886f56dc935b5a49037bd', 16, '1556602892023', '', 'web', '2019-04-30 05:10:57'),
(162, '3c8f33f7c49d23dfdf55934fc5f15c5975116360d0d320b9f0490e430e86b79f', 16, '1556603549591', '', 'web', '2019-04-30 05:21:54'),
(163, '41ca3216c6bec0858470d14e7a6903258e4ec64a88b7febaf4105bc699102008', 16, '1556603976587', '', 'web', '2019-04-30 05:29:01'),
(164, 'a9018343a90a5739640f8421622a6c5874d10aed6fd5864263dba5cc116d1db4', 574, '1556604147363', '', 'web', '2019-04-30 05:31:52'),
(165, '55c41456af1fd0249c03d2d9231ca8e1ddd0b6fa2691bd867e228463ef47a20d', 16, '1556606289414', '', 'web', '2019-04-30 06:07:34'),
(166, 'a635d96afbc313a3274854846d7585ae460b6e9014987ac8b8f33a2523d0e8e9', 16, '1556609442117', '', 'web', '2019-04-30 07:00:07'),
(167, '787fe27a797c05ba73b12e4f48e417ec42a329d75979aeadf09576750468e6b2', 16, '1556609863515', '', 'web', '2019-04-30 07:07:08'),
(168, 'd456679fc1182b1a171e6902cdf67b81d551e3a2ca70adc49391a2331ae1b87f', 16, '1556613297695', '', 'web', '2019-04-30 08:04:22'),
(169, '9433aceba7081d36f3c668d26fb1900aae47ae2e98ef78d53813b815720b2780', 16, '1556617853387', '', 'web', '2019-04-30 09:20:18'),
(170, '90630bb98edf6a598ce0b2c77a7741a837fa515d5b414e2e12dd12001bbcd4bf', 16, '1556618412239', '', 'web', '2019-04-30 09:29:37'),
(171, '072127b03db0be22a3ec259073b94dd19ce1c7e77504d6fcfc73f6f4fa8f4b37', 16, '1556618918754', '', 'web', '2019-04-30 09:38:04'),
(172, '73a6b1f3eee059862846e02e464512d8a3565898aa19fdd490b1c75cba9e958e', 574, '1556618955063', '', 'web', '2019-04-30 09:38:40'),
(173, '466c9bb2e30cc98dbdef28a1750200dc67040b1a8631210164a7be4ae4e041b5', 558, '1556619924078', '', 'web', '2019-04-30 09:54:49'),
(174, '4f97e8ef0d79e9a0ce78aa063e29dabb96b2d62eb7c59c5aec39491a6c4c5e80', 558, '1556620278116', '', 'web', '2019-04-30 10:00:43'),
(175, 'a7238fb4850058169f3558a056473f72f1d040efb9b47e37e2eeace47dff7511', 16, '1556620441847', '', 'web', '2019-04-30 10:03:27'),
(176, '2c7528ef32fad0171b583aad9335b41b018b37c96d664a92c943dfad5f393bc7', 576, '1556621599322', '', 'web', '2019-04-30 10:22:44'),
(177, '1655f8bfaa7a45bfd31c3000f61a769497951e9abe849a200015f873ece7ee8e', 16, '1556622147753', '', 'web', '2019-04-30 10:31:53'),
(178, '12d25bcc91fe781a8507f910a94f19fc9d26474cefe295d301cf030150685020', 577, '1556623663351', '', 'web', '2019-04-30 10:57:08'),
(179, 'c75b42d84f96143f2f40bdc39fc2f2abca85ef8278e5ef442ef6ad54f40b8fc8', 558, '1556625074743', '', 'web', '2019-04-30 11:20:39'),
(180, 'cf4b8e166095e62e4c48ddcc556f97864c3862053abec0bc16663c314afa6553', 16, '1556629007137', '', 'web', '2019-04-30 12:26:12'),
(181, '5633309e044113c12c273d6e30badf2f23465d3b6868c17d13edc5c705a12fcf', 558, '1556630908071', '', 'web', '2019-04-30 12:57:53'),
(182, '43a8d88fb6b43f3aad68fcd866ef7bae45d262305b8ad19687d815f51abff420', 583, '1556631283166', '', 'web', '2019-04-30 13:04:08'),
(183, '8014b967c3672555259561155d93f69392d1d2301c108f37b57949e034d6ce59', 585, '1556631508470', '', 'web', '2019-04-30 13:07:53'),
(184, '0e27eb70139ff762548d13550d66e61d9b1ecc6e8016745b1148d68b3a56b7f5', 558, '1556632103523', '', 'web', '2019-04-30 13:17:48'),
(185, '6a7e676cc5456b1bb8a317f7b735b2bad15dba63e9a51e18dec1bf13e7f9a7d1', 16, '1556632193129', '', 'web', '2019-04-30 13:19:18'),
(186, 'c106ccde9134f6736a28e53a285983b6eab81d6d8218a07a9572109fff3d7b08', 16, '1556632756131', '', 'web', '2019-04-30 13:28:41'),
(187, 'bc29b25b724f5a03be9d0feec6307b0432de4c698708374ad9e6a5d18729d6bd', 552, '1556634043369', '', 'web', '2019-04-30 13:50:08'),
(188, 'e3b153deaf0341019b127e3f7c179df78cb4cd985798d38202faecf335fa895c', 574, '1556687699512', '', 'web', '2019-05-01 04:44:22'),
(189, 'df2d5957c7b34a3aeafebb7531b9a4bedec3538ec6595b226506305e6ab6240e', 16, '1556689255188', '', 'web', '2019-05-01 05:10:18'),
(190, '39a5d3a51c8be3081676a84a1b0f484b40d6f5aefb55cfeb9a19c3910338548d', 16, '1556689656761', '', 'web', '2019-05-01 05:17:00'),
(191, 'dc9a6fb9673f35a5204d2ab6b6482d032451196e6bd61aafc98c2d3ba3ae3b63', 558, '1556690164436', '', 'web', '2019-05-01 05:25:27'),
(192, '7742f043431dca680ac6dab19dee66e43258aead19fad1ef74f2d1ca60f4d956', 558, '1556691403336', '', 'web', '2019-05-01 05:46:06'),
(193, 'a9feb58d5611873a22f10148c4b2e0f763e947fb10b792e4f1e70350db801727', 558, '1556691488338', '', 'web', '2019-05-01 05:47:31'),
(194, '2bdf25dadc710b1e13cf928980db8127eb5c5a2a5fe1262cd8f15b8254359fcf', 582, '1556691559650', '', 'web', '2019-05-01 05:48:43'),
(195, '62bc59a829496a4980a38e8b2dabe3e89e05a6d28eb56fd9fbbe94c3214bf1d9', 588, '1556697129538', '', 'web', '2019-05-01 07:21:32'),
(196, 'e78aa1828b3d56b9f8e7553eb726b1f12ac9d1e31831857fac5ee1da65446403', 589, '1556698042047', '', 'web', '2019-05-01 07:36:45'),
(197, '3748f799cc37d412bafbc2cd5ffc85f4ecc3340243b4c477e87eacd922383a9d', 558, '1556699735240', '', 'web', '2019-05-01 08:04:58'),
(198, 'c06b5b1ec2d17f40d62b7df86dd80d6b01dfc1ce0731b7322ecf9450e5b6c685', 593, '1556700743826', '', 'web', '2019-05-01 08:21:47'),
(199, '76b370894b0379cf98b7eee77e47bbdff2a9f43c115050f2c1c9457881650ed1', 574, '1556703716475', '', 'web', '2019-05-01 09:11:19'),
(200, 'aaf688a2f74a6f654e0e695fe12c908dd84c651c6160fad206fd5fbe26c3ea13', 593, '1556704278619', '', 'web', '2019-05-01 09:20:41'),
(201, '8767cf087aadcfc2580cd27cd326380dd0b83169a12afa22b8d729c7af4bbede', 594, '1556705018889', '', 'web', '2019-05-01 09:33:02'),
(202, '76bba7956b450cb4d66a8ec9fc706be82de86cf67bb63531426db392d89843e0', 16, '1556705549848', '', 'web', '2019-05-01 09:41:53'),
(203, '0c7b74ab3f6e8abbf6bdf8ed12dd535c63378f06b402b3e30c266f5c5ce15e68', 593, '1556706093252', '', 'web', '2019-05-01 09:50:56'),
(204, '8ff84e0f2455ec5e004b81916d644efae01fbdad05ae5fe5a055fdc3e95b9b98', 595, '1556706988522', '', 'web', '2019-05-01 10:05:51'),
(205, '0e1a640d267682885ff7772fa93b5b17af666f2e7338879094227ff184880f4e', 596, '1556707320664', '', 'web', '2019-05-01 10:11:23'),
(206, '72d756dcaeae627b0cd14c22a424c39aa41dfbb9a66dc8f4f3b5abb1b546a0a2', 558, '1556710117774', '', 'web', '2019-05-01 10:58:01'),
(207, '5f62205285f8a819ece35c135805a080e0fc58dd2096497bb144c73a9167d81c', 596, '1556710495323', '', 'web', '2019-05-01 11:04:18'),
(208, 'ec643d3ebe9f964f5b99929258c058ebf27fae73b4fc39e0e3b488723b476425', 596, '1556712821565', '', 'web', '2019-05-01 11:43:04'),
(209, '20470cf609b47c9ae151dd74da16d817dd5656ec28236439521cf0e500fecbaa', 596, '1556717856615', '', 'web', '2019-05-01 13:06:59'),
(210, 'a0c9032b8f71a389350e79cc203a14f593269867deca54ddfa49e6a5d779313b', 596, '1556718405702', '', 'web', '2019-05-01 13:16:09'),
(211, '04ea7821df9dc67a5b84ba70d78e6c25556ae65889000a2d4853486c2f643021', 580, '1556774964349', '', 'web', '2019-05-02 04:58:46'),
(212, '510161674c2e72e59401726dbf412ff1080fd1a30277c2c3b72e36025d261141', 558, '1556775019768', '', 'web', '2019-05-02 04:59:42'),
(213, 'b74ba0482f2585f907326e8b9b26cff2c8202789895aeb719503f896b96f4153', 574, '1556775170814', '', 'web', '2019-05-02 05:02:13'),
(214, '21dde0208de6068b8c8aaf1cfe41bc912b9538fea0cd2c8e5da8cb1af47de6f7', 599, '1556776357054', '', 'web', '2019-05-02 05:21:59'),
(215, '0c0969750a6f3c6068f63626847b91fdcdda6257278d10d59d8b4f098a089626', 1, '1556780648030', '', 'web', '2019-05-02 06:33:30'),
(216, '0338b834cab72889d7edbf00e787a967ed1f009d3e716ac036d5084f6179a54d', 1, '1556781247236', '', 'web', '2019-05-02 06:43:29'),
(217, 'ea9021c83cdc367082b65628ec9623e8e2e0a2fd8b7b8399e1220f67981cf4bd', 1, '1556785893969', '', 'web', '2019-05-02 08:00:56'),
(218, '84715308a25b86fde814767ef9e3e3947b27136dcfa2fa8c6ac99fd4993587f1', 1, '1556791754157', '', 'web', '2019-05-02 09:38:36'),
(219, 'b3f6e1ced87a4c83708f841e37cc12d34e915c6fac162de3e2ae26f7ea007d33', 588, '1556798433758', '', 'web', '2019-05-02 11:29:56'),
(220, 'f385edfae747bd7eb29674781318dccdddd1afeb3a581d4249885a07c2d50b35', 1, '1556798772172', '', 'web', '2019-05-02 11:35:34'),
(221, '8a32980b4a7e9f252365a492cd16a61b0566aa4a4d59ff3e6c053065d32a70dd', 593, '1556802222174', '', 'web', '2019-05-02 12:33:04'),
(222, '8d51ab7cc29e66585705ddc248ed84696306e95f5af70d84f81034cf5cd1a391', 593, '1556802291237', '', 'web', '2019-05-02 12:34:13'),
(223, 'e8236684a6e4fa1e101fd3cf1f9d21cb9eb3f6043c7be1ae1d001683833b7439', 1, '1556804802702', '', 'web', '2019-05-02 13:16:05'),
(224, 'aaf1e2edcb425e54e0f0b50968da01bffb5ceb61ea062685fbff456876f356f6', 574, '1556861977287', '', 'web', '2019-05-03 05:08:58'),
(225, 'a39a8a5f5ad0b1b7997a887070fb5971dcb3e3ea0ef68079339f2b7a38b2d260', 16, '1556862580186', '', 'web', '2019-05-03 05:19:01'),
(226, 'c8edae2f2ba9d357d256147c7b281aaa6d52adad36c7408408c9d51ca06a01f8', 16, '1556862731766', '', 'web', '2019-05-03 05:21:32'),
(227, 'fe0e1c2b319afd54ffe818d11784977dfe505663e160809f0df0e0d951db43aa', 16, '1556863398324', '', 'web', '2019-05-03 05:32:39'),
(228, '9c0539d51855e6e5a28eaf5417d50c64ecc898b8bc8da64376833ef114645482', 1, '1556867759485', '', 'web', '2019-05-03 06:45:20'),
(229, 'bab839b1f3d54786ad8103bb9293b7e33b23650631a064cccfccf2d5f96a7132', 16, '1556867943616', '', 'web', '2019-05-03 06:48:24'),
(230, 'b8b9c62efabef1c04bb1c1141b999883ac89fbf6567fc8088a485ae8267e3385', 16, '1556869001243', '', 'web', '2019-05-03 07:06:02'),
(231, '061730f3aaeeaac1f608379286287c3200a1f4572cd4f3e4738d9827b6b2b2f7', 16, '1556870761723', '', 'web', '2019-05-03 07:35:22'),
(232, 'e23954de3bb31f330991d23b31e79f2666ad6aafeb9e8cd9db0dc07dec745e63', 1, '1556875825686', '', 'web', '2019-05-03 08:59:46'),
(233, '05e4dc6aa32620ce0ab22b368bf6b25ab1980c1d4b622d771f1df12e4e6e94b9', 574, '1556876672561', '', 'web', '2019-05-03 09:13:53'),
(234, 'a583a7c3f25d6351bcc7d99627747dfb7b0a6dadc982dcae0085fac7613cd14e', 16, '1556876728921', '', 'web', '2019-05-03 09:14:49'),
(235, 'd39ede386fabfa89c5c83e031e4ef10d65f8ef004bedd853f0e019edba8a81a6', 16, '1556877304018', '', 'web', '2019-05-03 09:24:24'),
(236, '77ca31a701a229c44a78755f9c7ae0d1b8aca838630beefaa5701e297cdbf8a1', 1, '1556877698313', '', 'web', '2019-05-03 09:30:59'),
(237, 'f06829b1fa502934a477a69115eeab6036df6a491996f1aad657eb8d0bd493f1', 16, '1556879211533', '', 'web', '2019-05-03 09:56:12'),
(238, 'c765d70b7da3619216ea12ff3c2cf5baa16a155e38bab10a578276a6c8231be4', 16, '1556881656905', '', 'web', '2019-05-03 10:36:57'),
(239, '7897bfb65947d31e1d9b458a128257645b84bbdbd17c8978e278ebdfdb1b268f', 16, '1556883527081', '', 'web', '2019-05-03 11:08:07'),
(240, 'bf25d13d27ffe74ad3b3d7563bd39b13d2f92a423058a9c9e97345f9c0183386', 16, '1556890263425', '', 'web', '2019-05-03 13:00:24'),
(241, '724b5827fadac11195f8d0ede7fb93684d980a6560e9c38437cf50906184d92f', 609, '1556890956755', '', 'web', '2019-05-03 13:11:57'),
(242, 'd04867ab66d734659a9df3876c10a5834c8024052ad55c2b53cb4c5e089ad9bb', 1, '1556892010103', '', 'web', '2019-05-03 13:29:31'),
(243, '3e79211ee07d1aa1281c933255a5431c7942519d5f7d9c2fa773ac4d1b48ddee', 1, '1556945956851', '', 'web', '2019-05-04 04:28:35'),
(244, '8da74e55c6ce123648c347f25b41a0752ab2e634c2b9c6273eadbde9f37fc8b7', 16, '1556949541846', '', 'web', '2019-05-04 05:28:20'),
(245, '495f0c5b1dbdd711d9ab656daf94b9a31246b37f94e7f78136d7b8d7afca2bd6', 1, '1556952073425', '', 'web', '2019-05-04 06:10:32'),
(246, '7e5e14857877f8ae628f0c31aec6b07c5a9020f73adc6d18da42173fceecf54f', 16, '1556953885523', '', 'web', '2019-05-04 06:40:44'),
(247, '5b0787f92055633d63dc7d99a08e39ecc887a81a5e38fa341bdf6b34a7ef0317', 1, '1556962449040', '', 'web', '2019-05-04 09:03:28'),
(248, '1fe1a820fbd70d120ffa4ab42317f81640b959623b73a8a04f59bbe238277de9', 16, '1556964643468', '', 'web', '2019-05-04 09:40:02'),
(249, '0d32c90ddb0aca20771c419a9315cdae658b5c9ab0b66ad687f46a2f2753a0ff', 1, '1556972410936', '', 'web', '2019-05-04 11:49:29'),
(250, 'cf62b92985017382ba9c4a5cfa509e81be66cc33e1a78502f00d43894dedf5db', 16, '1556977190494', '', 'web', '2019-05-04 13:09:09'),
(251, 'ac41b23cfa7562fbba1383f6c04b6387c5abaf861f1d6b2f28732d69f9e14cb9', 16, '1557120111205', '', 'web', '2019-05-06 04:51:07'),
(252, '032dea7a8382744de9e21068cd2c79ce57d8cc3189c54a59e7039b232c6245b5', 574, '1557120201901', '', 'web', '2019-05-06 04:52:37'),
(253, '8c37a73391737382da237f98b9a5abd178d61852b65e135182272fa377b2e742', 16, '1557124731108', '', 'web', '2019-05-06 06:08:07'),
(254, '495bb93ef8402e2339e4bbc2c15edb17ad148fbf7702aa47d6235a0579a40a0f', 16, '1557126166276', '', 'web', '2019-05-06 06:32:02'),
(255, '26d3cf9f9f5bf1f318dc97cf96def25b336c1b049302c6e7f591d91575ee3571', 1, '1557126365212', '', 'web', '2019-05-06 06:35:21'),
(256, '3a51a3e7e1e43bcaa15b9ce4815eaa2d1e87f8073324456eedc59d82ee99c8bb', 16, '1557136441457', '', 'web', '2019-05-06 09:23:17'),
(257, '3163f6f7f35899e1ccb60ce05f66ca0e1f5e1d6292485fa4b6d7beb456cb913b', 16, '1557136898151', '', 'web', '2019-05-06 09:30:54'),
(258, '184b8cf012bdbfd6fc2b1fee9d1522f1798ffe390ce1182337119fb8ea722990', 574, '1557206385423', '', 'web', '2019-05-07 04:49:00'),
(259, '53eccc1431645758b77131183c45165c421bc871ae50e82f5b19d0dc1913d488', 16, '1557207076303', '', 'web', '2019-05-07 05:00:30'),
(260, 'ecae907e98f28efd61c78eedf857b46e28346bab0b120ceac9be5c5113436179', 1, '1557210491830', '', 'web', '2019-05-07 05:57:26'),
(261, 'f9c5b0ef6bd87ff9e76c4631b5d61c5ec7bff8797ef1fe26527a07aa76a4abf4', 574, '1557211540543', '', 'web', '2019-05-07 06:14:55'),
(262, 'fa7c9616e69b8c7d15537aef17c69a5da322e0adc8cdb2f1e4e2d3c86b0d888d', 16, '1557214113977', '', 'web', '2019-05-07 06:57:48'),
(263, '1d4154ae71b103d9fc3054364199e41ab2561f6efeb8ff7d699654107827f142', 16, '1557216243917', '', 'web', '2019-05-07 07:33:18'),
(264, 'de45d9ad7727ce76e7bb61087be3b3a5494c8589f9fae8a3ff44c0bb87cf9bfb', 16, '1557222528967', '', 'web', '2019-05-07 09:18:03'),
(265, 'd5a526c85552be1a08040dde8fd5b4718de0c682db7defcff921027585951f98', 16, '1557225728558', '', 'web', '2019-05-07 10:11:23'),
(266, '0565e0fe93e897327762d4829e0ef14ae365b0bf4ab2276e3cdc574d14923682', 16, '1557225809864', '', 'web', '2019-05-07 10:12:44'),
(267, '2af66f1d7236ca7c36e9423bc67e495ffb44dd90c5155317bd822d2fadc899ea', 16, '1557226427617', '', 'web', '2019-05-07 10:23:02'),
(268, 'e671e532c862dbad309a45131c8a1c671cad0fcd1b1f001f39d68ebfa0b8e569', 16, '1557226485416', '', 'web', '2019-05-07 10:23:59'),
(269, 'b30cfd590364acf96eb77a8b1ea7f34da868c14f4d2115b3a2cad5d7b49ff4d3', 16, '1557226874694', '', 'web', '2019-05-07 10:30:29'),
(270, '331fdee198326a19c6adb7cc4bf9f2289f2b7a7e83241418c770e160f22a1c32', 16, '1557226934698', '', 'web', '2019-05-07 10:31:29'),
(271, '8aede94a352792eb57d430886f87c2a3cd3244561b6e1b46d1a27d7d98df04ab', 16, '1557227020589', '', 'web', '2019-05-07 10:32:55'),
(272, '4d8285d5c63ec2f09308f4987a62897861dda033713e3a57cea87de18a83b860', 16, '1557227112045', '', 'web', '2019-05-07 10:34:26'),
(273, '5befaab0acdeb3f052c579a27da6651ad34d002078f874ec6ba67f69a4e13176', 16, '1557227206035', '', 'web', '2019-05-07 10:36:00'),
(274, '068f0e3d73f9b36c5268a45f1d32e7368717df2a12040d3e3be4d9748dfb89bb', 16, '1557227287804', '', 'web', '2019-05-07 10:37:22'),
(275, '7da7808be348763c3baadedf1d3e1fb7f2a4cf86762101c1aa4149660ce2e874', 16, '1557227834781', '', 'web', '2019-05-07 10:46:29'),
(276, 'c46a4de89546784a22780d9e9c76c863769c2db0b783cdf78ff283276746fd11', 552, '1557228048628', '', 'web', '2019-05-07 10:50:03'),
(277, '0fcae8465069d874aabe4269f5af3f31c74d81b765ee1224778b5b1f51fcd656', 552, '1557228100245', '', 'web', '2019-05-07 10:50:54'),
(278, 'b0b9b2678895c96f54939bd8fab2efafe56063fe1da2146a045a243a28c95f38', 16, '1557228478491', '', 'web', '2019-05-07 10:57:12'),
(279, '99caa9de9abeddd953ea8ba25c690f6f28bb0a7fbb760e9b11a92b8d4bd04c43', 588, '1557229606721', '', 'web', '2019-05-07 11:16:01'),
(280, 'f5c14a9247b5f22d18a783f078d513bc4fb2f973773ecd810ab3bba6549d4bbf', 552, '1557229652967', '', 'web', '2019-05-07 11:16:47'),
(281, '2e919d777051459f5e48767b6881863d25670489f410adfb972492cfac90b516', 552, '1557229657558', '', 'web', '2019-05-07 11:16:52'),
(282, '259a8b66e44be8bff14da99a74650cd6db11982c1b9808a2a7c4038718c5cf9f', 552, '1557229725944', '', 'web', '2019-05-07 11:18:00'),
(283, '4e2a899f1ec367056f2a1c22f27c31b1858b5079ce80b7d1c47e65cb1a8c8e87', 16, '1557229831996', '', 'web', '2019-05-07 11:19:46'),
(284, '7c83d4a2b1c33ec7a234395071c947aae7563e9cd72d49dddbed7a78894e40e2', 552, '1557229999474', '', 'web', '2019-05-07 11:22:33'),
(285, '6d78cb5ca26581245116ff3826a98bafc13666d0db584f2086095585d8296bbf', 16, '1557230156323', '', 'web', '2019-05-07 11:25:10'),
(286, '779cc475e3bfe61e4485031140cf737262ad6dfe189d15b3cc86f7b5e595e886', 574, '1557230195556', '', 'web', '2019-05-07 11:25:50'),
(287, '4de07acd91a4d570fad161d9f38bf76f909f8f516a010f0685b12a5cbbfbaa12', 574, '1557230218090', '', 'web', '2019-05-07 11:26:12'),
(288, 'e016518696421fbed03026b6e52cb82b6f5509e4e753cfde5a7359fdbe89d3b0', 552, '1557231694335', '', 'web', '2019-05-07 11:50:48'),
(289, '49d2b3360821aedb0c6ccff05e255eae6e298e2d073aa00ffbc9c8378fc3f963', 552, '1557231705565', '', 'web', '2019-05-07 11:51:00'),
(290, 'd7f1e5e9da6243f46b321c225621eefacf395d42f57caf95bdf71f7fdb26f8cf', 552, '1557231780114', '', 'web', '2019-05-07 11:52:14'),
(291, '13e2cf6b207632fa6a86f8682588abb1918d252a7005e99452c7c4f7cdc3b9ab', 552, '1557231790401', '', 'web', '2019-05-07 11:52:24'),
(292, '8c225ff4269e363e5e1f7a453cdf6288a26437f3ff297178ff084cac823a4bf4', 552, '1557232547225', '', 'web', '2019-05-07 12:05:01'),
(293, '72c517eacca82be38c91ca8639904069a8e3c1e98e6f6b3b1719a8300ec1c2c0', 16, '1557233102370', '', 'web', '2019-05-07 12:14:16'),
(294, 'db7251366970aa2031efec1136a4ccd33034698df303ccba0cf7018dd10a62d2', 16, '1557236198636', '', 'web', '2019-05-07 13:05:53'),
(295, 'f8fb52415642ec77a4de7bc0c627bafdd5b6144b5a4e460ee30b1a4ae134fc85', 16, '1557291862161', '', 'web', '2019-05-08 04:33:35'),
(296, 'd82db4b5b5af94a568398964b9da0820ae303bd74c133f16d508a8b8efac29e9', 16, '1557292310812', '', 'web', '2019-05-08 04:41:03'),
(297, '31e45fce60aa8f4d43a80dde6cb05536fff3619fca1ff5c766d243d20942c189', 574, '1557293191319', '', 'web', '2019-05-08 04:55:44'),
(298, '7697e32737100a704e9a22d9cc27cf6acdf32ac840ea5eff7da7aa4af739c13c', 16, '1557294780103', '', 'web', '2019-05-08 05:22:13'),
(299, '0df50d5c09f76411a4212611896e736e6d79d827b90eaff7bfd695e36b8fe80f', 16, '1557297044812', '', 'web', '2019-05-08 05:59:57'),
(300, 'db150b87a5a71b6e66611a64a02792122ff19ee3cdd6f42a7ab4583036f2e94b', 1, '1557297171247', '', 'web', '2019-05-08 06:02:04'),
(301, '2963f86102d642d73020ab4b0a420fbf8ce51f0b8f2f1503eb4dc2acfdffa58a', 16, '1557297348310', '', 'web', '2019-05-08 06:05:01'),
(302, '23f016bf0ff9e12a3e25b8fc468237e6c9c4a29d26d827f915e8614ad7d72460', 1, '1557298800865', '', 'web', '2019-05-08 06:29:13'),
(303, '14a98db1372594691c20f6b7e9d0e52ed281bd3aa39f38b5aeb76560658f0220', 16, '1557298829919', '', 'web', '2019-05-08 06:29:42'),
(304, '218a975ece5d8e7b2a5c4258f21b01ee29a14c7ed02267ec4cd65fcd3b2087f4', 16, '1557298850604', '', 'web', '2019-05-08 06:30:03'),
(305, 'd6936b4ac6ea3d159ff4d20c4215353e4bcd105371bb1992d7a8450c6b056e53', 16, '1557298943768', '', 'web', '2019-05-08 06:31:36'),
(306, 'f36767c86ee7fc5b6a9a7edc3578b6de3da1ea501bc1c7626ea8143c498a7b09', 16, '1557299554160', '', 'web', '2019-05-08 06:41:47'),
(307, '73f3211e03a7b213ca4cd54981792bfa965e0fdf75c0513febe50c197e4ab926', 16, '1557299575384', '', 'web', '2019-05-08 06:42:08'),
(308, '20135745e28f529817e37eda4851fc4d2d6fc910378c05ced7f085594f836caf', 16, '1557299660404', '', 'web', '2019-05-08 06:43:33'),
(309, 'd920f7801b6b761ab28915c167b0e11385e75842ede7e7848a095f22451708c9', 16, '1557299813055', '', 'web', '2019-05-08 06:46:06'),
(310, 'e8ffc453791a5469247252fed921ac95291e40dff03359a61a31bf92843a65bc', 16, '1557299839449', '', 'web', '2019-05-08 06:46:32'),
(311, '87435ac0fbcb2ce8ea60b3b573e7743ca65df5a3a250835aff891b7a147dc767', 1, '1557300976451', '', 'web', '2019-05-08 07:05:29'),
(312, 'c0e794a77418d3a999dba8d151860677fdcd7e9c00c18dee87a6316c53f558da', 1, '1557301115399', '', 'web', '2019-05-08 07:07:48'),
(313, 'e670a52f9fcfdc17ddb3994fc20bd93b23e4bf801fc69ad1be344583837bc724', 1, '1557301385427', '', 'web', '2019-05-08 07:12:18'),
(314, '1fefe82363e85b1d639ef4e0bbdf43aa44315491cd0e158ae8e7d19987f8960e', 1, '1557301691065', '', 'web', '2019-05-08 07:17:24'),
(315, '5a5d78f078742f314fe10a08306e4c7bd43fac0936b1275815712ffa35878fb6', 1, '1557301726403', '', 'web', '2019-05-08 07:17:59'),
(316, '7e21035a1f5bdf277b2c3a23acb2f80fe09c3dae6de06f367b0eee0d19932456', 1, '1557301760440', '', 'web', '2019-05-08 07:18:33'),
(317, '65cd85b2ccf76f1da89bc19343a33f7193a7019ea95200e9c6d970da23a16ccf', 1, '1557301775683', '', 'web', '2019-05-08 07:18:48'),
(318, 'c2f8723f937d37b4fb54f5ddcbeedea031a738aba55cbc480677ab274662128d', 1, '1557301849890', '', 'web', '2019-05-08 07:20:02'),
(319, '5fe697bb07d39c811d48293fd02d4c877d9f04b84eabc01f127332c666e2e442', 1, '1557301935282', '', 'web', '2019-05-08 07:21:28'),
(320, '48a9ee38e8cbc00e8ac2c4d1d416bc3b386c61cf0cc15ea7b069828801d6d34e', 1, '1557301963260', '', 'web', '2019-05-08 07:21:56'),
(321, '0345866377976916c076b85a14efd3b6df9d02c7bb38b486b0e59028e5bd779e', 16, '1557302254751', '', 'web', '2019-05-08 07:26:47'),
(322, 'ba67c2b47c09a87c6bbf1b02368fd94001a47abef1f9623a1e35c4e302b0c0bc', 574, '1557303001301', '', 'web', '2019-05-08 07:39:14'),
(323, 'a82b88899937eb20d5c55be991cb9a7e984261b86dd2fb182d7ad83062d4a4d9', 1, '1557303199899', '', 'web', '2019-05-08 07:42:32'),
(324, '495945020b077404b6cf9bc392b83a851d0bdeb6edd7d2b43f3898453e5a43cd', 1, '1557303210490', '', 'web', '2019-05-08 07:42:43'),
(325, 'f39bf8d6bcb05ba68c32bbc1893fca2d31533d25b2c259891d2f79501abf24dc', 1, '1557303320451', '', 'web', '2019-05-08 07:44:33'),
(326, '5b04a3b3e32d184f8af14bf91da3cf962a885cb814df452b603c4857279da99c', 1, '1557303336910', '', 'web', '2019-05-08 07:44:49'),
(327, 'b3249343c634f08760c4c125b9567c153ec928a2657eace28af83cbd4eed0918', 1, '1557303480778', '', 'web', '2019-05-08 07:47:13'),
(328, 'e9091176dd5624bf047a88b3b0651da69c250b19066ea1846d9b8599349162cc', 16, '1557303721457', '', 'web', '2019-05-08 07:51:14'),
(329, 'd55e28284bcf1019ad22c0232501adffa194ce35033bd30601f184e90238f91d', 1, '1557303947355', '', 'web', '2019-05-08 07:55:00'),
(330, '38dc05ee340119d7c3ef6f2dafcf3ee37835f0b253b3ff137cec25482da5039d', 16, '1557304074810', '', 'web', '2019-05-08 07:57:07'),
(331, 'd6eb0193b7d808abaf60dc40268a323887d54aa4a6681b450067d20173d069e1', 16, '1557304077519', '', 'web', '2019-05-08 07:57:10'),
(332, '1f104933753f43f140b4406cf352cc1bce6dab21e3e755291e42147803ad02df', 16, '1557304081043', '', 'web', '2019-05-08 07:57:14'),
(333, 'a2b268abf3eb2e42e1f409e4350621640f78e9aa8237eefdacc4d74307731114', 16, '1557304095419', '', 'web', '2019-05-08 07:57:28'),
(334, 'b192b284a8f20245fb1258a2c8dc1f969d8ab68fab5c1193885ef25c8756d633', 1, '1557304116738', '', 'web', '2019-05-08 07:57:49'),
(335, '94f68f147159b82022342520d00104ad91693fcb35d2deb5b385cdb762178b17', 1, '1557304162601', '', 'web', '2019-05-08 07:58:35'),
(336, '1350d4b537c276ff73f77b42fd7de1062e8e118a288f48210a6646c26d76e5d5', 1, '1557304295900', '', 'web', '2019-05-08 08:00:48'),
(337, '479707b5482eb2128f3bd34f25bd60674f38a3a0bf1cebf3bfbd1ddf55f5f90c', 1, '1557304380343', '', 'web', '2019-05-08 08:02:13'),
(338, '0b5621e9df2a8a2ac29a9eca4a9411c95e9398b180a405ca0f2ef3f49fc97fdc', 1, '1557304468717', '', 'web', '2019-05-08 08:03:41'),
(339, 'f5ffe757744302682633578f7abde2ba27c36f03bf33b3ea19c27514d9667fa0', 1, '1557304508087', '', 'web', '2019-05-08 08:04:21'),
(340, 'd5b561d0b2fec1a3c37df65a0406fbffdec7f6e27017c1b3b5ab194ebdc46dde', 1, '1557304652968', '', 'web', '2019-05-08 08:06:46'),
(341, '67c851071355c0614c2fcae33073179260e81212dc0cb0fdabfd05b4602cdd57', 16, '1557304816442', '', 'web', '2019-05-08 08:09:29'),
(342, 'b3ab19c58813de1e2edc3771edcfe020b14487a30f592dcd5cdb342e57d08f45', 16, '1557305077155', '', 'web', '2019-05-08 08:13:50'),
(343, '744285fb0e45b2e2e37c96b62389cf12d4b3e429b930246aaa49cb838f09c36a', 574, '1557309144631', '', 'web', '2019-05-08 09:21:37'),
(344, '8b9e3e3a7779d0fadd19048ea5c7f2c7fb0caad344858bf4ffb8bf049ede0162', 16, '1557309154230', '', 'web', '2019-05-08 09:21:47'),
(345, '3e6f55d9792209be92f7533b7592ab2f02aa006bd6d7a5f496252f2a56548783', 16, '1557309248591', '', 'web', '2019-05-08 09:23:21'),
(346, 'a9e25d52cbb39c795a12b03014f2669be3efd50f9342f7226248fbc4a095dde1', 16, '1557309252881', '', 'web', '2019-05-08 09:23:25'),
(347, 'a0aced70734876482b73f40992d6caa2608be0d4346b241ec7ffd336516d8a4c', 16, '1557309270438', '', 'web', '2019-05-08 09:23:43'),
(348, 'ba4ffb92cd78a42f10f75b0245a5fe1d958e83f16b072200563de2f2a7233a7c', 16, '1557309300236', '', 'web', '2019-05-08 09:24:13'),
(349, '57ea5627037386aa57e1b9d9a409ff7833de79c2e5ed232ae076c333bb05d723', 16, '1557309334374', '', 'web', '2019-05-08 09:24:47'),
(350, 'f1e0ace333729eba0502f1d21500957fb872f3c0e40c82f750b1cc2c22c52207', 16, '1557309723220', '', 'web', '2019-05-08 09:31:16'),
(351, 'f16661b28b9f699ae3da7606857f966b84530880461d901473a173dcfdc7faf4', 16, '1557309837128', '', 'web', '2019-05-08 09:33:10'),
(352, 'eb3b22fc3523d7915f5180adf0133684d7a0f64474252ce39c44160f4c44f955', 16, '1557309901278', '', 'web', '2019-05-08 09:34:14'),
(353, '6bbf284ff68baef817b9989cfca97225ba8acedefb84c2e3fa80c4538c47cfa8', 16, '1557309926513', '', 'web', '2019-05-08 09:34:39'),
(354, '73a7001eb78f1baa977efca5ed1bff630dcf27e9f4d8bb759740224921b4a58c', 1, '1557310129746', '', 'web', '2019-05-08 09:38:02'),
(355, 'f5be80f1cab9101ab6bc027dd35641f4ec7a03fac79fbdf31f8db3dee6f915bb', 16, '1557310694275', '', 'web', '2019-05-08 09:47:27'),
(356, '6177cd372996f0c2261a674074c7a80ac5848f6ecf1e6595cb4044d8d1126744', 16, '1557311074763', '', 'web', '2019-05-08 09:53:47'),
(357, '2f967caf3b036b4a578c2d4ee2e0391081eba565a5cdda26561734e5d7cfa528', 16, '1557312852023', '', 'web', '2019-05-08 10:23:24'),
(358, '3b49923323d65eb5f0ff4e5168b00e8af444ec431a21b56e4a7453894cbcee62', 16, '1557313622012', '', 'web', '2019-05-08 10:36:14'),
(359, 'efa5515e95daf3543a33e15fc953abb8eaeb6c6c166e648de77eedadf3d8f361', 16, '1557313773864', '', 'web', '2019-05-08 10:38:46'),
(360, '59810a69ceb3616f75b5c6da366e5100a8c004c9db304252c06f33c3aee9974c', 16, '1557314853110', '', 'web', '2019-05-08 10:56:46'),
(361, '6066002093c7374ddc332e26184eebf519f0e0c38abafa320edcdfab301497e9', 16, '1557314978052', '', 'web', '2019-05-08 10:58:50'),
(362, 'e72ab391ea77ff937943c4a9e9301fb6eab6ded87fb9ba3857a2029207b1f473', 16, '1557315040454', '', 'web', '2019-05-08 10:59:53'),
(363, 'c71c23a923f7d1a69fda8ec05024e1ef9e6025a7a2779c4c8204f5a4e8adcd69', 16, '1557316450244', '', 'web', '2019-05-08 11:23:23'),
(364, '502a8660c9b8c5d752dbf1ef831214c3f9b7268fdb74e2a74ebcab9443f7aae9', 16, '1557318622935', '', 'web', '2019-05-08 11:59:35'),
(365, '6ebf4bdb0c7bcce26ecdd8ae73ec45858697c49dad8d04e9a2e3dffdf4758162', 16, '1557318631323', '', 'web', '2019-05-08 11:59:44'),
(366, 'c4041b59a2853aa847a9dc984ab8ae536b48dcbd448c647258f4a0bb7c32c8bb', 16, '1557318631896', '', 'web', '2019-05-08 11:59:44'),
(367, 'b1e0b586f968356eb5bb635b7bd723667494a69ab65b5462c832508772361779', 16, '1557318632122', '', 'web', '2019-05-08 11:59:45'),
(368, 'c44245e70d9700a49259030ab29443f0776e983235b7f38f2074a29bbc80729e', 16, '1557318632322', '', 'web', '2019-05-08 11:59:45'),
(369, '4b98c60b607266a806276b00df1b879df3e8663ac7abfb18e4202fc39a64d23f', 16, '1557318632511', '', 'web', '2019-05-08 11:59:45'),
(370, '335c486d6bbaf31dd3e1da61e9a45e2aaa8eba2432d4f4b6ea98159b03cd9b22', 16, '1557318632703', '', 'web', '2019-05-08 11:59:45'),
(371, 'fe9e9beccb29f332a2d9e9e9bc0ab8107f33efe7c5c7858aed5437317790599f', 16, '1557318632889', '', 'web', '2019-05-08 11:59:45'),
(372, '3711d64aadc7306b86ea6323aa885327b42199c184552f2713b6f540c5517e6f', 16, '1557318633060', '', 'web', '2019-05-08 11:59:45'),
(373, '4c42c6d900386adb4eeed581f5b2b96fc4f3e4a9b229aca839791733748be543', 16, '1557318635406', '', 'web', '2019-05-08 11:59:48'),
(374, 'c218bfca4e6b088649732988349ef69cb3db35c145371187291f26bbf87ba37d', 16, '1557318635820', '', 'web', '2019-05-08 11:59:48'),
(375, '081309a53ef9f392b5d9339ec0de7f80f9cd8e1a89d66f2b633c337ee541d74e', 16, '1557319003666', '', 'web', '2019-05-08 12:05:56'),
(376, 'df2d74150e82a1184796e6cb05b36a7a013c49f09bfd1e1827a30700010eb726', 574, '1557319703621', '', 'web', '2019-05-08 12:17:36'),
(377, 'd1f18bfcf6daff597f013da72ae5b1fb77dfe304516141ae0e682c069f22194d', 16, '1557319804704', '', 'web', '2019-05-08 12:19:17'),
(378, '06197c262d4f7024c755307c1261eaf6b26c0efd9e1d9dc9a7b0dbabcec913fa', 16, '1557320335957', '', 'web', '2019-05-08 12:28:08'),
(379, '438b402a2ab090f91fb92c1c532f0b82cbf491c3fade5f3a328c5c21a5e92f3f', 16, '1557320337057', '', 'web', '2019-05-08 12:28:09'),
(380, '0ff8d61dc72c32fd13348adce889543ba0eb9e7e020170fd538c2eb57ff78de7', 16, '1557320337256', '', 'web', '2019-05-08 12:28:10'),
(381, 'f240bdb022e2104cfbcbb93d53f3a88afef8d726043f64f6d03ff96ae60cf28e', 16, '1557320337542', '', 'web', '2019-05-08 12:28:10'),
(382, '65bd801f7d49a90789e14008267afd737bf21ad18f7cafc57d57c5d183f9b689', 16, '1557320337580', '', 'web', '2019-05-08 12:28:10'),
(383, '8e047a5082b03593ef46b486a49d116a4ab04505812b718199dc8ef708059312', 574, '1557320339177', '', 'web', '2019-05-08 12:28:12'),
(384, '0427940222bc87b18e830fbd73ef50d8d6224c85fa6fb1017d0b2a95ed64f5f6', 1, '1557321951810', '', 'web', '2019-05-08 12:55:04'),
(385, 'f698c43a5ceb63b95abff13d2bb3b6087cdab14ca7fb158c20d420981daaeac4', 1, '1557321953790', '', 'web', '2019-05-08 12:55:06'),
(386, '1b98a5b966be63f2d0cbb4d134ba7363b7fa4ef4cf4d6889dfd3f0486dd8f992', 1, '1557321963562', '', 'web', '2019-05-08 12:55:16'),
(387, 'b1650f7bc88c852cd21ac642fe3f7391f6477d30673708c69652691ff2249af7', 1, '1557321996073', '', 'web', '2019-05-08 12:55:48'),
(388, '1ae21cac1547cfc2c548d649727c2f5f37d12ff1c2c8e2aefeb9e8a8eb1f6a3a', 16, '1557379276361', '', 'web', '2019-05-09 04:50:27'),
(389, 'ac15922ffc0a2df1055f679b0d4cce6520f2a7a3d10d19192fbeeb72992b0f05', 16, '1557379367171', '', 'web', '2019-05-09 04:51:58'),
(390, 'd311aeba6845e881418b9fc35366d76b374534261dd20355feb765ff62ab932d', 558, '1557380288406', '', 'web', '2019-05-09 05:07:19');
INSERT INTO `oauthaccestoken` (`id`, `access_token`, `user_id`, `expires`, `scope`, `callfrom`, `created_date`) VALUES
(391, '1be17a1c52167dfe232319e08790b8b78d545a1e1e452298a73c705fb0ff0e1d', 558, '1557380292151', '', 'web', '2019-05-09 05:07:23'),
(392, 'cc1f04bfa97c06be17311e10d56bc9654525b68b6228cb1b6e81139a4a36327c', 558, '1557380294616', '', 'web', '2019-05-09 05:07:25'),
(393, '4824026ba066c516e0a829fe10e44942a7df2d45e4e9765a81648e724a4395ae', 1, '1557380315667', '', 'web', '2019-05-09 05:07:46'),
(394, 'c5eb0af72831242b48098874e52f7766234659c6492bf891a49f6440eb853d39', 1, '1557380317109', '', 'web', '2019-05-09 05:07:48'),
(395, 'f95ec1db8065faab04d949b0c1d540e429caa58d91ca7a11dea0ed8fac217d3e', 1, '1557380317583', '', 'web', '2019-05-09 05:07:48'),
(396, '5a3dbdf61fd90c484cda7c63588fa9de131b6729bb8e6e152ae2a84ca732920e', 1, '1557380317704', '', 'web', '2019-05-09 05:07:48'),
(397, '364885a4b86770bf86680aa7a78de14f92dcf4f7581487100991789c864faca3', 16, '1557380360522', '', 'web', '2019-05-09 05:08:31'),
(398, 'bdd6d76504ed23d23df05ef4ff94081b9550f6125a4d36e8c462ee5a654364ac', 16, '1557380361138', '', 'web', '2019-05-09 05:08:32'),
(399, 'ebead7ddc500badc4050b1e9c2d98a5788a25418f8e16c478a0e09d44c7a0e96', 16, '1557380362416', '', 'web', '2019-05-09 05:08:33'),
(400, 'cac5b9c9bf9b77ee96912100265331126c463a106de1bf2f0efb1faa929e7267', 16, '1557380385118', '', 'web', '2019-05-09 05:08:56'),
(401, '7f1577f90d47a95f2f50c606c91e787fbc0ddf33958fd55ca3e5363e8e4e60ea', 16, '1557380389078', '', 'web', '2019-05-09 05:09:00'),
(402, 'ccbfbdaafb68f52d69e94b40cc30a6c068e38b7ae005e477a1ffd9152a015a8a', 1, '1557380500322', '', 'web', '2019-05-09 05:10:51'),
(403, 'd8be6df784f5d8535b91fd43ffa48edaca4a2ce3107ca921d7b3c5f749c4eaff', 16, '1557385876213', '', 'web', '2019-05-09 06:40:27'),
(404, '118320758739272a2b46f53e9d888acc55a0a4283ef6e1772ebfcbcd5acd3847', 1, '1557386353635', '', 'web', '2019-05-09 06:48:24'),
(405, '21bff9478a1bef7210e60724928286dcf8db00276e7ba009fb29e2a572dbd7e5', 1, '1557386405078', '', 'web', '2019-05-09 06:49:16'),
(406, 'd17de403c70e73417a1f48d9cc64938b165527aab59ce4aca663e90b42f815c3', 1, '1557386500327', '', 'web', '2019-05-09 06:50:51'),
(407, '45e3e866e426341078b52032a06dd32f44e3ef1f1cdee49187ff227f88f9a138', 16, '1557389734595', '', 'web', '2019-05-09 07:44:45'),
(408, 'f9b0125feeeaca7f9ed964385e39a47d2f7c1cc3c99e4782eb25eaa78cd913e4', 16, '1557389751295', '', 'web', '2019-05-09 07:45:02'),
(409, '240b446f3f881bac8262193ef8a71bd51cd0464d7c0a8b476ebe4c3cfe1f200a', 16, '1557389843522', '', 'web', '2019-05-09 07:46:34'),
(410, '3aff08d1333d622165b9111c1441431351e74481f0a917a0ca95b663384dfaa3', 16, '1557389859939', '', 'web', '2019-05-09 07:46:51'),
(411, 'b08795e27ba28eceb77367a1bbdcc51407944a5ac946b64da0ec6c8cf610ceb9', 16, '1557389900475', '', 'web', '2019-05-09 07:47:31'),
(412, 'b17d6206174d132d7d7d994fde44ffd7e015d365cf6eae7726ea5ac35c916875', 16, '1557390153122', '', 'web', '2019-05-09 07:51:44'),
(413, '8ac001a65e1064408bf04cd45d5407ce3de97f44cb129888b3562f7c2fee80aa', 1, '1557390410547', '', 'web', '2019-05-09 07:56:01'),
(414, '907105c4bd18c03f5c9f05fdf2f53f95623e4b1b94399c72f69fc448a5cd0bb5', 16, '1557390639582', '', 'web', '2019-05-09 07:59:50'),
(415, 'a0c410aa2bbd4c0601bbb95d212ef53ee74aa69e416c65e4229e396cd1b55b11', 16, '1557390763147', '', 'web', '2019-05-09 08:01:54'),
(416, 'a0271b713bac8f58537cf926968c0a59f20b2fa516eb51748436554b06afcf64', 16, '1557390848948', '', 'web', '2019-05-09 08:03:20'),
(417, '414d9b7067681cea8bf79e43fc886c36cb7ed6878e6f40e962e855e0e3f59d10', 574, '1557392651243', '', 'web', '2019-05-09 08:33:22'),
(418, '090e62d8e12c3cfff6435165864f2e5d0c8aa18557931f18a21b0a0c89c5aa08', 574, '1557392654116', '', 'web', '2019-05-09 08:33:25'),
(419, '731c03223b14c2a5646610de7ad6bbb82467dcee8ca35df3dcb2b63e3481f2de', 574, '1557392654858', '', 'web', '2019-05-09 08:33:25'),
(420, 'f45f7d3cd9d2a8f64c19c38b258ad15f51bdd376b1242b44d8f5e196263d2494', 574, '1557392655086', '', 'web', '2019-05-09 08:33:26'),
(421, '1e6d7dfae740c905336c831b0460262e9001ad91de41f8400c4ff4439b5702e7', 574, '1557392655280', '', 'web', '2019-05-09 08:33:26'),
(422, '447fcecc66b94b02e6cb21c40f4f645ddc5c0d21bccd1c031ae63d8e39c3454d', 574, '1557392676244', '', 'web', '2019-05-09 08:33:47'),
(423, 'a0247af041d4fdf28f3828baebcc42c0cb059f8498440e934790c8ea2c4474d4', 574, '1557392676767', '', 'web', '2019-05-09 08:33:47'),
(424, 'cdafb130c26f2039c9f2b7bf8cc204afc3d884782d722c29cc845336e8e53a91', 574, '1557392676969', '', 'web', '2019-05-09 08:33:48'),
(425, 'ec32a6276713e5f0b5a09b5c693583c8abdb9209d5582778eb2754cfdff1e899', 574, '1557393108829', '', 'web', '2019-05-09 08:40:59'),
(426, 'ee05c0959946e7f18d8d25968a619b8540553ec74411eac72e2fc129f831a7fb', 574, '1557393109845', '', 'web', '2019-05-09 08:41:00'),
(427, '3df4b2d77a8aa99200f510334c82fd2c004df2f256f3dcbdf9d0b3edfecd162a', 574, '1557393110489', '', 'web', '2019-05-09 08:41:01'),
(428, 'aa8a91d2353be2fee3da4711f2b761aa9faf12922ee6c9ab21ab52a718c7bc4d', 574, '1557393110729', '', 'web', '2019-05-09 08:41:01'),
(429, '4e3255f72780ba8a2eceaa98597a665c709f700db61526d1886543f66cd18dfe', 574, '1557393120088', '', 'web', '2019-05-09 08:41:11'),
(430, '04fe23e744d97a61dda08ad51221701434b2dd42c1d870f1f9f7828a75eb069c', 574, '1557393120483', '', 'web', '2019-05-09 08:41:11'),
(431, '866e2e720a6407216bdb8963bfff106e1a1f939be3c16b70318853f229eef2c1', 574, '1557393120721', '', 'web', '2019-05-09 08:41:11'),
(432, 'f00e855b6a86d7076c9df2ecf953dcc41260bfb4182c6678210b3da52ff82a8b', 574, '1557393120962', '', 'web', '2019-05-09 08:41:12'),
(433, '7018595262ed03cb47d986cfd98f6e6fa7e780b76083fba9e8f215240487b8a3', 574, '1557393121193', '', 'web', '2019-05-09 08:41:12'),
(434, '6abb118735a097977d93a164f8aa0aa8bee5da10187285855ec11d7f68b75528', 574, '1557393121428', '', 'web', '2019-05-09 08:41:12'),
(435, 'd4f85366568dd6104996a9c8116026827a6e33bcd506eb2e1d1e57bb73b164ac', 574, '1557393121607', '', 'web', '2019-05-09 08:41:12'),
(436, '272c8d8ab68570209d65dc52759b9c0bf6c2971420c6693691d3f078626d0cfb', 574, '1557393121799', '', 'web', '2019-05-09 08:41:12'),
(437, 'e5df02743b6d2a9fa924d42959b141be1e9d035f3ad67681f0baab3c43964947', 574, '1557393122048', '', 'web', '2019-05-09 08:41:13'),
(438, '378acc4d5166fb3bd6b2b6af3e66b31e3474ddbe54d3737c9539407dda5a7be5', 574, '1557393122225', '', 'web', '2019-05-09 08:41:13'),
(439, '83d97945e72908574c1db46b7317c40f2cffc67e4fcca3d499ae73bde5c7052a', 574, '1557393122449', '', 'web', '2019-05-09 08:41:13'),
(440, 'b84cc452a89f6bfb8ffdcc9623a66a235847dc8b6d5e9077bae76a77fdd9b162', 574, '1557393122631', '', 'web', '2019-05-09 08:41:13'),
(441, 'b26c6400e1938c390e15a1a72d39a2af8bf48d4258db55067ea976a365488dd1', 574, '1557393123123', '', 'web', '2019-05-09 08:41:14'),
(442, 'd956b5895036b57e14e9a21adfe2f7da0bf9405cb86539176f4efd794ed92b27', 574, '1557393123612', '', 'web', '2019-05-09 08:41:14'),
(443, 'c5577d01c5c1c8838c58fb26a7bb2e67bf5144e1488cc44a2379a57f380eec15', 574, '1557393124057', '', 'web', '2019-05-09 08:41:15'),
(444, 'e9016da8dcba1d0636dc5c0edc8899d4460b112fa32daec2ef4a2fb4f384fca3', 574, '1557393124486', '', 'web', '2019-05-09 08:41:15'),
(445, '1f27090fe1b7c0ff139bd11978994bbefb7de2e3ef0753d1c89aa2a1b32181ee', 574, '1557393135891', '', 'web', '2019-05-09 08:41:27'),
(446, 'bb185cd2e99e65ba75099e782d1b25194f9e0a87e0b5da076b89e86478e8859f', 574, '1557393136420', '', 'web', '2019-05-09 08:41:27'),
(447, 'e8e1840ced6eac552b052350e20ad9c0b463c73320fa3279ab393b1dcc16c926', 574, '1557393136755', '', 'web', '2019-05-09 08:41:27'),
(448, 'ee8fd7663ed40f66d371861e2e876e569d1d77a52af8023b190d653704ffe38e', 574, '1557393136949', '', 'web', '2019-05-09 08:41:28'),
(449, 'dc824c7cb9439b15e03173f60808c94ffdabb31ed21d38d1634e7b16636f7248', 574, '1557393137134', '', 'web', '2019-05-09 08:41:28'),
(450, '06299e6cb763fa9ea9724e1b0e09e454fd0ec309c45c118e46fae09bd7981d27', 574, '1557393137358', '', 'web', '2019-05-09 08:41:28'),
(451, 'a90bde62fc08e2fdb3e8acc0e7fd28996b04930cb67a590ca0d073d01665999d', 574, '1557393143088', '', 'web', '2019-05-09 08:41:34'),
(452, '3780ea44179a3112907f4e5b242bf04055ee8a75d29bf617561e2996dd723a80', 574, '1557393143568', '', 'web', '2019-05-09 08:41:34'),
(453, '495d06d1a166c774073eb1721b0f9c4efa2cf266477af7903592e7bc3d5f319d', 574, '1557393143777', '', 'web', '2019-05-09 08:41:34'),
(454, '7039425f2188add7741f616db27c9d978ba8863c91265b5349ed67008e00e1a9', 574, '1557393143967', '', 'web', '2019-05-09 08:41:35'),
(455, '0bb6ba9176c19334d715589494cbcc5efe5d26e6a8f2399e19422ebe892d6e64', 574, '1557393144108', '', 'web', '2019-05-09 08:41:35'),
(456, '7efef895cb1b08c169e75c55e671f70b1316927e3f562bf61d2197c2fe2dcd17', 574, '1557393167856', '', 'web', '2019-05-09 08:41:58'),
(457, '9a6640ac340a4012379990c651ec0d2febc2f2d5592fa6438993e771ba7c21d1', 574, '1557393168351', '', 'web', '2019-05-09 08:41:59'),
(458, 'a7f8817232346a35dda18f7183c9ca8f9f9cad0caa7def1feec179bb3b710e79', 574, '1557393168611', '', 'web', '2019-05-09 08:41:59'),
(459, '9a25b6a2dc13270da9a46ac15f68ddd2a2b3a16e22222604631e2d146de33811', 574, '1557393168822', '', 'web', '2019-05-09 08:41:59'),
(460, '85d75317be6a1c8b2ed031804c76b23a885fdd8f73f8e40b8aa930af4183162a', 16, '1557394544674', '', 'web', '2019-05-09 09:04:55'),
(461, 'e3543396543f53bef475ac684f36f303fc07f4de894c051ad2e85d38936e3dea', 1, '1557394634439', '', 'web', '2019-05-09 09:06:25'),
(462, 'ee3aa1df559500a54f4a0b12f0439d6789f51a08cad3d5133040ae494720c36c', 574, '1557395736097', '', 'web', '2019-05-09 09:24:47'),
(463, '8b18e09395a0e161ade904aff2d0a1eba711d6c30086ee0767e730dfd3aed6a1', 574, '1557395757353', '', 'web', '2019-05-09 09:25:08'),
(464, '9f4bd564a7d36b69dbbfed98012371fa6e85bf04ae3d02265e40f67f5595cdae', 1, '1557396331471', '', 'web', '2019-05-09 09:34:42'),
(465, '85d3ebc1e52a971ad512f49088654dcef2bf570ae10a082f53e56fd2e2356d68', 1, '1557397251906', '', 'web', '2019-05-09 09:50:03'),
(466, 'e053c874c5f0488ccdf6fdcb9e955f141a6fb464e91261a4ddbfef46930cfadb', 16, '1557397852717', '', 'web', '2019-05-09 10:00:03'),
(467, '59fdc7949879119f0c7662fee1343c234e3c234362f29c30052ef37ddc412dd1', 16, '1557399483167', '', 'web', '2019-05-09 10:27:14'),
(468, '285d5c373ff4ae09c6192ce7707e041616d9db07b168209be9c4d523c902a404', 16, '1557399562895', '', 'web', '2019-05-09 10:28:34'),
(469, '60885f07437fb4cd1e0e426ad374d5e664a51cf8d36b35baa8c8e62f60ef1477', 16, '1557399648749', '', 'web', '2019-05-09 10:29:59'),
(470, 'c2e7ca79ca50331ba91db35ff40918b1d0652bb31f3215ac18a05d065ca8f870', 16, '1557400006744', '', 'web', '2019-05-09 10:35:57'),
(471, 'f052480487025c8823eb6ada821891fb9c6280b18ae5cf04c7f57f701719abab', 16, '1557400012497', '', 'web', '2019-05-09 10:36:03'),
(472, '2d73107b50a12032828c7be1813837b5cb7d9fce9ba8d37e6fa2359b17204c12', 16, '1557400100148', '', 'web', '2019-05-09 10:37:31'),
(473, 'e779b40dcfc082baeadee116bfeef1f314cb0850bd6d5c2fc608b8a692a97c48', 16, '1557400356808', '', 'web', '2019-05-09 10:41:47'),
(474, '1a05b4c16a9cff8789194a46c2dfc6efa93d659b1a09f3ce3dd0b8a5c1135cc8', 16, '1557400356822', '', 'web', '2019-05-09 10:41:47'),
(475, '15e12f98e7de25f2c6ca0b96fbd0e1c61c607d4c8aeef13fe1bab0cbcf2876fb', 1, '1557400543818', '', 'web', '2019-05-09 10:44:54'),
(476, '33fa9c9eaaf17177da9ce1127cc281fc5ccb51bffc5ca798f7aa830fadf17bf3', 1, '1557400810462', '', 'web', '2019-05-09 10:49:21'),
(477, 'b939a3c7885d84a9847887161612febee8d45f6770b0e202f13bc69532de1e3f', 16, '1557401342955', '', 'web', '2019-05-09 10:58:14'),
(478, 'b2b3d0ebd5970b7d83e9700ab83cb76e6aeaac3928c9728be95a89421aa6bd91', 1, '1557403943085', '', 'web', '2019-05-09 11:41:34'),
(479, '8ee2d14b103e12673ffe4feab5bd2830602f9898c10f155b243f067b2f75d6cb', 16, '1557404069069', '', 'web', '2019-05-09 11:43:40'),
(480, '0d200b2cfa460d0f35d7be2fba5b347e8bafdc271882edecba2bdaa0389317ca', 1, '1557404078332', '', 'web', '2019-05-09 11:43:49'),
(481, 'b0eee0f2a4d4a1112be2fcb3211516a6fc89416924c2a6fb7c093896752f1e33', 16, '1557406579614', '', 'web', '2019-05-09 12:25:30'),
(482, '5354dfc798b14854b5d262aa27475d252def888df6e1861b32eddc3b8c53f1fb', 16, '1557406970346', '', 'web', '2019-05-09 12:32:01'),
(483, '06626d4d15152eab0df5302871efae5fd5a80e6cf4a0562328b2f277f4b518e6', 16, '1557407675891', '', 'web', '2019-05-09 12:43:47'),
(484, '158e52aaf24d0c58c31d34d218a6688213d4962e8a5fdc613eddf5f02fbd9d65', 16, '1557407704032', '', 'web', '2019-05-09 12:44:15'),
(485, '2f8b0424ed6e46e656abdcda529d0a57c32f143511bc8c415e39766eec207d41', 16, '1557411669835', '', 'web', '2019-05-09 13:50:20'),
(486, '7f07aff673675c0b68912bfff0e41a5dc31c651a48721a706814b51eedb377fb', 1, '1557465399549', '', 'web', '2019-05-10 04:45:50'),
(487, 'f3317e1416a88326a6d9e7a8b3c0ee4abb9fb48fb4eb071a0935d3f914f2048a', 574, '1557465471866', '', 'web', '2019-05-10 04:47:02'),
(488, 'ab06151dd32192db6715f8a3841cd1f7eb6fcca6cfa066e8458fe675598e6157', 574, '1557465542351', '', 'web', '2019-05-10 04:48:12'),
(489, '58729b2952988d120aea1d579f1a6a956d1e18fcd5f9308382dc5bfdc497a92f', 16, '1557467153028', '', 'web', '2019-05-10 05:15:03'),
(490, '6c76f023dc219390127f4fcb4c475599c2c08dc24f9831fb7b04bbf79ce3a416', 16, '1557468067870', '', 'web', '2019-05-10 05:30:18'),
(491, '761f7a9780fea39990ef4a1281f2df6142e4406852662897895a31579688a1ca', 1, '1557468500845', '', 'web', '2019-05-10 05:37:31'),
(492, '413cc6895ca902fe9c5c96ed2757305a11ff456d50a73d16bdea71998bfdc27f', 1, '1557469214764', '', 'web', '2019-05-10 05:49:25'),
(493, 'e5446854624a6a65521dd1a4374b3375cc9ef2af96a9eb5f4c7fd4c1835bd0bb', 16, '1557474753405', '', 'web', '2019-05-10 07:21:43'),
(494, 'd2c27744d0ae305cba18238be6c478fbd07820f400a6a983a2feba173094e49d', 16, '1557474781490', '', 'web', '2019-05-10 07:22:11'),
(495, '292e4947827ae62594b3755ac8ea4dbb480f926273fd977bf48e4a1bf9696473', 16, '1557475748822', '', 'web', '2019-05-10 07:38:19'),
(496, 'd8379cf6ef0f5c5e7c1c36e8eadefff18a32741f0ae2e79d3d8b1822207e1df5', 574, '1557476288195', '', 'web', '2019-05-10 07:47:18'),
(497, 'e01690743255340cd6889614e4c71c13abe6d62b9fb622b606c3ee7174956ef1', 574, '1557476290729', '', 'web', '2019-05-10 07:47:21'),
(498, '6c3f8fdf4aef7d665e1ee26df2eec12cde0a571fef66d5ece893d12cda1dc675', 574, '1557476291335', '', 'web', '2019-05-10 07:47:21'),
(499, 'f2e59c7f5661fe724848c19e62ba833de020acb3eadc33b80e205732de812877', 574, '1557476291529', '', 'web', '2019-05-10 07:47:21'),
(500, 'cc4db5a958ecfd77d759e3010b344f0db9c8d869625ad41cb3f3cbc6192cf48c', 574, '1557476291723', '', 'web', '2019-05-10 07:47:22'),
(501, '7d7f7e52dc2ffca4eefc092a81276e7f09580d315a9267b9a8d136be0edc8b22', 574, '1557476300772', '', 'web', '2019-05-10 07:47:31'),
(502, '3fc4a8eb588c406fdb6c10d776fb9d3880fac5bb933237ceee1fa2c385d0253b', 574, '1557476301289', '', 'web', '2019-05-10 07:47:31'),
(503, 'd77425bbce314aecb2ed87d2ea1f712ac0bc65ec3f23e9c5964478eee35951dd', 574, '1557476301480', '', 'web', '2019-05-10 07:47:31'),
(504, 'eb0dd334a1db8a5f7def24947dbc28654750b4e8c9097bb9091f2d661b2db086', 574, '1557476301654', '', 'web', '2019-05-10 07:47:32'),
(505, 'ffbb18b377422d1c12d7e517078fd4e5b4e2d3b3daf04cf5918c3ad8d05fee9b', 574, '1557476301850', '', 'web', '2019-05-10 07:47:32'),
(506, '4c08b710821208997a2e52550967107556098f4ec5225027fffb3529c6df24f8', 574, '1557476302064', '', 'web', '2019-05-10 07:47:32'),
(507, 'd14fabf03f8ef15465805b95391694d3f04e9ca4f16694d9f081b37b1d21fd05', 574, '1557476339115', '', 'web', '2019-05-10 07:48:09'),
(508, 'b45ca996ed7cee31cfc37fe78783c27a28daa0ed2b99cfaae801727722366b4f', 574, '1557476339949', '', 'web', '2019-05-10 07:48:10'),
(509, 'cc9179fd178535d2a99bf999c5a4cc115f4a318853bb4ba4c1346de8e42faf42', 574, '1557476340172', '', 'web', '2019-05-10 07:48:10'),
(510, '2f2eb1e7139f1d31e304b2bbdc5313b78fa47588f6d3ae7958327f66028fea9e', 574, '1557476341888', '', 'web', '2019-05-10 07:48:12'),
(511, 'e4d8f7c4f4882688e325112d84abdd4ed2ecd3e02d4cf08a5bec447132bc21ed', 574, '1557476342208', '', 'web', '2019-05-10 07:48:12'),
(512, '3bf12a4a590fe80583cd4bc357ff560a212ee90674beb3c09542552acbebe3dd', 574, '1557476342401', '', 'web', '2019-05-10 07:48:12'),
(513, '241fb3580c9e787bb49e172edca6204c7460d43cbc38dd0675d14886352c3914', 574, '1557476342575', '', 'web', '2019-05-10 07:48:12'),
(514, 'ba329362bf6021ee5ec2eb5771e20efc74fb7cc7d63717be8d4cbc9bdccc4722', 574, '1557476354852', '', 'web', '2019-05-10 07:48:25'),
(515, '64d3eb02aec8053066a5abb16b29f36602c54cedfb0ac7d48f30c2b05b36f3aa', 574, '1557476354860', '', 'web', '2019-05-10 07:48:25'),
(516, '8caa1046e050fee1362f4256453865b26a5318dbcb6549d0137b67d731959360', 574, '1557476359204', '', 'web', '2019-05-10 07:48:29'),
(517, '5bab379ce182ab583e53d789e040b17fb0d2a43b27da002c60ab3c6dc43f7016', 16, '1557476736813', '', 'web', '2019-05-10 07:54:47'),
(518, '4188bf64bf5dcdcbaaee9052094cb5cbc05a6d3ced6e6f0b65316a73dfe6a89c', 574, '1557476772986', '', 'web', '2019-05-10 07:55:23'),
(519, '93377a65ee000c7f101e9006a8c7fdd64f1173e678f17929b2a6d386c44df43a', 16, '1557477693400', '', 'web', '2019-05-10 08:10:43'),
(520, '7be90730fbaba346a5bb6641da90a31fb2ebef4980773bef00f0eef8e6891d8a', 16, '1557477945968', '', 'web', '2019-05-10 08:14:56'),
(521, 'e20f27e7d24db3cf90fb1215add815476602e3046103dba111b56bc1d4681242', 16, '1557478039238', '', 'web', '2019-05-10 08:16:29'),
(522, '511b0a7fad53417e278c7e783e2c3d10039909db15068145c0c55d4e33110e6d', 16, '1557478089774', '', 'web', '2019-05-10 08:17:20'),
(523, 'b85e1fa7f6e4820d3d0fed101621fa7c6957dfcbcd5314a7eb8aa667be39e6c1', 16, '1557478708515', '', 'web', '2019-05-10 08:27:38'),
(524, '9749f58e42c021994e2019357c9c2aef5e7b4a64d969b5c519c478833e6cb2b1', 16, '1557481517508', '', 'web', '2019-05-10 09:14:27'),
(525, '8410382361a2a26c375fa85eff80f35a229167f223906f082f82a8f67f16d966', 16, '1557481605235', '', 'web', '2019-05-10 09:15:55'),
(526, 'c863239f60b74e626d05de6ca3fbe284ebe3238c02004ab3691cfb53d440cd43', 16, '1557481653768', '', 'web', '2019-05-10 09:16:44'),
(527, 'e423e70deb32b8286e58b7da68b5d41149a94c0e7061409f76fb78433905711e', 574, '1557481800026', '', 'web', '2019-05-10 09:19:10'),
(528, '5f691f4a0c0d23bdb8cafd97caa3e4985908e9bd0f3636086a49a78e360fe971', 574, '1557481881219', '', 'web', '2019-05-10 09:20:31'),
(529, 'a8794857824d948fae02bea3fc39502cc4ea5e07d85a3c516f6c8466eed65dbe', 16, '1557481940967', '', 'web', '2019-05-10 09:21:31'),
(530, 'ad4cb50367466008760b1527221e155b4f1be5333a28ab9275261c74dd6d6bd8', 574, '1557482715547', '', 'web', '2019-05-10 09:34:25'),
(531, 'dd8e51bfb11c9019378bbae1cf447db41dce9a113b127afbc11be6a68a50618b', 16, '1557483632561', '', 'web', '2019-05-10 09:49:43'),
(532, '5b287de96f9dbdabdd1764382e63b258b872a6c5aab5fb986c15f602808d30b7', 16, '1557483659014', '', 'web', '2019-05-10 09:50:09'),
(533, 'daa1fd1e5a7319f4bf11c0c084eb303fd25109e9cd3e7fb63af8c1a07f791990', 16, '1557484070313', '', 'web', '2019-05-10 09:57:00'),
(534, 'db82b2d014828243defc3efe8242331032c234e2bd5d6c43cfe14dc8b5ada226', 16, '1557484074236', '', 'web', '2019-05-10 09:57:04'),
(535, '30099382211167ff2dad7bd582c8cd2a99e69d61d12b0aecfc89ad936d4ee704', 16, '1557484077201', '', 'web', '2019-05-10 09:57:07'),
(536, 'b9002953b57c1ff8cac94dd2867581cf46089eb82864c29ed60b2dc158dd1c5e', 16, '1557484137898', '', 'web', '2019-05-10 09:58:08'),
(537, 'a8603d85ac87cec53a1571355c57b90ab0d7d0e34f29d3f402670367dde532f6', 16, '1557484167659', '', 'web', '2019-05-10 09:58:38'),
(538, '8c5121b7dc0a76031c17c72b07e895c216a7abefddc75ef356bf23daf52438c5', 16, '1557484211971', '', 'web', '2019-05-10 09:59:22'),
(539, '7c607e39a660a38116dc9529d905861626eab1b52f9d820fdf25f7d92e0e9de5', 16, '1557484222118', '', 'web', '2019-05-10 09:59:32'),
(540, 'f915da02f676037cc1e5d99ce28bc795554e341345eb72b5b667b1964dbcf841', 16, '1557484240875', '', 'web', '2019-05-10 09:59:51'),
(541, '938d6ef177e359de735f5d5a715362e3a57daee6701bfffd988d91902b8f99b9', 16, '1557484305433', '', 'web', '2019-05-10 10:00:55'),
(542, '43a3d46152342e4882cd08b201454f57278f8fbbbf776cc5c348305cd081cd45', 16, '1557485111441', '', 'web', '2019-05-10 10:14:21'),
(543, 'ada15200fb64d949c73fe4a872bdbf7b92c6f2706efe90bb6355dcb0948f2140', 16, '1557485929552', '', 'web', '2019-05-10 10:27:59'),
(544, '02f292c57684c6107e2993705e5e206b5fae3a93a9afcb9b039f9dbd48ff5485', 16, '1557485970218', '', 'web', '2019-05-10 10:28:40'),
(545, '3f6eab75a07282acc664d77c8cc2bf1fd0abc8cf34df4473eab740f8926830f5', 16, '1557486236196', '', 'web', '2019-05-10 10:33:06'),
(546, '289417087067edcf511e96b4d34dbd63d99106b3de43176828958a5fc3b08e05', 16, '1557486287424', '', 'web', '2019-05-10 10:33:57'),
(547, 'f0d2ae1136c2a92f36e95c6fe18ef6b9bf968c9144b9e62fe0ab6510809a725d', 16, '1557486700021', '', 'web', '2019-05-10 10:40:50'),
(548, '8b891ec25a2d23be5587cd03f92cbc06ca2827164ee7fcf2980507c3b6d9d7e7', 16, '1557486752634', '', 'web', '2019-05-10 10:41:43'),
(549, '82cd7c4c36672a1ea92077aca1c2b9e75c31c238c0886ca6ef33d05e9df56447', 16, '1557486878195', '', 'web', '2019-05-10 10:43:48'),
(550, '279fdfbd0cf018823ed91d84581859141fca79727ca61d9ef5873260e8279bf2', 16, '1557486996738', '', 'web', '2019-05-10 10:45:47'),
(551, '6ee0280fd7e483d669a04cb1297d0865d1b3a2a6c605a0ff17ac22a2c99e1fcf', 16, '1557487039817', '', 'web', '2019-05-10 10:46:30'),
(552, '34e6f6b564f4d68ccfda5cb4ae024d70e046833dd3272153adb0425c55201491', 16, '1557487074311', '', 'web', '2019-05-10 10:47:04'),
(553, '555982785b5fb074e17704ceea65ec16d8e5d9d6a13687e1f4d7bca162633324', 16, '1557487133060', '', 'web', '2019-05-10 10:48:03'),
(554, '82c636298ba654d3bba69c25560cdf89b4a2c09e7e6d20909d66ed940f90ed37', 16, '1557487181921', '', 'web', '2019-05-10 10:48:52'),
(555, '415dcf97007cdf8b06b18d34004118a85e39e94eec2cba84e163a4bbb63b32d4', 16, '1557487241909', '', 'web', '2019-05-10 10:49:52'),
(556, '83e35ca3231aa1a4a8a1bf0cb5dcdf15ca01255ef64e00f78a64e103abc18fe4', 16, '1557487405372', '', 'web', '2019-05-10 10:52:35'),
(557, 'ad3c13508a17d3f103a3a6fa25cf5c027ab8a11cfc4e05511f8126446db9565d', 16, '1557488463653', '', 'web', '2019-05-10 11:10:14'),
(558, '64e9f99665e3683db017e283a6bcb0dab33e3eab3ce65c04308ba8d068e31ab8', 16, '1557488491665', '', 'web', '2019-05-10 11:10:42'),
(559, '63c0ff8b94d54d959a9cb805d5793a1426501cb4807aff8c169768613c6a6c24', 16, '1557488840286', '', 'web', '2019-05-10 11:16:30'),
(560, '2f6628d069128b7b6dba3da6a5748cbb26757ef5817a1e34aa6456e44e1a19c6', 16, '1557488870498', '', 'web', '2019-05-10 11:17:00'),
(561, '2bee1dbad817d4f9d6b6b388709c7747f14e6d2b512cf1c9fb9ba6e357b656a2', 16, '1557489044685', '', 'web', '2019-05-10 11:19:55'),
(562, 'a41adc038176a89db97e4e54e848e4b2696a850c55a50e51be0d0e869c581161', 16, '1557489218784', '', 'web', '2019-05-10 11:22:49'),
(563, 'f44cb6bbfede48033168ce15d9138a7c9ec4b66edb44d9f69db5d000d6e8e9db', 16, '1557489335491', '', 'web', '2019-05-10 11:24:45'),
(564, '49c0e86c3d5ef9eb5db503dea36fff2762a6ce6928a9bf39ceefcfac2aa5fde6', 16, '1557489368715', '', 'web', '2019-05-10 11:25:19'),
(565, 'b8fbf6fa3c5593ce12f150838f1cd3b735cd8b18f64734c1c911df67bccd9d22', 16, '1557489406713', '', 'web', '2019-05-10 11:25:57'),
(566, '627c7024fbee3335350388f82c7452f6fa45a94e6bb695faf5d75567947fb794', 16, '1557489496800', '', 'web', '2019-05-10 11:27:27'),
(567, '7575c4ff9883d0115f178ed60caf8b2b01b6c77c2eb517fd831c60616ba7bf41', 16, '1557489545078', '', 'web', '2019-05-10 11:28:15'),
(568, '17dca9cb31d963f210a1731cb7709a6f580adf84b9f5c97c34c44ff5ace56794', 16, '1557489630909', '', 'web', '2019-05-10 11:29:41'),
(569, '257f7bdd642a016efe33f6db9aede55e6786f52bf02ad0bdf072ca1b00f6afa1', 16, '1557489779656', '', 'web', '2019-05-10 11:32:10'),
(570, '73c772a9d5f9c762260231e228545f0f42c9e82270589d62e1fe539b39cfc11d', 16, '1557490423432', '', 'web', '2019-05-10 11:42:53'),
(571, '63f72520fb2dd5e93ca63b4849469ab30a25ff122439c0c179ae660e67f300b4', 16, '1557490543224', '', 'web', '2019-05-10 11:44:53'),
(572, '51d1bbe90ef33028d107905b3297ada7af7ec730e9cc0b54aa3eef32b78c421c', 16, '1557491477478', '', 'web', '2019-05-10 12:00:27'),
(573, '8ae3fd7ef6e914cbe710b759a28c53da82e1c5e757747b7e6c0ef777a62a1ab3', 16, '1557491516572', '', 'web', '2019-05-10 12:01:06'),
(574, '6c230432880b788ff44e238b549519400327017cf28f7a4e95b4b9ba40acf05c', 574, '1557491531759', '', 'web', '2019-05-10 12:01:22'),
(575, 'd752f68f7399ba7228764d3f0923e3ede919f4db14c9d213a2acbf17f7e8ce58', 574, '1557491833052', '', 'web', '2019-05-10 12:06:23'),
(576, '23300cbb8a79c599ecb87c468d4edf2f891164438b2d7d4c5da61f59f22bbeb3', 574, '1557491938477', '', 'web', '2019-05-10 12:08:08'),
(577, '750586a9d3d36fa3cb8d5b0cbca2489e292b163f87f533f5320c54afa7750feb', 16, '1557493516628', '', 'web', '2019-05-10 12:34:26'),
(578, '53078793d16d1b5ee3b0e5a4d287818d2db008cd1a20a1db3aedba90c73e27f8', 16, '1557494799415', '', 'web', '2019-05-10 12:55:49'),
(579, '9193e03fa4a8a623187b1072ca82d85a6c8461b5e795a05b9d64483841455e24', 16, '1557496590916', '', 'web', '2019-05-10 13:25:41'),
(580, '47ee0f3e73e3b618d28f6328acab7e5c043fa91a8ba01ea5e526a3b9c147c179', 16, '1557552869426', '', 'web', '2019-05-11 05:03:37'),
(581, '712d4b51b24c7727b18faee390a00cd05f6e8afbfa5da402d293524efb395dd7', 574, '1557553461551', '', 'web', '2019-05-11 05:13:30'),
(582, '855d2864d42631ac1499276cf347e400baa0e70ecf649d185895681375b79ef8', 16, '1557555126768', '', 'web', '2019-05-11 05:41:15'),
(583, '36fd4c6be8c88be4a0ab21c1e9086a0ce37428668f719f2a92205ec88b8f4448', 16, '1557564002335', '', 'web', '2019-05-11 08:09:10'),
(584, 'f72cf2aba80b65f4d5bba0a9aad4e26dd457d7277afc9af0bbcac5b723f19a6d', 574, '1557567842811', '', 'web', '2019-05-11 09:13:11'),
(585, '8bdb8ec6fda6508d71f7554b61cda0b35d1c552b8056e41c67008102b085ced5', 16, '1557571697041', '', 'web', '2019-05-11 10:17:25'),
(586, '3024374e27f2698b0573ecbd07a665a349b5a46753f0dfdc03b1a7822b65d646', 16, '1557725046802', '', 'web', '2019-05-13 04:53:11'),
(587, 'a9d0f3fc49badb5c9dbeb9ea3df8558b29d83c7822ffe67724ea1bb7f9f44e83', 16, '1557726238161', '', 'web', '2019-05-13 05:13:03'),
(588, '323fc640549bf42f52d7f5c57aa5a7fd3276665a608b6a4668ce5a0f66cd460b', 16, '1557730291946', '', 'web', '2019-05-13 06:20:37'),
(589, '2c64f9a412127660004171472dd2aa1f1464ab5c7392707c6a1c0eb72b377746', 647, '1557734256441', '', 'web', '2019-05-13 07:26:41'),
(590, '60900e8c5a42a37e251ee05f0cecde4258b0cf9a5ad8b735aa5348aa339bbe09', 574, '1557741006495', '', 'web', '2019-05-13 09:19:11'),
(591, 'f00f8f7f18d73b34798287a671e1b40d9c9ceade9807bf67d518986915a0f8a6', 16, '1557741326261', '', 'web', '2019-05-13 09:24:31'),
(592, '70972e4dbdee8b0ce6fecd3a34a80cd68aaf8fd103a3aaf1f9c54330836365b2', 644, '1557741758332', '', 'web', '2019-05-13 09:31:43'),
(593, 'b2065d8d03dd6b66121b29c3e8dea412246491a5c0ec917c66fa6d52c379d8e7', 574, '1557811441079', '', 'web', '2019-05-14 04:53:05'),
(594, '3fd1f5b94a64f74f3043ff18b256cd320ee2e0fd370c0ecb0e547504e787a236', 644, '1557811774972', '', 'web', '2019-05-14 04:58:38'),
(595, '63587938d5941c64dee36815e6c29d4c569b99afb281bf3d933ee099d505b56c', 16, '1557813121679', '', 'web', '2019-05-14 05:21:05'),
(596, '3711ded28bab41738af3ef04ba7295694c5490c91d603a3c5cc417e923b56893', 574, '1557826114712', '', 'web', '2019-05-14 08:57:38'),
(597, 'b024de464fb89a2fe1aef46058cc4396ee90435c861b08052eb193e6f9025136', 644, '1557826338863', '', 'web', '2019-05-14 09:01:22'),
(598, 'df1362337d897f620bfcd17f5bd436bdfc6416dcd1b13ba2baead5784ba76915', 16, '1557830182886', '', 'web', '2019-05-14 10:05:26');

-- --------------------------------------------------------

--
-- Table structure for table `oneway_city_route_package`
--

CREATE TABLE `oneway_city_route_package` (
  `route_id` int(11) NOT NULL,
  `base_vehicle_id` int(11) NOT NULL,
  `city_distance_id` int(11) NOT NULL,
  `via_city` varchar(100) DEFAULT NULL,
  `status` int(11) NOT NULL DEFAULT '1' COMMENT '0-Inactive-1-Actiive,2-Deleted',
  `created_date` datetime NOT NULL,
  `created_by` int(11) NOT NULL,
  `modified_by` int(11) DEFAULT '0',
  `modified_date` timestamp NOT NULL DEFAULT CURRENT_TIMESTAMP ON UPDATE CURRENT_TIMESTAMP
) ENGINE=InnoDB DEFAULT CHARSET=latin1;

-- --------------------------------------------------------

--
-- Table structure for table `outstation_booking_details`
--

CREATE TABLE `outstation_booking_details` (
  `id` int(11) NOT NULL,
  `booking_id` int(11) NOT NULL,
  `pickup_date` date DEFAULT NULL,
  `pickup_time` time DEFAULT NULL,
  `pickcity_id` int(11) NOT NULL DEFAULT '0',
  `dropcity_id` int(11) NOT NULL DEFAULT '0',
  `distance` int(11) NOT NULL DEFAULT '0',
  `days` int(11) NOT NULL DEFAULT '0',
  `created_date` datetime NOT NULL,
  `modified_date` timestamp NOT NULL DEFAULT CURRENT_TIMESTAMP ON UPDATE CURRENT_TIMESTAMP,
  `ip` varchar(50) NOT NULL
) ENGINE=InnoDB DEFAULT CHARSET=latin1;

-- --------------------------------------------------------

--
-- Table structure for table `outstation_cities`
--

CREATE TABLE `outstation_cities` (
  `id` int(11) NOT NULL,
  `cities` varchar(255) NOT NULL,
  `lang` int(11) NOT NULL
) ENGINE=InnoDB DEFAULT CHARSET=latin1;

--
-- Dumping data for table `outstation_cities`
--

INSERT INTO `outstation_cities` (`id`, `cities`, `lang`) VALUES
(3, 'Agra', 2),
(4, 'Mumbai', 2),
(5, 'Aurangabad', 2),
(6, 'Jaipur', 2),
(7, 'Ajmer', 2),
(8, 'Pushkar', 2),
(9, 'Jodhpur', 2),
(10, 'Jaisalmer', 2),
(11, 'Bikaner', 2),
(12, 'Shimla', 2),
(13, 'Manali', 2),
(14, 'Dalhousie', 2),
(15, 'Lucknow', 2),
(16, 'Pune', 2),
(17, 'Thane', 2),
(18, 'Nashik', 2),
(19, 'Amritsar', 2),
(20, 'Ludhiana', 2),
(21, 'Patiala', 2),
(22, 'Jalandhar', 2),
(23, 'Chandigarh', 2),
(24, 'Dharamshala', 2),
(25, 'Kasauli', 2),
(26, 'Khajjiar', 2),
(27, 'Chail', 2),
(28, 'Kullu', 2),
(29, 'Kota', 2),
(30, 'Bharatpur', 2),
(31, 'Sawai Madhopur', 2),
(32, 'Udaipur', 2),
(33, 'Vishakhapatnam', 2),
(34, 'Hyderabad', 2),
(35, 'Guntur', 2),
(36, 'Warangal', 2),
(37, 'Panaji', 2),
(38, 'Ahmedabad', 2),
(39, 'Surat', 2),
(40, 'Kutch', 2),
(41, 'Jamnagar', 2),
(42, 'Gangtok', 2),
(43, 'Bhubaneshwar', 2),
(44, 'Puri', 2),
(45, 'Konark', 2),
(46, 'Cuttack', 2),
(47, 'Rourkela', 2),
(48, 'Jeypore', 2),
(49, 'Bhopal', 2),
(50, 'Indore', 2),
(51, 'Khajuraho', 2),
(52, 'Gwalior', 2),
(53, 'Jabalpur', 2),
(54, 'Ujjain', 2),
(55, 'Orchha', 2),
(56, 'Alleppey', 2),
(57, 'Cochin', 2),
(58, 'Kovalam', 2),
(59, 'Kumarakom', 2),
(60, 'Munnar', 2),
(61, 'Thekkady', 2),
(62, 'Varkala', 2),
(63, 'Wayanad', 2),
(64, 'Badami', 2),
(65, 'Bandipur', 2),
(66, 'Bangalore', 2),
(67, 'Coorg', 2),
(68, 'Hampi', 2),
(69, 'Hassan', 2),
(70, 'Mysore', 2),
(71, 'Chennai', 2),
(72, 'Coimbatore', 2),
(73, 'Kanchipuram', 2),
(74, 'Kanyakumari', 2),
(75, 'Kodaikanal', 2),
(76, 'Madurai', 2),
(77, 'Ooty', 2),
(78, 'Rameshvaram', 2),
(79, 'Thanjavur', 2),
(80, 'Trichy', 2),
(81, 'Jim Corbett', 2),
(82, 'Nainital', 2),
(83, 'Ranikhet', 2),
(84, 'Almora', 2),
(85, 'Bhimtal', 2),
(86, 'Haridwar', 2),
(87, 'Rishikesh', 2),
(88, 'Lansdowne', 2),
(89, 'Dehradun', 2),
(90, 'Gangotri', 2),
(91, 'Yamunotri', 2),
(92, 'Shirdi', 2),
(93, 'Vadodra', 2),
(94, 'Mahabalipuram', 2),
(95, 'Vellore', 2),
(96, 'Chambha', 2),
(97, 'Mussoorie', 2),
(98, 'Kausani', 2),
(99, 'Chamoli', 2),
(100, 'Tehri', 2),
(101, 'Uttarkashi', 2),
(102, 'new mh', 4),
(103, 'new mh1', 4),
(104, 'Palwal', 2),
(105, 'Vrindavan', 2),
(106, 'Mathura', 2),
(107, 'Moradabad', 2),
(108, 'Bareilly', 2),
(109, 'Noida', 2);

-- --------------------------------------------------------

--
-- Table structure for table `outstation_package`
--

CREATE TABLE `outstation_package` (
  `id` int(11) NOT NULL,
  `pkgName` varchar(255) DEFAULT NULL,
  `masterPKG_ID` int(11) DEFAULT '104',
  `Status` int(11) DEFAULT '0'
) ENGINE=InnoDB DEFAULT CHARSET=latin1;

--
-- Dumping data for table `outstation_package`
--

INSERT INTO `outstation_package` (`id`, `pkgName`, `masterPKG_ID`, `Status`) VALUES
(1, 'Out Station', 104, 0),
(2, 'Bus Booking', 104, 0);

-- --------------------------------------------------------

--
-- Table structure for table `packages`
--

CREATE TABLE `packages` (
  `id` int(11) NOT NULL,
  `package_name` text,
  `price` int(11) DEFAULT NULL,
  `nri_price` int(11) DEFAULT NULL,
  `other_charge` int(11) DEFAULT NULL,
  `total_days` int(11) DEFAULT NULL,
  `is_active` int(11) DEFAULT NULL
) ENGINE=InnoDB DEFAULT CHARSET=latin1;

--
-- Dumping data for table `packages`
--

INSERT INTO `packages` (`id`, `package_name`, `price`, `nri_price`, `other_charge`, `total_days`, `is_active`) VALUES
(1, 'delhi tour', 3000, 4000, 200, 3, 1),
(2, 'special tour in delhi', 2000, 5000, 500, 3, 1),
(3, 'Agra and Mathura 3 day package ', 5000, 2000, 1000, 3, 1);

-- --------------------------------------------------------

--
-- Table structure for table `package_active_timeslot`
--

CREATE TABLE `package_active_timeslot` (
  `id` int(11) NOT NULL,
  `base_vehicle_id` int(11) NOT NULL,
  `start_time` time DEFAULT NULL,
  `end_time` time DEFAULT NULL,
  `created_date` datetime NOT NULL,
  `modified_date` timestamp NOT NULL DEFAULT CURRENT_TIMESTAMP ON UPDATE CURRENT_TIMESTAMP,
  `created_by` int(11) NOT NULL,
  `modified_by` int(11) DEFAULT '0',
  `status` int(11) NOT NULL,
  `ip` varchar(20) DEFAULT NULL
) ENGINE=InnoDB DEFAULT CHARSET=latin1;

--
-- Dumping data for table `package_active_timeslot`
--

INSERT INTO `package_active_timeslot` (`id`, `base_vehicle_id`, `start_time`, `end_time`, `created_date`, `modified_date`, `created_by`, `modified_by`, `status`, `ip`) VALUES
(1, 13, '20:27:00', '21:50:00', '2020-02-03 15:50:34', '2020-02-04 07:05:03', 78, 1, 1, '122.180.251.101'),
(2, 14, '01:38:00', '01:39:00', '2020-02-04 01:39:14', '2020-02-03 20:09:14', 74, 0, 1, NULL),
(3, 15, '01:38:00', '01:39:00', '2020-02-04 01:39:18', '2020-02-03 20:09:18', 74, 0, 1, NULL),
(4, 34, '17:59:00', '05:59:00', '2020-02-10 17:59:37', '2020-02-10 12:29:37', 200, 0, 1, NULL),
(5, 35, '17:59:00', '05:59:00', '2020-02-10 17:59:40', '2020-02-10 12:29:40', 200, 0, 1, NULL),
(6, 49, '12:34:00', '18:34:00', '2020-02-15 12:35:18', '2020-02-15 07:05:18', 245, 0, 1, NULL),
(7, 50, '15:36:00', '18:34:00', '2020-02-15 12:36:38', '2020-02-15 07:06:39', 245, 0, 1, NULL),
(8, 51, '15:36:00', '18:34:00', '2020-02-15 12:38:25', '2020-02-20 07:46:47', 245, 1, 1, '122.180.251.101'),
(9, 52, '16:55:00', '18:00:00', '2020-02-17 15:49:20', '2020-02-17 10:19:20', 263, 0, 1, NULL),
(10, 53, '16:55:00', '18:00:00', '2020-02-17 15:49:46', '2020-02-17 10:19:46', 263, 0, 1, NULL),
(11, 54, '16:55:00', '18:00:00', '2020-02-17 15:50:09', '2020-02-17 10:20:10', 263, 0, 1, NULL),
(12, 55, '16:55:00', '18:00:00', '2020-02-17 15:50:11', '2020-02-17 10:20:11', 263, 0, 1, NULL),
(13, 56, '16:55:00', '18:00:00', '2020-02-17 15:50:11', '2020-02-17 10:20:11', 263, 0, 1, NULL),
(14, 57, '16:55:00', '18:00:00', '2020-02-17 15:50:13', '2020-02-17 10:20:13', 263, 0, 1, NULL),
(15, 121, '21:10:00', '21:10:00', '2020-02-21 14:11:01', '2020-02-21 08:41:01', 285, 0, 1, NULL),
(16, 136, '13:54:00', '23:54:00', '2020-03-05 13:54:30', '2020-03-05 08:24:30', 78, 0, 1, NULL),
(17, 137, '13:54:00', '23:54:00', '2020-03-05 13:55:10', '2020-03-05 08:25:10', 78, 0, 1, NULL),
(18, 138, '13:54:00', '23:54:00', '2020-03-05 13:56:09', '2020-03-05 08:26:09', 78, 0, 1, NULL),
(19, 139, '13:54:00', '23:54:00', '2020-03-05 13:56:51', '2020-03-05 08:26:51', 78, 0, 1, NULL),
(20, 140, '15:13:00', '12:13:00', '2020-03-05 15:13:51', '2020-03-05 09:43:51', 343, 0, 1, NULL),
(21, 142, '20:06:00', '06:00:00', '2020-03-15 20:07:22', '2020-03-15 14:37:23', 421, 0, 1, NULL),
(22, 143, '20:06:00', '06:00:00', '2020-03-15 20:07:52', '2020-03-15 14:37:52', 421, 0, 1, NULL),
(23, 144, '20:06:00', '06:00:00', '2020-03-15 20:08:16', '2020-03-15 14:38:16', 421, 0, 1, NULL),
(24, 145, '20:06:00', '06:00:00', '2020-03-15 20:08:46', '2020-03-15 14:38:46', 421, 0, 1, NULL),
(25, 146, '20:06:00', '06:00:00', '2020-03-15 20:28:08', '2020-03-15 14:58:08', 421, 0, 1, NULL),
(26, 147, '22:02:00', '10:02:00', '2020-03-15 22:02:30', '2020-03-15 16:32:30', 421, 0, 1, NULL),
(27, 148, '22:02:00', '10:02:00', '2020-03-15 22:02:53', '2020-03-15 16:32:54', 421, 0, 1, NULL),
(28, 154, '04:22:00', '16:22:00', '2020-03-16 16:23:08', '2020-03-16 10:53:08', 441, 0, 1, NULL),
(29, 155, '04:22:00', '17:30:00', '2020-03-16 16:30:44', '2022-10-13 12:14:02', 441, 1, 1, '127.0.0.1'),
(30, 163, '16:45:00', '18:00:00', '2022-10-13 17:00:31', '2022-10-13 11:30:31', 1, 0, 1, '127.0.0.1'),
(31, 164, '17:00:00', '18:15:00', '2022-10-13 17:10:05', '2022-10-13 11:40:05', 1, 0, 1, '127.0.0.1'),
(32, 165, '13:30:00', '13:15:00', '2022-10-22 13:10:04', '2022-10-22 07:40:04', 1, 0, 1, '127.0.0.1'),
(33, 166, '17:00:00', '17:15:00', '2022-10-27 16:26:20', '2022-10-27 10:56:20', 1, 0, 1, '122.180.251.101'),
(34, 167, '17:00:00', '17:15:00', '2022-10-27 16:27:28', '2022-10-27 10:57:28', 1, 0, 1, '122.180.251.101');

-- --------------------------------------------------------

--
-- Table structure for table `package_active_weekdays`
--

CREATE TABLE `package_active_weekdays` (
  `id` int(11) NOT NULL,
  `base_vehicle_id` int(11) NOT NULL,
  `weekdays_id` varchar(20) DEFAULT NULL,
  `created_date` datetime NOT NULL,
  `modified_date` timestamp NOT NULL DEFAULT CURRENT_TIMESTAMP ON UPDATE CURRENT_TIMESTAMP,
  `created_by` int(11) NOT NULL,
  `modified_by` int(11) NOT NULL,
  `status` int(11) NOT NULL,
  `ip` varchar(20) NOT NULL
) ENGINE=InnoDB DEFAULT CHARSET=latin1;

-- --------------------------------------------------------

--
-- Table structure for table `package_type`
--

CREATE TABLE `package_type` (
  `id` bigint(20) NOT NULL,
  `tour_type` varchar(255) CHARACTER SET utf8 COLLATE utf8_unicode_ci DEFAULT NULL,
  `created_by` int(11) NOT NULL,
  `created_date` datetime DEFAULT NULL,
  `modified_by` int(11) DEFAULT NULL,
  `modified_date` timestamp NOT NULL DEFAULT CURRENT_TIMESTAMP ON UPDATE CURRENT_TIMESTAMP,
  `status` tinyint(4) NOT NULL DEFAULT '1',
  `ip` varchar(20) NOT NULL,
  `lang_flag` varchar(250) CHARACTER SET utf8 COLLATE utf8_unicode_ci DEFAULT 'en_US'
) ENGINE=InnoDB DEFAULT CHARSET=latin1;

--
-- Dumping data for table `package_type`
--

INSERT INTO `package_type` (`id`, `tour_type`, `created_by`, `created_date`, `modified_by`, `modified_date`, `status`, `ip`, `lang_flag`) VALUES
(1, 'Domestic', 1, '2019-05-15 10:19:37', NULL, '2019-05-15 10:52:55', 1, '', 'en_US'),
(2, 'International', 1, '2019-05-15 12:23:00', NULL, '2019-05-15 10:52:48', 1, '', 'en_US'),
(3, 'Inbound', 1, '2019-05-15 14:16:30', NULL, '2019-05-15 10:52:45', 1, '', 'en_US');

-- --------------------------------------------------------

--
-- Table structure for table `parking_charge`
--

CREATE TABLE `parking_charge` (
  `id` int(11) NOT NULL,
  `airport_railway_id` int(11) NOT NULL DEFAULT '0',
  `vehicle_type_id` int(11) NOT NULL DEFAULT '0',
  `period_id` int(11) NOT NULL DEFAULT '0',
  `amount` varchar(10) DEFAULT NULL,
  `created_date` date NOT NULL,
  `created_by` int(11) NOT NULL,
  `modified_date` timestamp NOT NULL DEFAULT CURRENT_TIMESTAMP ON UPDATE CURRENT_TIMESTAMP,
  `modified_by` int(11) DEFAULT NULL,
  `status` tinyint(4) NOT NULL DEFAULT '1',
  `ip` varchar(50) DEFAULT NULL
) ENGINE=InnoDB DEFAULT CHARSET=latin1;

--
-- Dumping data for table `parking_charge`
--

INSERT INTO `parking_charge` (`id`, `airport_railway_id`, `vehicle_type_id`, `period_id`, `amount`, `created_date`, `created_by`, `modified_date`, `modified_by`, `status`, `ip`) VALUES
(1, 43, 1, 7, '200', '2020-02-29', 1, '2020-02-29 09:54:06', 1, 1, '127.0.0.1'),
(2, 47, 1, 7, '200', '2020-02-29', 1, '2020-02-29 09:54:06', 1, 1, '127.0.0.1');

-- --------------------------------------------------------

--
-- Table structure for table `payment_transaction_response`
--

CREATE TABLE `payment_transaction_response` (
  `payment_response_id` int(11) NOT NULL,
  `user_id` int(11) NOT NULL COMMENT 'clientcode',
  `mmp_txn` varchar(255) NOT NULL,
  `mer_txn` varchar(100) NOT NULL,
  `amt` varchar(100) NOT NULL,
  `prod` varchar(50) NOT NULL,
  `date` datetime NOT NULL,
  `bank_txn` varchar(100) NOT NULL,
  `f_code` varchar(20) NOT NULL,
  `bank_name` varchar(255) NOT NULL,
  `merchant_id` varchar(100) NOT NULL,
  `udf9` varchar(50) DEFAULT NULL,
  `discriminator` varchar(50) NOT NULL,
  `surcharge` varchar(50) NOT NULL,
  `CardNumber` varchar(100) NOT NULL,
  `signature` varchar(255) NOT NULL
) ENGINE=InnoDB DEFAULT CHARSET=latin1;

-- --------------------------------------------------------

--
-- Table structure for table `payment_type`
--

CREATE TABLE `payment_type` (
  `payment_type_id` int(11) NOT NULL,
  `pay_type_mode` varchar(255) NOT NULL,
  `created_date` datetime NOT NULL,
  `modified_date` timestamp NOT NULL DEFAULT CURRENT_TIMESTAMP ON UPDATE CURRENT_TIMESTAMP,
  `created_by` int(11) NOT NULL,
  `modified_by` int(11) DEFAULT '0',
  `status` enum('0','1') NOT NULL,
  `ip` varchar(20) NOT NULL
) ENGINE=InnoDB DEFAULT CHARSET=latin1;

--
-- Dumping data for table `payment_type`
--

INSERT INTO `payment_type` (`payment_type_id`, `pay_type_mode`, `created_date`, `modified_date`, `created_by`, `modified_by`, `status`, `ip`) VALUES
(1, 'Cash', '2017-12-27 10:35:00', '2018-09-18 06:30:41', 1, 1, '1', ''),
(2, 'Credit', '2017-12-27 10:35:00', '2018-09-18 06:30:38', 1, 1, '1', ''),
(3, 'Wallet', '2017-12-27 10:35:00', '2018-09-18 06:30:33', 1, 1, '1', ''),
(4, 'Wallet + Bank', '2018-09-15 00:00:00', '2018-09-15 10:52:43', 1, 1, '1', ''),
(5, 'Net banking', '2018-09-18 00:00:00', '2018-09-18 06:30:20', 1, NULL, '1', '');

-- --------------------------------------------------------

--
-- Table structure for table `payment_upload`
--

CREATE TABLE `payment_upload` (
  `id` int(11) NOT NULL,
  `user_id` int(11) NOT NULL,
  `payment_ref_no` varchar(200) DEFAULT NULL,
  `deposit_date` date DEFAULT NULL,
  `transaction_mode` varchar(15) DEFAULT NULL,
  `fileupload` varchar(100) DEFAULT NULL,
  `trans` varchar(100) DEFAULT NULL,
  `chequeno` varchar(50) DEFAULT NULL,
  `partner_bank` varchar(255) DEFAULT NULL,
  `amount` double(10,2) NOT NULL,
  `deposit_bank` varchar(100) DEFAULT NULL,
  `deposit_branch` varchar(100) DEFAULT NULL,
  `remark` varchar(255) DEFAULT NULL,
  `status` tinyint(4) NOT NULL DEFAULT '0' COMMENT '0-Pending,1-Approved,2-Audit',
  `credit_date` varchar(50) DEFAULT NULL,
  `credit_amount` varchar(100) DEFAULT NULL,
  `audit_date` date DEFAULT NULL,
  `admin_remarks` varchar(255) DEFAULT NULL
) ENGINE=InnoDB DEFAULT CHARSET=latin1;

-- --------------------------------------------------------

--
-- Table structure for table `peak_time_charge`
--

CREATE TABLE `peak_time_charge` (
  `id` int(11) NOT NULL,
  `base_vehicle_id` int(11) NOT NULL,
  `start_time` time NOT NULL,
  `end_time` time NOT NULL,
  `peaktime_type` varchar(10) NOT NULL DEFAULT '%',
  `peaktime_value` int(11) NOT NULL,
  `created_date` datetime NOT NULL,
  `modified_date` timestamp NOT NULL DEFAULT CURRENT_TIMESTAMP ON UPDATE CURRENT_TIMESTAMP,
  `created_by` int(11) NOT NULL,
  `modified_by` int(11) NOT NULL DEFAULT '0',
  `status` enum('1','0') NOT NULL DEFAULT '1',
  `ip` varchar(20) NOT NULL
) ENGINE=InnoDB DEFAULT CHARSET=latin1;

--
-- Dumping data for table `peak_time_charge`
--

INSERT INTO `peak_time_charge` (`id`, `base_vehicle_id`, `start_time`, `end_time`, `peaktime_type`, `peaktime_value`, `created_date`, `modified_date`, `created_by`, `modified_by`, `status`, `ip`) VALUES
(1, 1, '00:30:00', '01:00:00', '%', 10, '2023-03-21 04:52:21', '2023-03-21 22:22:21', 1, 0, '1', '43.248.153.0'),
(2, 1, '01:15:00', '01:00:00', '%', 20, '2023-03-21 04:52:21', '2023-03-21 22:22:21', 1, 0, '1', '43.248.153.0'),
(3, 4, '00:30:00', '01:00:00', '%', 10, '2023-03-30 14:36:09', '2023-03-30 09:06:09', 14, 0, '1', '122.180.251.101'),
(4, 4, '01:15:00', '01:00:00', '%', 20, '2023-03-30 14:36:09', '2023-03-30 09:06:09', 14, 0, '1', '122.180.251.101'),
(5, 7, '00:30:00', '01:00:00', '%', 10, '2023-03-31 22:59:59', '2023-03-31 17:30:00', 17, 0, '1', '47.31.219.126'),
(6, 7, '01:15:00', '01:00:00', '%', 20, '2023-03-31 22:59:59', '2023-03-31 17:30:00', 17, 0, '1', '47.31.219.126');

-- --------------------------------------------------------

--
-- Table structure for table `postalcode_fare`
--

CREATE TABLE `postalcode_fare` (
  `id` int(11) NOT NULL,
  `base_vehicle_id` int(11) NOT NULL,
  `pickup_postcode` text NOT NULL,
  `drop_postcode` text NOT NULL,
  `price` varchar(10) NOT NULL,
  `created_date` datetime NOT NULL,
  `modified_date` timestamp NOT NULL DEFAULT CURRENT_TIMESTAMP ON UPDATE CURRENT_TIMESTAMP,
  `created_by` int(11) NOT NULL,
  `modified_by` int(11) NOT NULL DEFAULT '0',
  `status` enum('0','1') NOT NULL DEFAULT '1',
  `ip` varchar(20) NOT NULL
) ENGINE=InnoDB DEFAULT CHARSET=latin1;

--
-- Dumping data for table `postalcode_fare`
--

INSERT INTO `postalcode_fare` (`id`, `base_vehicle_id`, `pickup_postcode`, `drop_postcode`, `price`, `created_date`, `modified_date`, `created_by`, `modified_by`, `status`, `ip`) VALUES
(1, 1, '110032', '110031', '100', '2023-03-21 04:53:13', '2023-03-21 22:23:13', 1, 0, '1', '43.248.153.0'),
(2, 1, '110034', '110035', '200', '2023-03-21 04:53:13', '2023-03-21 22:23:13', 1, 0, '1', '43.248.153.0'),
(3, 4, '110032', '110031', '100', '2023-03-30 14:36:09', '2023-03-30 09:06:09', 14, 0, '1', '122.180.251.101'),
(4, 4, '110034', '110035', '200', '2023-03-30 14:36:09', '2023-03-30 09:06:09', 14, 0, '1', '122.180.251.101'),
(5, 7, '110032', '110031', '100', '2023-03-31 22:59:59', '2023-03-31 17:29:59', 17, 0, '1', '47.31.219.126'),
(6, 7, '110034', '110035', '200', '2023-03-31 22:59:59', '2023-03-31 17:29:59', 17, 0, '1', '47.31.219.126');

-- --------------------------------------------------------

--
-- Table structure for table `prefered_location`
--

CREATE TABLE `prefered_location` (
  `id` int(11) NOT NULL,
  `user_id` int(11) NOT NULL,
  `location_id` int(11) NOT NULL,
  `created_date` datetime NOT NULL,
  `modified_date` timestamp NOT NULL DEFAULT CURRENT_TIMESTAMP ON UPDATE CURRENT_TIMESTAMP,
  `created_by` int(11) NOT NULL,
  `modified_by` int(11) NOT NULL,
  `status` enum('0','1') NOT NULL,
  `ip` varchar(20) NOT NULL
) ENGINE=InnoDB DEFAULT CHARSET=latin1;

-- --------------------------------------------------------

--
-- Table structure for table `premiums_fare`
--

CREATE TABLE `premiums_fare` (
  `id` int(11) NOT NULL,
  `base_vehicle_id` int(11) NOT NULL,
  `premiums_type` varchar(10) NOT NULL COMMENT '1-%,2-Rs',
  `premiums_value` varchar(5) NOT NULL,
  `created_date` datetime NOT NULL,
  `modified_date` timestamp NOT NULL DEFAULT CURRENT_TIMESTAMP ON UPDATE CURRENT_TIMESTAMP,
  `created_by` int(11) NOT NULL,
  `modified_by` int(11) NOT NULL DEFAULT '0',
  `status` enum('1','0') NOT NULL DEFAULT '1',
  `ip` varchar(20) NOT NULL
) ENGINE=InnoDB DEFAULT CHARSET=latin1;

--
-- Dumping data for table `premiums_fare`
--

INSERT INTO `premiums_fare` (`id`, `base_vehicle_id`, `premiums_type`, `premiums_value`, `created_date`, `modified_date`, `created_by`, `modified_by`, `status`, `ip`) VALUES
(1, 1, 'Rs', '200', '2023-03-21 04:52:21', '2023-03-21 22:22:21', 1, 0, '1', '43.248.153.0'),
(2, 3, 'Rs', '', '2023-03-30 01:51:15', '2023-03-30 07:21:15', 13, 0, '1', '122.162.148.55'),
(3, 4, 'Rs', '200', '2023-03-30 14:36:09', '2023-03-30 09:06:09', 14, 0, '1', '122.180.251.101'),
(4, 6, '%', '', '2023-03-30 03:52:24', '2023-03-30 09:22:24', 14, 0, '1', '122.180.251.101'),
(5, 7, 'Rs', '200', '2023-03-31 22:59:59', '2023-03-31 17:29:59', 17, 0, '1', '47.31.219.126');

-- --------------------------------------------------------

--
-- Table structure for table `pre_waiting_charge`
--

CREATE TABLE `pre_waiting_charge` (
  `id` int(11) NOT NULL,
  `base_vehicle_id` int(11) NOT NULL,
  `pre_waiting_upto_minutes` text NOT NULL,
  `pre_waiting_fees` varchar(5) NOT NULL,
  `created_by` int(11) NOT NULL,
  `created_date` datetime NOT NULL,
  `modified_date` timestamp NOT NULL DEFAULT CURRENT_TIMESTAMP ON UPDATE CURRENT_TIMESTAMP,
  `modified_by` int(11) NOT NULL DEFAULT '0',
  `status` tinyint(4) NOT NULL DEFAULT '1',
  `ip` varchar(20) NOT NULL
) ENGINE=InnoDB DEFAULT CHARSET=latin1;

--
-- Dumping data for table `pre_waiting_charge`
--

INSERT INTO `pre_waiting_charge` (`id`, `base_vehicle_id`, `pre_waiting_upto_minutes`, `pre_waiting_fees`, `created_by`, `created_date`, `modified_date`, `modified_by`, `status`, `ip`) VALUES
(1, 1, '10', '100', 1, '2023-03-21 04:51:23', '2023-03-21 22:21:23', 0, 1, '43.248.153.0'),
(2, 1, '20', '200', 1, '2023-03-21 04:51:23', '2023-03-21 22:21:23', 0, 1, '43.248.153.0'),
(3, 3, '60', '100', 1, '2023-03-30 01:59:00', '2023-03-30 07:29:00', 0, 1, '122.180.251.101'),
(4, 4, '10', '100', 14, '2023-03-30 14:36:09', '2023-03-30 09:06:09', 0, 1, '122.180.251.101'),
(5, 4, '20', '200', 14, '2023-03-30 14:36:09', '2023-03-30 09:06:09', 0, 1, '122.180.251.101'),
(6, 6, '60', '100', 14, '2023-03-30 03:50:31', '2023-03-30 09:20:31', 0, 1, '122.180.251.101'),
(7, 7, '20', '200', 17, '2023-03-31 22:59:59', '2023-03-31 17:29:59', 0, 1, '47.31.219.126'),
(8, 7, '10', '100', 17, '2023-03-31 22:59:59', '2023-03-31 17:29:59', 0, 1, '47.31.219.126');

-- --------------------------------------------------------

--
-- Table structure for table `qualification`
--

CREATE TABLE `qualification` (
  `id` int(11) NOT NULL,
  `user_id` int(11) NOT NULL,
  `qualification_name` varchar(255) NOT NULL,
  `created_date` datetime NOT NULL,
  `modified_date` timestamp NOT NULL DEFAULT CURRENT_TIMESTAMP ON UPDATE CURRENT_TIMESTAMP,
  `created_by` int(11) NOT NULL,
  `modified_by` int(11) NOT NULL,
  `status` enum('0','1') NOT NULL,
  `ip` varchar(20) NOT NULL
) ENGINE=InnoDB DEFAULT CHARSET=latin1;

-- --------------------------------------------------------

--
-- Table structure for table `quantity`
--

CREATE TABLE `quantity` (
  `id` int(11) NOT NULL,
  `quantity_value` int(11) NOT NULL,
  `status` int(11) NOT NULL
) ENGINE=InnoDB DEFAULT CHARSET=latin1;

--
-- Dumping data for table `quantity`
--

INSERT INTO `quantity` (`id`, `quantity_value`, `status`) VALUES
(1, 1, 1),
(2, 2, 1),
(3, 3, 1),
(4, 4, 1),
(5, 5, 1),
(6, 6, 1),
(7, 8, 1),
(8, 9, 1),
(9, 10, 1);

-- --------------------------------------------------------

--
-- Table structure for table `quick_call_history`
--

CREATE TABLE `quick_call_history` (
  `ID` int(11) NOT NULL,
  `CallerID` int(11) DEFAULT NULL,
  `NewCall` varchar(50) DEFAULT NULL,
  `PhoneID` varchar(50) DEFAULT NULL,
  `PhoneNo` varchar(50) DEFAULT NULL,
  `CallDateTime` varchar(50) DEFAULT NULL,
  `CallEndDateTime` varchar(50) DEFAULT NULL,
  `identifier` varchar(50) DEFAULT NULL,
  `Attempt` varchar(50) DEFAULT NULL,
  `ForCompaignID` varchar(50) DEFAULT NULL,
  `StatusID` varchar(50) DEFAULT NULL,
  `AreaTimeGap` varchar(50) DEFAULT NULL,
  `SmdrRunning` varchar(50) DEFAULT NULL,
  `Priority` varchar(50) DEFAULT NULL
) ENGINE=InnoDB DEFAULT CHARSET=latin1;

-- --------------------------------------------------------

--
-- Table structure for table `quick_login_history`
--

CREATE TABLE `quick_login_history` (
  `ID` int(11) NOT NULL,
  `LoginID` int(11) DEFAULT NULL,
  `QAgentID` varchar(50) DEFAULT NULL,
  `QAgentName` varchar(50) DEFAULT NULL,
  `QCompaignName` varchar(50) DEFAULT NULL,
  `QLoginDateTime` varchar(50) DEFAULT NULL
) ENGINE=InnoDB DEFAULT CHARSET=latin1;

-- --------------------------------------------------------

--
-- Table structure for table `recently_viewed`
--

CREATE TABLE `recently_viewed` (
  `id` int(11) NOT NULL,
  `user_id` int(11) NOT NULL,
  `booking_stage` varchar(255) DEFAULT NULL,
  `booking_data` text,
  `created_date` datetime NOT NULL,
  `modified_date` timestamp NOT NULL DEFAULT CURRENT_TIMESTAMP ON UPDATE CURRENT_TIMESTAMP,
  `created_by` int(11) DEFAULT NULL,
  `modified_by` int(11) DEFAULT NULL,
  `status` tinyint(4) NOT NULL DEFAULT '1',
  `ip` varchar(20) NOT NULL
) ENGINE=InnoDB DEFAULT CHARSET=latin1;

--
-- Dumping data for table `recently_viewed`
--

INSERT INTO `recently_viewed` (`id`, `user_id`, `booking_stage`, `booking_data`, `created_date`, `modified_date`, `created_by`, `modified_by`, `status`, `ip`) VALUES
(1, 5, 'Booking Search', '{\"adults\":\"2\",\"childs\":\"2\",\"luggages\":\"2\",\"no_of_vehicles\":\"1\",\"flight_mode\":\"0\",\"flight_number\":\"\",\"flight_time\":\"\",\"pickup_address\":\"Delhi Cantonment, New Delhi, Delhi, India\",\"flight_mode_selected\":\"\",\"module_type\":\"2\",\"source_name\":\"Chandigarh\",\"destination_name\":\"Chandigarh\",\"master_package_type\":\"4\",\"pickcity_id\":\"707\",\"city_latitude\":\"28.6139391\",\"city_longitude\":\"77.2090212\",\"city_northeast_latitude\":\"28.65048\",\"city_northeast_longitude\":\"77.3449601\",\"city_southwest_latitude\":\"28.4041\",\"city_southwest_longitude\":\"77.07301009999999\",\"nationality\":\"Indian\",\"new-product\":{\"items\":[{\"pickup_city\":\"Delhi-NCR\",\"drop_city\":\"Shimla\",\"pickup_date\":\"31-3-2023\",\"pickup_time\":\"09:30\",\"days\":\"2\"},{\"pickup_city\":\"Shimla\",\"drop_city\":\"Manali\",\"pickup_date\":\"2-4-2023\",\"pickup_time\":\"11:00\",\"days\":\"2\"},{\"pickup_city\":\"Manali\",\"drop_city\":\"Chandigarh\",\"pickup_date\":\"4-4-2023\",\"pickup_time\":\"11:00\",\"days\":\"2\"},{\"pickup_city\":\"Chandigarh\",\"drop_city\":\"Chandigarh\",\"pickup_date\":\"6-4-2023\",\"pickup_time\":\"16:00\",\"days\":\"\"}]}}', '2023-03-12 22:49:26', '2023-03-12 17:19:26', 5, NULL, 1, '103.165.115.29'),
(2, 6, 'Booking Search', '{\"pickup_city\":\"Lucknow\",\"drop_city\":\"Ayodhya\",\"pickup_date\":\"31-3-2023\",\"pickup_time\":\"23:00\",\"pickup_address\":\"Lucknow airport \",\"nationality\":\"Indian\",\"flight_mode\":\"0\",\"flight_mode_selected\":\"\",\"flight_number\":\"\",\"flight_time\":\"\",\"adults\":\"1\",\"childs\":\"0\",\"luggages\":\"0\",\"no_of_vehicles\":\"1\",\"module_type\":\"\",\"master_package_type\":\"5\",\"pickcity_id\":\"4933\",\"dropcity_id\":\"4575\",\"city_latitude\":\"26.847\",\"city_longitude\":\"80.947\",\"city_northeast_latitude\":\"\",\"city_northeast_longitude\":\"\",\"city_southwest_latitude\":\"\",\"city_southwest_longitude\":\"\",\"search_a_car\":\"Search a Car\"}', '2023-03-15 21:55:23', '2023-03-15 16:25:23', 6, NULL, 1, '152.58.35.229'),
(3, 9, 'Booking Search', '{\"pickup_city\":\"Delhi-NCR\",\"package_id\":\"12\",\"pickup_area\":\"Karol Bagh Market\",\"pickup_area_value\":\"28.6452115,77.1885748\",\"pickup_address\":\"121, DB Gupta Road, Ratan Lal Market, New Delhi, Delhi, India\",\"nationality\":\"Indian\",\"local_pickup\":\"2\",\"pickup_now_selected\":\"\",\"pickup_later_selected\":\"\",\"pickup_date\":\"21-03-2023\",\"pickup_time\":\"23:00:16\",\"adults\":\"1\",\"childs\":\"0\",\"luggages\":\"0\",\"no_of_vehicles\":\"1\",\"master_package_type\":\"1\",\"city_id\":\"707\",\"vehicle_type_id\":\"\",\"city_latitude\":\"28.6139391\",\"city_longitude\":\"77.2090212\",\"city_northeast_latitude\":\"28.65048\",\"city_northeast_longitude\":\"77.3449601\",\"city_southwest_latitude\":\"28.4041\",\"city_southwest_longitude\":\"77.07301009999999\"}', '2023-03-22 04:00:16', '2023-03-21 22:30:16', 9, NULL, 1, '43.248.153.0'),
(4, 9, 'Booking Search', '{\"pickup_city\":\"Delhi-NCR\",\"package_id\":\"12\",\"pickup_area\":\"Karol Bagh Market\",\"pickup_area_value\":\"28.6452115,77.1885748\",\"pickup_address\":\"121, DB Gupta Road, Ratan Lal Market, New Delhi, Delhi, India\",\"nationality\":\"Indian\",\"local_pickup\":\"2\",\"pickup_now_selected\":\"\",\"pickup_later_selected\":\"\",\"pickup_date\":\"21-03-2023\",\"pickup_time\":\"23:00:28\",\"adults\":\"1\",\"childs\":\"0\",\"luggages\":\"0\",\"no_of_vehicles\":\"1\",\"master_package_type\":\"1\",\"city_id\":\"707\",\"vehicle_type_id\":\"\",\"city_latitude\":\"28.6139391\",\"city_longitude\":\"77.2090212\",\"city_northeast_latitude\":\"28.65048\",\"city_northeast_longitude\":\"77.3449601\",\"city_southwest_latitude\":\"28.4041\",\"city_southwest_longitude\":\"77.07301009999999\",\"search_a_car\":\"Search a Car\"}', '2023-03-22 04:00:28', '2023-03-21 22:30:28', 9, NULL, 1, '43.248.153.0'),
(5, 9, 'Booking Search', '{\"pickup_city\":\"Delhi-NCR\",\"package_id\":\"12\",\"pickup_area\":\"Karol Bagh Market\",\"pickup_area_value\":\"28.6452115,77.1885748\",\"pickup_address\":\"121, DB Gupta Road, Ratan Lal Market, New Delhi, Delhi, India\",\"nationality\":\"Indian\",\"local_pickup\":\"2\",\"pickup_now_selected\":\"\",\"pickup_later_selected\":\"\",\"pickup_date\":\"21-03-2023\",\"pickup_time\":\"23:01:46\",\"adults\":\"1\",\"childs\":\"0\",\"luggages\":\"0\",\"no_of_vehicles\":\"1\",\"master_package_type\":\"1\",\"city_id\":\"707\",\"vehicle_type_id\":\"\",\"city_latitude\":\"28.6139391\",\"city_longitude\":\"77.2090212\",\"city_northeast_latitude\":\"28.65048\",\"city_northeast_longitude\":\"77.3449601\",\"city_southwest_latitude\":\"28.4041\",\"city_southwest_longitude\":\"77.07301009999999\",\"search_a_car\":\"Search a Car\"}', '2023-03-22 04:01:46', '2023-03-21 22:31:46', 9, NULL, 1, '43.248.153.0');

-- --------------------------------------------------------

--
-- Table structure for table `referral_discount_amount`
--

CREATE TABLE `referral_discount_amount` (
  `id` int(11) NOT NULL,
  `code` varchar(50) DEFAULT NULL,
  `user_type` int(11) NOT NULL COMMENT '1-N User,2-UNReg User,3-Driver,4-Vendor,5-Guide,6-Corporate,7-Agent',
  `installation_amount_user` int(11) NOT NULL,
  `installation_amount_referer` int(11) NOT NULL,
  `booking_amount_percent` int(11) NOT NULL,
  `created` datetime NOT NULL,
  `modified` timestamp NOT NULL DEFAULT CURRENT_TIMESTAMP ON UPDATE CURRENT_TIMESTAMP
) ENGINE=InnoDB DEFAULT CHARSET=latin1;

--
-- Dumping data for table `referral_discount_amount`
--

INSERT INTO `referral_discount_amount` (`id`, `code`, `user_type`, `installation_amount_user`, `installation_amount_referer`, `booking_amount_percent`, `created`, `modified`) VALUES
(1, NULL, 1, 100, 50, 4, '2018-11-01 08:07:11', '2018-11-13 06:00:02'),
(2, NULL, 2, 100, 50, 1, '2018-11-02 04:18:08', '2018-11-13 06:00:04'),
(3, NULL, 3, 100, 50, 2, '2018-11-03 08:13:17', '2018-11-13 06:00:07'),
(4, NULL, 4, 100, 50, 4, '2018-11-01 08:07:11', '2018-11-13 06:00:02'),
(5, NULL, 5, 100, 50, 1, '2018-11-02 04:18:08', '2018-11-13 06:00:04'),
(6, NULL, 6, 100, 50, 2, '2018-11-03 08:13:17', '2018-11-13 06:00:07'),
(7, NULL, 7, 500, 50, 2, '2018-11-03 08:13:17', '2023-04-02 06:25:27');

-- --------------------------------------------------------

--
-- Table structure for table `referral_signup_history`
--

CREATE TABLE `referral_signup_history` (
  `id` int(11) NOT NULL,
  `user_id` int(11) NOT NULL,
  `referer_id` int(11) NOT NULL,
  `user_amount` int(11) NOT NULL,
  `referer_amount` int(11) NOT NULL,
  `created` datetime NOT NULL,
  `modified` timestamp NOT NULL DEFAULT CURRENT_TIMESTAMP ON UPDATE CURRENT_TIMESTAMP
) ENGINE=InnoDB DEFAULT CHARSET=latin1;

-- --------------------------------------------------------

--
-- Table structure for table `region_text`
--

CREATE TABLE `region_text` (
  `id` int(11) NOT NULL,
  `page_type` int(11) NOT NULL,
  `text` text NOT NULL,
  `text_id` varchar(110) NOT NULL,
  `text_status` int(11) NOT NULL,
  `page_title` varchar(11) NOT NULL,
  `lang` int(11) NOT NULL,
  `page` int(11) DEFAULT NULL
) ENGINE=InnoDB DEFAULT CHARSET=latin1;

--
-- Dumping data for table `region_text`
--

INSERT INTO `region_text` (`id`, `page_type`, `text`, `text_id`, `text_status`, `page_title`, `lang`, `page`) VALUES
(1, 1, 'Delhi and NCR', 'home_regions', 1, 'home', 2, NULL),
(2, 1, 'Mumbai', 'home_regions', 1, 'home', 4, NULL),
(3, 1, 'About Us', 'home_aboutus', 1, 'home', 2, NULL),
(4, 1, 'About Us_m', 'home_aboutus', 1, 'home', 4, NULL),
(5, 1, 'services', 'home_services', 1, 'home', 2, NULL),
(6, 1, 'services_m', 'home_services', 1, 'home', 4, NULL),
(8, 1, 'services_m', 'home_services', 1, 'home', 4, NULL),
(9, 1, 'partners', 'home_partners', 1, 'home', 2, NULL),
(10, 1, 'partners_m', 'home_partners', 1, 'home', 4, NULL),
(11, 1, 'partners', 'home_partners', 1, 'home', 2, NULL),
(12, 1, 'partners_m', 'home_partners', 1, 'home', 4, NULL),
(13, 1, 'careers', 'home_careers', 1, 'home', 2, NULL),
(14, 1, 'careers_m', 'home_careers', 1, 'home', 4, NULL),
(15, 1, 'testimonials', 'home_testimonials', 1, 'home', 2, NULL),
(20, 1, 'testimonials_m', 'home_testimonials', 1, 'home', 4, NULL),
(23, 1, 'Contact Us', 'home_contact', 1, 'home', 2, NULL),
(24, 1, 'Contact Us_m', 'home_contact', 1, 'home', 4, NULL),
(25, 1, 'Terms & Conditions', 'home_tc', 1, 'home', 2, NULL),
(26, 1, 'Local Hire', 'local', 1, 'home', 2, NULL),
(27, 1, 'Point to Point', 'point', 1, 'home', 2, NULL),
(28, 1, 'Transfer', 'airport', 1, 'home', 2, NULL),
(29, 1, 'Outstation', 'outstation', 1, 'home', 2, NULL),
(30, 1, 'Packages', 'packages', 1, 'home', 2, NULL),
(31, 1, 'I want a Cab in', 'local_cabIn', 1, 'home', 2, NULL),
(32, 1, 'I want a Cab for', 'local_cabFor', 1, 'home', 2, NULL),
(33, 1, 'No. of Adults', 'local_nosOfAdult', 1, 'home', 2, NULL),
(34, 1, 'No. of Children', 'local_nosofChild', 1, 'home', 2, NULL),
(35, 1, 'No. of Luggages', 'local_nosofLuggages', 1, 'home', 2, NULL),
(36, 1, 'Pickup Location', 'local_pickup_location', 1, 'home', 2, NULL),
(37, 1, 'Pickup Address', 'local_pickup_address', 1, 'home', 2, NULL),
(38, 1, 'Car Types', 'local_carsTypes', 1, 'home', 2, NULL),
(39, 1, 'Economy', 'local_economy', 1, 'home', 2, NULL),
(40, 1, 'Sedan', 'local_prime', 1, 'home', 2, NULL),
(41, 1, 'Prime', 'local_higher', 1, 'home', 2, NULL),
(42, 1, 'Pickup Date', 'local_pickup_date', 1, 'home', 2, NULL),
(43, 1, 'Pickup Time', 'local_pickup_time', 1, 'home', 2, NULL),
(44, 1, 'Nationality', 'local_nationality', 1, 'home', 2, NULL),
(45, 1, 'Book Immediately', 'local_immediately', 1, 'home', 2, NULL),
(46, 1, 'Please Select', 'local_p_select', 1, 'home', 2, NULL),
(47, 1, 'Delhi/NCR', 'local_selected_region', 1, 'home', 2, NULL),
(48, 1, 'Pick Now', 'picknow_local', 1, 'home', 2, NULL),
(49, 1, '(with in 30 min)', 'picknow_condions_local', 1, 'home', 2, NULL),
(50, 1, 'Book Later', 'booklater_local', 1, 'home', 2, NULL),
(51, 1, '(After 1 Hr.)', 'booklater_conditions_local', 1, 'home', 2, NULL),
(52, 1, 'MAKE YOUR BOOKING NOW', '102', 1, 'home', 2, NULL),
(53, 1, 'Choose Location', 'localPickupArea', 1, 'home', 2, NULL),
(54, 1, 'Pickup Area', 'point_pickup', 1, 'home', 2, NULL),
(55, 1, 'Drop Area', 'point_drop', 1, 'home', 2, NULL),
(56, 1, 'Flight Number', 'flight_nos', 1, 'home', 2, NULL),
(57, 1, 'Airport', 'point_airport', 1, 'home', 2, NULL),
(58, 1, 'Drop Location<span style=\"color:#F00\">*</span>', 'airport_drop_location', 1, 'home', 2, NULL),
(59, 1, 'Landmark', 'airport_landmark', 1, 'home', 2, NULL),
(60, 1, 'Going to Airport / Train', 'airport_goingto', 1, 'home', 2, NULL),
(61, 1, 'Coming from Airport / Train', 'airport_coming', 1, 'home', 2, NULL),
(62, 1, 'Roundtrip', 'outstation_roundtrip', 1, 'home', 2, NULL),
(63, 1, 'One Way', 'outstation_oneway', 1, 'home', 2, NULL),
(64, 1, 'Multicity', 'outstation_multicity', 1, 'home', 2, NULL),
(65, 1, 'From', 'outstation_from', 1, 'home', 2, NULL),
(66, 1, 'To', 'outstaion_to', 1, 'home', 2, NULL),
(67, 1, 'Departure', 'outstation_departure', 1, 'home', 2, NULL),
(68, 1, 'Return', 'outstation_return', 1, 'home', 2, NULL),
(69, 1, '+Add Another City', 'outstation_addcity', 1, 'home', 2, NULL),
(70, 1, 'Drop Address<span style=\"color:#F00\">*</span>', 'airport_dropadds', 1, 'home', 2, NULL),
(71, 1, 'Home', 'menu_home', 1, 'home', 2, NULL),
(72, 1, 'About us', 'menu_aboutus', 1, 'home', 2, NULL),
(73, 1, 'Services', 'home_services', 1, 'home', 2, NULL),
(74, 1, 'Contact us', 'home_contact', 1, 'home', 2, NULL),
(75, 1, 'Total Bookings:', 'lbltotalbookings', 1, 'homep', 2, NULL),
(76, 2, 'Complaint Bookings:', 'lblcomplaintbookings', 1, 'home', 2, NULL),
(77, 2, 'Cancel Booking:', 'lblcancelbookin', 1, 'home', 2, NULL),
(78, 1, 'Rejection :', 'lblstaticsrejection', 1, 'home', 2, NULL),
(79, 1, 'Enquery Bookings:', 'lblenquerybookingstatics', 1, 'home', 2, NULL),
(80, 1, 'Reshedule Bookings:', 'lblreshedulestatics', 1, 'home', 2, NULL),
(81, 1, 'Break Time:', 'lblbreaktimestatics', 1, 'home', 2, NULL),
(82, 1, 'Caller Id', 'lblcallerid', 1, 'home', 2, NULL),
(83, 1, 'Caller Name', 'lblcallername', 1, 'home', 2, NULL),
(84, 1, 'Cust Type', 'lblcusttype', 1, 'home', 2, NULL),
(85, 1, 'Company', 'lblcompny', 1, 'home', 2, NULL),
(86, 1, 'Alt No', 'lblaltno', 1, 'home', 2, NULL),
(88, 1, 'No. of Taxis', 'lblnooftaxi', 1, 'home', 2, NULL),
(89, 1, 'Pickup Time', 'lblpicktime', 1, 'home', 2, NULL),
(90, 1, 'Alert', 'lblalert', 1, 'home', 2, NULL),
(91, 1, 'Priority', 'lbpriority', 1, 'home', 2, NULL),
(92, 1, 'Your Performance for the day', 'grpperformance', 1, 'home', 2, NULL),
(93, 1, 'Answer Call Info', 'lblanswercall', 1, 'home', 2, NULL),
(94, 1, 'Dispose-Rejection', 'lbldispose', 1, 'home', 2, NULL),
(95, 1, 'Promotional Messages', 'lbl_promotional_messag', 1, 'home', 2, NULL),
(96, 1, 'Recent 10 Booking Details:', 'lbl_recent_10_booking', 1, 'home', 2, NULL),
(97, 1, 'Is on call Rejection', 'Islbl_Is_on_call_Rejection', 1, 'home', 2, NULL),
(98, 1, 'Reason :', 'lblreason', 1, 'home', 2, NULL),
(99, 1, 'Remark :', 'lblremark', 1, 'home', 2, NULL),
(100, 1, 'Cust List :', 'lblcust_list', 1, 'home', 2, NULL),
(101, 1, 'Cust Lon :', 'lbl_cust_lon', 1, 'home', 2, NULL),
(103, 1, 'Taxi Type :', 'lbl_taxi_type', 1, 'home', 2, NULL),
(104, 1, 'Economy', 'radeco', 1, 'home', 2, NULL),
(105, 1, 'Sedan', 'radpri', 1, 'home', 2, NULL),
(106, 1, 'Prime', 'radluxy', 1, 'home', 2, NULL),
(107, 1, 'Email Id:', 'lbl_email', 1, 'home', 2, NULL),
(108, 1, 'Email Bill:', 'lbl_email_bill_checkbox', 1, 'home', 2, NULL),
(109, 1, 'Taxi Type :', 'lbltaxitype_promotional', 1, 'home', 2, NULL),
(110, 1, 'Economy', 'radioeconomy_prmotional', 1, 'home', 2, NULL),
(111, 1, 'Sedan', 'radio_pri__prmotional', 1, 'home', 2, NULL),
(112, 1, 'Prime', 'radio_lux__prmotional', 1, 'home', 2, NULL),
(113, 1, 'Email Id:', 'lbl_email_prmotional', 1, 'home', 2, NULL),
(114, 1, 'Email Bill:', 'lbl_email_bill_prmotional', 1, 'home', 2, NULL),
(116, 1, 'Caller Id', 'lblcallerid', 1, 'customer', 2, NULL),
(117, 1, 'Job No', 'lbljobno', 1, 'customer', 2, NULL),
(118, 1, 'Complaint Id', 'lblcomplaintid', 1, 'customer', 2, NULL),
(119, 1, 'Complaint Id', 'lbl_complaintid1', 1, 'customer', 2, NULL),
(120, 1, 'Caller Name', 'lbl_callername', 1, 'customer', 2, NULL),
(121, 1, 'Camplaint Type', 'lblcomplainttype', 1, 'customer', 2, NULL),
(122, 1, 'Internal', 'radinternal', 1, 'customer', 2, NULL),
(123, 1, 'External', 'radioexter', 1, 'customer', 2, NULL),
(124, 1, 'Taxi Type', 'lbl_taxi_type', 1, 'customer', 2, NULL),
(125, 1, 'Old Taxi', 'radiooldtaxi', 1, 'customer', 2, NULL),
(126, 1, 'New Taxi', 'radionewtaxi', 1, 'customer', 2, NULL),
(127, 1, 'Not Know', 'radionotknow', 1, 'customer', 2, NULL),
(128, 1, 'Taxi No.', 'lbltaxitype', 1, 'customer', 2, NULL),
(129, 1, 'Franchise', 'lbl_franchise', 1, 'customer', 2, NULL),
(130, 1, 'Model', 'lbl_model', 1, 'customer', 2, NULL),
(131, 1, 'DriverId/Name', 'lbldrivername', 1, 'customer', 2, NULL),
(132, 1, 'Permit No', 'lbl_permint_no', 1, 'customer', 2, NULL),
(133, 1, 'Date', 'lbl_datetime', 1, 'customer', 2, NULL),
(134, 1, 'Pickup Location', 'lblpicklocation', 1, 'customer', 2, NULL),
(135, 1, 'Drop Location', 'lbl_drop_location', 1, 'customer', 2, NULL),
(136, 1, 'Status', 'lbl_status', 1, 'customer', 2, NULL),
(137, 1, 'Alternate No', 'lblalterno', 1, 'customer', 2, NULL),
(138, 1, 'Complaint', 'lbl_complain', 1, 'customer', 2, NULL),
(139, 1, 'Description', 'lbldescription', 1, 'customer', 2, NULL),
(140, 1, 'Mode Of Communication', 'lbl_mode_of_comm', 1, 'customer', 2, NULL),
(141, 1, '3 Vehical Conditon  bad', 'chkvvehicalcondition', 1, 'customer', 2, NULL),
(142, 1, '22 No License /Permit/Identity Card', 'chkvlicenc', 1, 'customer', 2, NULL),
(143, 1, '23 No Fare Card', 'chkvnofarecard', 1, 'customer', 2, NULL),
(144, 1, '42 a c is not working', 'chkvacnot', 1, 'customer', 2, NULL),
(145, 1, '1 Wrongly Charged', 'chkfwronglycharged', 1, 'customer', 2, NULL),
(146, 1, '5 Taxi meter not functioning', 'chkftaximeternotfunctioning', 1, 'customer', 2, NULL),
(147, 1, '6 Driver turned on meter wrongly', 'chkfdrivertrunmeterwrong', 1, 'customer', 2, NULL),
(148, 1, '7 Meter fare wrong', 'chkfmeterfarewrong', 1, 'customer', 2, NULL),
(149, 1, '2 Rush driving causing accident', 'chkdrushdriving', 1, 'customer', 2, NULL),
(150, 1, '4 Driver used abusive/harsh lang', 'chkddriverusedabused', 1, 'customer', 2, NULL),
(151, 1, '10 Rushing Driving', 'chkdrushingdriving', 1, 'customer', 2, NULL),
(152, 1, '11 Not following traffic rule', 'chkdnotfollowingtrafficrule', 1, 'customer', 2, NULL),
(153, 1, 'Complaints Details', 'lblcomplaint_detail', 1, 'customer', 2, NULL),
(154, 1, 'Driver Complaints', 'lbldrivercomplaint', 1, 'customer', 2, NULL),
(155, 1, 'Fare Complaints', 'lblfarecomplaint', 1, 'customer', 2, NULL),
(156, 1, 'Vehical Complaints', 'lblvehicalcomplaint', 1, 'customer', 2, NULL),
(157, 1, 'Complaints', 'lblcomplaints', 1, 'customer', 2, NULL),
(158, 1, 'Customer Care', 'lblcustomercare', 1, 'customer_ca', 2, NULL),
(159, 1, 'Caller Id', 'lblcallerid', 1, 'customer_ca', 2, NULL),
(160, 1, 'Caller Name', 'lblcallername', 1, 'customer_ca', 2, NULL),
(161, 1, 'Reshudule', 'lbl_reshedule', 1, 'customer_ca', 2, NULL),
(162, 1, 'Other Details', 'lblotherdetails', 1, 'customer_ca', 2, NULL),
(163, 1, 'Order No', 'lbl_order', 1, 'customer_ca', 2, NULL),
(164, 1, 'Old Time', 'lbloldtime', 1, 'customer_ca', 2, NULL),
(165, 1, 'Taxi No', 'lbl_taxi_no', 1, 'customer_ca', 2, NULL),
(166, 1, 'Driver Name', 'lbl_driver_name', 1, 'customer_ca', 2, NULL),
(167, 1, 'Mob No', 'lbl_mob_no', 1, 'customer_ca', 2, NULL),
(168, 1, 'Dispose', 'radiodispose', 1, 'customer_ca', 2, NULL),
(169, 1, 'Reschedule', 'radioreshudul', 1, 'customer_ca', 2, NULL),
(170, 1, 'Cancel', 'Radiocancel', 1, 'customer_ca', 2, NULL),
(171, 1, 'Reason and Remark', 'lbl_reson_remark', 1, 'customer_ca', 2, NULL),
(172, 1, 'Reason', 'lbl_reason', 1, 'customer_ca', 2, NULL),
(173, 1, 'Remark', 'lbl_remark', 1, 'customer_ca', 2, NULL),
(174, 1, 'Recent 10 Booking Details:', 'lbl_recent_booking_details', 1, 'customer_ca', 2, NULL),
(175, 1, 'Customer Last', 'lblcust_last', 1, 'customer_ca', 2, NULL),
(176, 1, 'Customer Lon', 'lbl_cusr_lon', 1, 'customer_ca', 2, NULL),
(177, 1, 'Drop Lon', 'lbl_cusr_lon', 1, 'customer_ca', 2, NULL),
(178, 1, 'Login', 'login_user', 1, 'home', 2, NULL),
(179, 1, 'SignUp', 'user_signup', 1, 'home', 2, NULL),
(180, 1, 'Log out', 'user_logout', 1, 'home', 2, NULL),
(181, 1, 'My Account', 'useraccount', 1, 'home', 2, NULL),
(182, 1, 'Break', 'btnbrk', 1, 'homep', 2, NULL),
(183, 1, 'Break', 'btnbrk', 1, 'home', 2, NULL),
(184, 1, 'Check', 'btncheck', 1, 'home', 2, NULL),
(185, 1, 'Availability', 'btnavailblity', 1, 'home', 2, NULL),
(186, 1, 'Complementry', 'btncomplementry', 1, 'home', 2, NULL),
(187, 1, 'Reshudule', 'btnreschudle1', 1, 'home', 2, NULL),
(188, 1, 'Complaint', 'btndispatch1', 1, 'home', 2, NULL),
(189, 1, 'Enquiry', 'btnenquery1', 1, 'home', 2, NULL),
(190, 1, 'Swap', 'btnswap1', 1, 'home', 2, NULL),
(191, 1, 'Show', 'btnshow1', 1, 'home', 2, NULL),
(192, 1, 'Distance', 'btndist', 1, 'home', 2, NULL),
(193, 1, 'Add Point', 'btnaddpoint', 1, 'home', 2, NULL),
(194, 1, 'Save', 'btnsave', 1, 'home', 2, NULL),
(195, 1, 'Dispatch', 'btndispatch', 1, 'home', 2, NULL),
(196, 1, 'Enquiry', 'lblenquiry', 1, 'enquiry', 2, NULL),
(197, 1, 'Caller Name', 'lblcallername', 1, 'enquiry', 2, NULL),
(198, 1, 'Contact No.', 'lblcontactno', 1, 'enquiry', 2, NULL),
(199, 1, 'Email', 'lblemail', 1, 'enquiry', 2, NULL),
(200, 1, 'City', 'lblcity', 1, 'enquiry', 2, NULL),
(201, 1, 'Locality', 'lbllocality', 1, 'enquiry', 2, NULL),
(202, 1, 'Enq Type', 'lblenqtype', 1, 'enquiry', 2, NULL),
(203, 1, 'Action', 'lblaction', 1, 'enquiry', 2, NULL),
(204, 1, 'Address', 'lbladdress', 1, 'enquiry', 2, NULL),
(205, 1, 'Message', 'lblmessage', 1, 'enquiry', 2, NULL),
(206, 1, 'How would you prefer contacted', 'lbl_prefered_contacted', 1, 'enquiry', 2, NULL),
(207, 1, 'None', 'radionone', 1, 'enquiry', 2, NULL),
(208, 1, 'Call Back', 'radiocallback', 1, 'enquiry', 2, NULL),
(209, 1, 'Email', 'radioemail', 1, 'enquiry', 2, NULL),
(210, 1, 'Recent 10 Enquiries By This Caller', 'lbl_recent_enquiry_by_this_caller', 1, 'enquiry', 2, NULL),
(211, 1, 'Save', 'btnsave', 1, 'enquiry', 2, NULL),
(212, 1, 'User Id :', 'lbluserid', 1, 'login', 2, NULL),
(213, 1, 'Password :', 'lblpassword', 1, 'login', 2, NULL),
(214, 1, 'Login', 'button2', 1, 'login', 2, NULL),
(215, 1, 'Cancel', 'button1', 1, 'login', 2, NULL),
(216, 1, 'Error', 'lblError', 1, 'login', 2, NULL),
(217, 1, 'Answer Call', 'toolStripButton11', 1, 'login', 2, NULL),
(218, 1, 'Customer Care', 'toolStripButton12', 1, 'login', 2, NULL),
(219, 1, 'Enquiry', 'toolStripButton13', 1, 'login', 2, NULL),
(220, 1, 'Moniter Job', 'toolStripButton14', 1, 'login', 2, NULL),
(221, 1, 'Complaints', 'toolStripButton16', 1, 'login', 2, NULL),
(222, 1, 'Link', 'toolStripButton15', 1, 'login', 2, NULL),
(223, 1, 'Track Cab', 'toolStripButton17', 1, 'login', 2, NULL),
(224, 1, 'Exit', 'toolStripButton18', 1, 'login', 2, NULL),
(225, 1, 'Cancel', 'btncancel', 1, 'newcompany', 2, NULL),
(226, 1, 'Save', 'btnsave', 1, 'newcompany', 2, NULL),
(227, 1, 'Cancel', 'lblcompany', 1, 'newcompany', 2, NULL),
(228, 1, 'Company', 'lblcompany', 1, 'newcompany', 2, NULL),
(229, 1, 'Mobile', 'lblmobile', 1, 'newcompany', 2, NULL),
(230, 1, 'Landmark', 'Lbllandmark', 1, 'newcompany', 2, NULL),
(231, 1, 'Email', 'lblemail', 1, 'newcompany', 2, NULL),
(232, 1, 'Alternative Email', 'lblaltemail', 1, 'newcompany', 2, NULL),
(233, 1, 'Address', 'lbladdress', 1, 'newcompany', 2, NULL),
(234, 1, 'City', 'lblcity', 1, 'newcompany', 2, NULL),
(235, 1, 'Pin', 'lblpin', 1, 'newcompany', 2, NULL),
(236, 1, 'Cash', 'local_cash', 1, 'home', 2, NULL),
(237, 1, 'Credit', 'local_credit', 1, 'home', 2, NULL),
(238, 1, 'Cash', 'point_cash', 1, 'home', 2, NULL),
(239, 1, 'Credit', 'point_credit', 1, 'home', 2, NULL),
(240, 0, '<div class=\" mapcantiner_inner\">\n    <h2>ABOUT US</h2>\n    <div class=\" mapcantiner_inner1\">\n    <section><article><img src=\"/hello42/public/image/img.png\" style=\"float:left;\">Hello 42 Cabs services is the first company in India which is offering point to point services in car rental which is chepaer than Radio Taxi services. Hello 42 Cabs is a venture of pepole who have very vast exprience in Travel industry very much pioner in B2B and B2C trade since 1994.\n<br>\nOur fleet:  We are offering a large variety of vechicle such as Maruti Dzire, Hyundai Accent, Toyata Etios, Tata Indigo. Our Cars are not more than 2 years old*. Our vechicle are loaded with news paper, tissue paper, and mineral water. We have GPS systems in our vechicle that makes our vechicle safe.<br>\n\n\nOur Chauffeur:  All of Ours Chauffeurs are fully trained and police verfied. We have a separate department for chauffeur recuirtment and training. Chauffeur training is dived in three parts. The first part is called Health training, second part is called Security training and the third part is called Enviroment training. This training is collectively called HSE training. Addition to this all Chauffeurs are work according to the fatigue management.\n<br>\nReservation and dispatched process:  We have a centerlised reservation department which works on 24X7 concepts that’s mean you have to call a single number for all your travel requriments. Our reservation exeuctives are fully trained and exprinced. We have other means of communication such as email, online chat, fax, social networking sites etc.\n<br>\nOur dispatch teams also works on 24X7 concept which means ample support to the clients. We work through mobile hubs with a mother hub in Certral Delhi which means that you get your booked vechicle ontime and on short notice also.</article>\n</section>\n\n    </div>\n    <div class=\"clear\"></div>\n     \n    <div class=\"container-fluid selectyrcitybox\">\n    	<div class=\"\">\n        	<h1 class=\"text-center\" style=\"color:#fff;\">OUR TEAM</h1>\n            <div class=\"col-lg-12 innerbox\">\n            <ul>\n            <li><img src=\"/hello42/public/image/img1.png\">\n            <h4>Name:- abcd efg hij</h4><h4>Designation- Sales Manager</h4>\n\n<span class=\"span\">Lorem ipsum dolor sit amet, consectetur adipiscing elit. Nunc augue purus, malesuada eu iaculis vel, dapibus vel justo. Ut ut lacus dui. Etiam nec pulvinar justo. Phasellus faucibus, enim ullamcorper facilisis pellentesque, erat turpis interdum sapien auctor purus eros tristique orci. Suspendisse adipiscing tristique quam, id commodo orci viverra sed. Nulla et justo in massa posuere vestibulum.</span>\n            </li>\n            \n            <li><img src=\"/hello42/public/image/img1.png\">\n            <h4>Name:- abcd efg hij</h4><h4>Designation- Sales Manager</h4>\n\n<span class=\"span\">Lorem ipsum dolor sit amet, consectetur adipiscing elit. Nunc augue purus, malesuada eu iaculis vel, dapibus vel justo. Ut ut lacus dui. Etiam nec pulvinar justo. Phasellus faucibus, enim ullamcorper facilisis pellentesque, erat turpis interdum sapien auctor purus eros tristique orci. Suspendisse adipiscing tristique quam, id commodo orci viverra sed. Nulla et justo in massa posuere vestibulum.</span>\n            </li>\n            \n            <li><img src=\"/hello42/public/image/img1.png\">\n            <h4>Name:- abcd efg hij</h4><h4>Designation- Sales Manager</h4>\n\n<span class=\"span\">Lorem ipsum dolor sit amet, consectetur adipiscing elit. Nunc augue purus, malesuada eu iaculis vel, dapibus vel justo. Ut ut lacus dui. Etiam nec pulvinar justo. Phasellus faucibus, enim ullamcorper facilisis pellentesque, erat turpis interdum sapien auctor purus eros tristique orci. Suspendisse adipiscing tristique quam, id commodo orci viverra sed. Nulla et justo in massa posuere vestibulum.</span>\n            </li>\n            \n            <li><img src=\"/hello42/public/image/img1.png\">\n            <h4>Name:- abcd efg hij</h4><h4>Designation- Sales Manager</h4>\n\n<span class=\"span\">Lorem ipsum dolor sit amet, consectetur adipiscing elit. Nunc augue purus, malesuada eu iaculis vel, dapibus vel justo. Ut ut lacus dui. Etiam nec pulvinar justo. Phasellus faucibus, enim ullamcorper facilisis pellentesque, erat turpis interdum sapien auctor purus eros tristique orci. Suspendisse adipiscing tristique quam, id commodo orci viverra sed. Nulla et justo in massa posuere vestibulum.</span>\n            </li>\n            </ul>\n            \n            \n            </div>\n        </div>\n    </div> \n	 </div> ', 'about_us', 0, 'About Us', 2, NULL),
(241, 1, ' <div class=\" mapcantiner_inner\">\n    <h2>CAREER</h2>\n    <div class=\" mapcantiner_inner1\">\n    <article><strong>Operations Manager</strong>\n\n<div class=\"clear\"></div>\n<strong>Roles and Responsibilities:</strong></article>\n<div class=\"clear\"></div>\n<ul>\n<li>  Strategy Responsible for strategizing for the day-to-day operating activities including fleet management, partner management and customer management.\n</li>\n<li>Operations Ensure all SLAs with Partners are met e.g. ensure timely dispatch of cars and timely reporting to the customers by effective management of all resources available. Responsi    \n      ble for supervision of drivers for training, mannerisms, customers focus etc.</li>\n    <li>Customer Service Build a top class customer service and call center organization Develop systems and processes to constantly seek customer feedback Identify issues across operations     \n     at early stage and devise ways to address the same Enable a high degree of visibility and credibility for the TaxiForSure brand.</li>\n     \n    <li>Processes & Systems Monitor & set Processes & Systems in order to ensure safety, preventive maintenance, cleanliness in vehicles etc Ensure all safety and hygiene standards are met.</li>\n    <li>Best Practices & Innovation Establish Taxiforsure’s operations and customer service standards, guidelines and best practices. Build an environment to constantly challenge the status   \n     quo and innovate. Constantly improve, understand and benchmark with respect to global standards and methodologies.</li>\n    <li>Communication- Develop effective processes for communication within the team and other functions.</li>\n</ul>\n\n<article><strong>UI/UX Designer</strong>\n<div class=\"clear\"></div>\n<strong>Roles and Responsibilities:</strong></article>\n<div class=\"clear\"></div>\n<ul>\n<li>Design web portal, Mobile WAP site, Mobile App</li>\n<li>Strong consumer / user orientation</li>\n<li>Come up with a mascot for the company which will be used across all the marketing campaigns of the company</li>\n<li>Analyze customer experience on the portal, mobile App, WAP site - take feedback and incorporate</li>\n</ul>\n<div class=\"clear\"></div>\n<article><strong>Job Requirements:</strong></article>\n<div class=\"clear\"></div>\n<ul>\n<li>Should have designed e-commerce portals before</li>\n<li>Strong consumer / user orientation</li>\n<li>Designed mobile apps, WAP sites</li>\n<li>Should have designed marketing collateral - Both Offline & Online</li>\n<li>Self-Motivated</li>\n<li>Experience in building a brand is an advantage</li>\n</ul>\n    </div>\n	</div>\n', 'career', 0, 'Career', 2, NULL),
(242, 0, ' <div class=\" mapcantiner_inner\">\r\n    <h2>CONTACT US</h2>\r\n    <div></div>\r\n    <div class=\" mapcantiner_inner1\">\r\n     <iframe width=\"100%\" height=\"371\" frameborder=\"0\" scrolling=\"no\" marginheight=\"0\" marginwidth=\"0\" src=\"https://www.google.co.in/maps?f=q&amp;source=s_q&amp;hl=en&amp;geocode=&amp;q=120+-121,++D.B+Gupta+Market,++Karol+Bagh,+New+Delhi,&amp;aq=&amp;sll=21.125498,81.914063&amp;sspn=24.79385,43.286133&amp;ie=UTF8&amp;hq=&amp;hnear=D.B.+Gupta+Market+Road+Bus+Stop,+Desh+Bandhu+Gupta+Rd,+Block+56,+Karol+Bagh,+New+Delhi,+Central+Delhi,+Delhi+110005&amp;t=m&amp;z=14&amp;ll=28.652649,77.19334&amp;output=embed\"></iframe><br /><small><a href=\"https://www.google.co.in/maps?f=q&amp;source=embed&amp;hl=en&amp;geocode=&amp;q=120+-121,++D.B+Gupta+Market,++Karol+Bagh,+New+Delhi,&amp;aq=&amp;sll=21.125498,81.914063&amp;sspn=24.79385,43.286133&amp;ie=UTF8&amp;hq=&amp;hnear=D.B.+Gupta+Market+Road+Bus+Stop,+Desh+Bandhu+Gupta+Rd,+Block+56,+Karol+Bagh,+New+Delhi,+Central+Delhi,+Delhi+110005&amp;t=m&amp;z=14&amp;ll=28.652649,77.19334\" style=\"color:#0000FF;text-align:left\"></a></small>\r\n     \r\n     <div class=\"mapcantiner_inner1 .address col-lg-5\">\r\n     \r\n     <h5>contact Info</h5>\r\n     <div class=\"clear\"></div>\r\n     <article><strong>Hello 42 PVT. LTD.</strong><br>\r\n\r\n29-30, D.B Gupta Market, Karol Bagh, New Delhi - 110005 (India)<br>\r\n\r\nTel : Board 011-47474700 Domestic Pkg : 011-47474730,31<br>\r\n\r\nInternational Pkg : 011-47474729,  32, 33 I Air Ticketing : 011-47474736<br>\r\n\r\nMobile - International Packages : +91-8130214242<br>\r\n\r\nDomestic Packages : +91-8130144242 \r\nE-mail - International Packages : obt@regencytours.in I \r\nDomestic Packages : dom@regencytours.in<br>\r\n\r\nWebsite : www.asian-tours.com, www.regencytours.in \r\n</article>\r\n     </div>\r\n     \r\n<div class=\"form col-lg-5\"><h5>Contact Form</h5>\r\n<form>\r\n\r\n<input type=\"text\" class=\"form-control contact_form\" name=\"name\" placeholder=\"Name\" style=\" margin:5px 0 !important;\">\r\n\r\n<input type=\"text\" class=\"form-control contact_form\" name=\"name\" placeholder=\"Email\"  style=\" margin:5px 0 !important;\">\r\n\r\n<input type=\"text\" class=\"form-control contact_form\" name=\"name\" placeholder=\"Phone\"  style=\" margin:5px 0 !important;\">\r\n\r\n<textarea class=\"form-control contact_form\" placeholder=\"Message\"  style=\" margin:5px 0 !important; height:100px!important; \"></textarea>\r\n\r\n<input type=\"button\" class=\"button\" value=\"SUBMIT\">\r\n\r\n</form>\r\n</div>\r\n\r\n    </div>\r\n \r\n<br/>\r\n<br/>\r\n  \r\n  <div class=\"clear\"></div>\r\n </div>', 'contact_us', 0, 'Contact Us', 2, NULL),
(243, 0, ' <div class=\" mapcantiner_inner\">\n    <h2>PARTNER</h2>\n    <div class=\" mapcantiner_inner1\">\n    <article>Hello42cab.com is a taxi booking portal which enables consumers to book taxis online. It gives you a wide range of choices between chauffeur driven car rentals and radio taxis across India to suit your specific need whether it be an airport transfer, late night car hire, meeting, a road trip or just a special car on a special occasion such as an anniversary, birthday or even your marriage.\n</article>\n\n\n    </div>\n	</div>	\n<div class=\"clear\"></div>', 'partner', 0, 'Partner', 2, NULL),
(244, 0, ' <div class=\" mapcantiner_inner\">\n    <h2>SERVICES</h2>\n       <div class=\"services\">\n    <ul>\n    <li><img src=\"/hello42/public/image/img2.png\">\n   <span> English Speaking\nDriver</span></li>\n <li><img src=\"/hello42/public/image/img3.png\">\n   <span>Language Guides/\nTranlators</span></li>\n <li><img src=\"/hello42/public/image/img4.png\">\n   <span> Air Tickets</span></li>\n <li><img src=\"/hello42/public/image/img5.png\">\n   <span> Hotel Booking</span></li>\n <li><img src=\"/hello42/public/image/img6.png\">\n   <span> Special Package \nfor Transport</span></li>\n    </ul>\n    \n    </div>\n    <div></div>\n    <div class=\" mapcantiner_inner1\">\n  \n      <article>Hello42Cabs is the market place to find taxis in India! </article>\n      <div class=\"clear\"></div>\n\n      <article>We offers:</article>\n      <div class=\"clear\"></div>\n      <ol>\n      <li>  Point to Point Services</li>\n        <li>  Outstation Packages</li>\n          <li>  Airport Transfers</li>\n            <li>  Full day Packages</li>\n              <li> Tailor made Sightseeing Packages.</li>\n              <div class=\"clear\"></div>\n      </ol>\n      <article>Why prefer us</article>\n      <div class=\"clear\"></div>\n      \n      <ol>\n      <li>Hello 42 cabs services is cheaper than other radio taxi and car rental services.</li>\n      <li>Quality is assured with each delivery.</li>\n      <li>Promise of on time execution .</li>\n      \n      </ol>\n       <article><strong>Why We are cheaper</strong><br>\nHello 42 cabs services is cheaper than Radio Taxi because:</article>\n<div class=\"clear\"></div>\n<ol>\n<li> Hello 42 is not charging any luggage charges</li>\n<li> Hello 42 is not charging any booking charges or call centre charges</li>\n<li>Hello 42 is not charging any night charges.</li>\n<li> Hello 42 is not charging any AC charges.</li>\n<li>Hello 42 is working on point to point concept.</li>\n<li> No hidden Charges.</li>\n</ol>\n      \n    </div>\n	</div>\n ', 'services', 0, 'Services', 2, NULL);
INSERT INTO `region_text` (`id`, `page_type`, `text`, `text_id`, `text_status`, `page_title`, `lang`, `page`) VALUES
(245, 0, '  <div class=\" mapcantiner_inner\">\n    <h2>TERMS & CONDITIONS</h2>\n    <div></div>\n    <div class=\" mapcantiner_inner1\">\n  \n\n      <article><strong>Payment Related (FAQ)</strong><br>\nQ: What are the different modes of payment you support?\n        <br>\n      A: We accept all major credit and debit cards. We also accept Cash Cards and Net Banking. In details, we accept the following: Credit Cards: MasterCard, Visa, Diners Club Debit Cards and Cash Cards: ABN-AMRO, Andhra Bank, Axis Bank, Bank of Baroda, Bank of India, The Bank of Punjab, Barclays, Canara Bank, Central Bank of India, Citibank, Corporation Bank, Dena Bank, Deutsche Bank, HDFC Bank, HSBC, ICICI Bank, IDBI Bank, Indian Bank, Indian Overseas Bank, IndusInd Bank, ING Vysya, Karnataka Bank, Karur Vysya Bank, Lakshmi Vilas Bank, Punjab National Bank, South Indian Bank, Standard Chartered, State Bank of India, Syndicate Bank, Federal Bank, Union Bank of India, YES Bank, ItzCash</article>\n      <article>Net Banking: Axis Bank, Citibank, Federal Bank, HDFC Bank, ICICI Bank, J&K Bank, State Bank of India<br>\nQ: Can I buy for someone else using my credit/debit card?\n  <br>\n  A: Yes definitely! You need to mention the card holder details for the card payment but you can enter anyone\'s name for the car booking.\n  <br>\n  Q: Is it safe to use my credit/debit card on your site? Do you store my card number and details?\n  <br>\n  A: It is completely safe to use our site. We have partnered with EBS for the payment gateway. EBS provides a 128-bit SSL encryption technology compliant solution which is certified by VeriSign. We don\'t store any card details.</article>\n  <article><strong>Bookings Related</strong><br>\nQ: Can I book a cab from you without paying online?<br>\n\nA: Yes! You can call us and we will book a cab for you on Phone! We will collect money from you on delivery of the car rental voucher. There is an extra charge of Rs. 30 for this. <br>\n\n\nQ: Do I need to register on your site to book tickets?<br>\n\nA: No. You can use our service fully without the need to register. You just need to provide your details at the time of booking. <br>\n\n\nQ: What if the car doesn\'t show up?<br>\n\nA: In case the vehicle you booked doesn\'t show up, we will offer you a full refund immediately.<br>\n \n\nQ: What if the car shows up late?<br>\n\nA: We try our best to ensure our partners reach our customers on time. But in case of delays, do call us and we will help you out by either providing an alternate vehicle or giving you a full refund.</article>\n<div class=\"clear\"></div>\n<article><strong>Cancellations Related</strong><br>\nQ: Can I change my booking?<br>\n<div class=\"clear\"></div>\nA: Yes. You can change the date of booking till 2 days before the booked date free of charge. After that, there will be a cancellation charge as detailed in the next question. <br>\n\n\nQ: How do I cancel my booking? What are the charges?<br>\n\nA: You can cancel your booking anytime. The cancellation charges are as follows:<br>\n\n48 hours before booked time: No Charge<br>\n\n24 - 48 hours before booked time: 50% of the advance amount<br>\n\n0 - 24 hours before booked time: 100% of the advance amount</article>\n\n<article><strong>Terms and Conditions</strong><br>\nWelcome to our website. If you continue to browse and use this website you are agreeing to comply with and be bound by the following terms and conditions of use, which together with our privacy policy govern Owner of Hello 42 Cabs relationship with you in relation to this website and the Service (as described below) The term \'Hello 42 Cabs\' or \'us\' or \'we\' refers to the owner of the website whose registered office is 120-121, D.B Gupta Road, Karol Bagh, New Delhi. The term \'you\' refers to the user or viewer of our website. .</article>\n\n\n<article><strong>I. USER(S) ELIGIBILITY</strong><br>\nUser(s) means any individual or business entity/organization that legally operates in India or in other countries, uses and has the right to use the Services provided by HELLO 42 CABS. The Services provided by HELLO 42 CABS is a technology based service which enables the hiring of taxis by commuters / passengers for a point to point service, or for time and usage based service within city limits and outside city limits, including inter-city all over India, through the internet and / or mobile telecommunications devices. Our Services are available only to those individuals or companies who can form legally binding contracts under the applicable law. Therefore, user(s) must not be a minor as per Indian Law; i. e. user(s) must be at least 18 years of age to be eligible to use our Services.<br>\nHELLO 42 CABS advises its users that while accessing the web site, they must follow/abide by the related laws. HELLO 42 CABS is not responsible for the possible consequences caused by your behaviour during use of web site. HELLO 42 CABS may, in its sole discretion, refuse the service to anyone at any time.</article>\n\n<article><strong>II. USER(S) AGREEMENT</strong><br>\nThis agreement applies to user(s) if user(s) are visitors, registered - free or paid user(s) who access the web site for any purpose. It also applies to any legal entity which may be represented by you under actual or apparent authority. User(s) may use this site solely for their own personal or internal purposes.<br>\nThis agreement applies to all HELLO 42 CABS Services offered on the web site, collectively with any additional terms and condition that may be applicable to the specific service used/accessed by user(s).In the event of a conflict or inconsistency between any provision of the terms and conditions mentio</article>\n\n<article><strong>III. AMENDMENT TO USER(S) AGREEMENT</strong><br>\nHELLO 42 CABS may change, modify, amend, or update this agreement from time to time without any prior notification to user(s) and the amended and restated terms and conditions of use shall be effective immediately on posting. If you do not adhere to the changes, you must stop using the service. Your continuous use of the Services will signify your acceptance of the changed terms.</article>\n<article><strong>IV. INTELLECTUAL PROPERTY RIGHTS</strong><br>\nHELLO 42 CABS is the sole owner or lawful licensee of all the rights to the web site and its content. Web site content means its design, layout, text, images, graphics, sound, video etc. The web site content embody trade secrets and intellectual property rights protected under worldwide copyright and other laws. All title, ownership and intellectual property rights in the web site and its content shall remain with HELLO 42 CABS, its affiliates or licensor\'s of HELLO 42 CABS content, as the case may be.<br>\nAll rights, not otherwise claimed under this agreement or by HELLO 42 CABS, are hereby reserved. The information contained in this web site is intended, solely to provide general information for the personal use of the reader, who accepts full responsibility for its use. HELLO 42 CABS does not represent or endorse the accuracy or reliability of any information, or advertisements (collectively, the \"content\") contained on, distributed through, or linked, downloaded or accessed from any of the Services contained on this web site, or the quality of any products, information or other materials displayed, or obtained by you as a result of an advertisement or any other information or offer in or in connection with the Service.<br>\nWe accept no responsibility for any errors or omissions, or for the results obtained from the use of this information. All information in this web site is provided \"AS IS \" with no guarantee of completeness, accuracy, timeliness or of the results obtained from the use of this information, and without warranty of any kind, express or implied, including, but not limited to warranties of performance, merchantability and fitness for a particular purpose. Nothing herein shall to any extent substitute for the independent investigations and the sound technical and business judgment of the user(s). In no event shall HELLO 42 CABS be liable for any direct, indirect, incidental, punitive, or consequential damages of any kind whatsoever with respect to the Service. User(s) of this site must hereby acknowledge that any reliance upon any content shall be at their sole risk.<br>HELLO 42 CABS reserves the right, in its sole discretion and without any obligation, to make improvements to, or correct any error or omissions in any portion of the Service or the website.<br>\n<strong>Trademark</strong>\n<br>\nAll related icons and logos are registered trademarks or trademarks or service marks of HELLO 42 CABS in various jurisdictions and are protected under applicable copyright, trademark and other proprietary rights laws. The unauthorized copying, modification, use or publication of these marks is strictly prohibited.<br>\n<strong>Copyright</strong><br>\n\nAll content on this web site is the copyright of HELLO 42 CABS except the third party content and link to third party web site on our website.<br>\nSystematic retrieval of HELLO 42 CABS content to create or compile, directly or indirectly, a collection, compilation, database or directory (whether through robots, spiders, automatic devices or manual processes) without written permission from HELLO 42 CABS is prohibited.<br>\nIn addition, use of the content for any purpose not expressly permitted in this Agreement is prohibited and may invite legal action. As a condition of your access to and use of HELLO 42 CABS\'s Services, you agree that you will not use the web site service to infringe the intellectual property rights of others in any way. HELLO 42 CABS reserves the right to terminate the account of a user(s) upon any infringement of the rights of others in conjunction with use of the HELLO 42 CABS service, or if HELLO 42 CABS believes that user(s) conduct is harmful to the interests of HELLO 42 CABS, its affiliates, or other users, or for any other reason in HELLO 42 CABS\'s sole discretion, with or without cause.\n</article>\n<article><strong>V. LINKS TO THIRD PARTY SITES</strong>\n  <br>\n  Links to third party sites are provided by web site as a convenience to user(s) and HELLO 42 CABS has not have any control over such sites i.e content and resources provided by them.<br>\nHELLO 42 CABS may allow user(s) access to content, products or Services offered by third parties through hyper links (in the form of word link, banners, channels or otherwise) to such Third Party\'s web site. You are cautioned to read such sites\' terms and conditions and/or privacy policies before using such sites in order to be aware of the terms and conditions of your use of such sites. HELLO 42 CABS believes that user(s) acknowledge that HELLO 42 CABS has no control over such third party\'s site, does not monitor such sites, and HELLO 42 CABS shall not be responsible or liable to anyone for such third party site, or any content, products or Services made available on such a site.\n \n</article>\n<article><strong>VI. TERMINATION</strong><br>\nMost content and some of the features on the web site are made available to visitors free of charge. However, HELLO 42 CABS reserves the right to terminate access to certain areas or features of the web site at any time for any reason, with or without notice. HELLO 42 CABS also reserves the universal right to deny access to particular users to any/all of its Services without any prior notice/explanation in order to protect the interests of HELLO 42 CABS and/or other visitors to the web site. HELLO 42 CABS reserves the right to limit, deny or create different access to the web site and its features with respect to different user(s), or to change any of the features or introduce new features without prior notice.</article>\n<article><strong>VII. Terms & Conditions for use of taxis</strong><br>\nThe following Terms & Conditions shall apply to customers / passengers utilising the Services offered by the Company for the hiring of taxis:</article>\n<div class=\"clear\"></div>\n<ul>\n<li>The customer shall pay the taxi fare (as displayed in the meter), parking charges, additional night surcharge (where applicable) and any fee or levy presently payable or hereinafter imposed by the law or required to be paid for availing of the taxi Services.</li>\n<li>The customer agrees and accepts that the use of the Services provided by the Company is at the sole risk of the Customer, and further acknowledges that the Company disclaims all representations and warranties of any kind, whether express or implied.<br>\n\n  <strong>a.</strong> Smoking or consuming any kind of intoxicants inside the Taxi. The driver has the right to refuse the pick-up or ask the customer to alight the cab if the customer is found to be in an intoxicated state or is found misbehaving with other passengers or the driver, or is causing a nuisance.<br>\n\n\n  <strong>b.</strong> Littering the Taxi<br>\n\n\n  <strong>c.</strong> Soiling or damaging the seats and/or any other interiors of the Taxi.<br>\n\n\n  <strong>d.</strong> Misusing, soiling or damaging any of the devices (technical/non-technical) in the taxi.<br>\n\n\n  <strong>e.</strong> Asking the driver to break any Traffic/RTO/City Police and/or government rules for any purpose (especially reaching the destination earlier). The driver has the right to refuse such a request by the customer. The driver also has the right to refuse such a pick-up or ask such customer(s) to alight from the cab.<br>\n\n\n  <strong>f. </strong>Asking the driver to board more than 4 adults in the taxi. The rules under which the taxi Services are provided by the Company, stipulate that a maximum of 4 adult passengers shall be allowed per trip. In view of this, the customer shall not pressurize the driver to allow more than 4 adult passengers in the taxi. The driver has the right to refuse such a pick-up or ask such customer(s) to alight from the cab.<br>\n\n\n  <strong>g.</strong> Pressurizing the driver to overload the boot space of the taxi with luggage. The customer shall not be generally allowed to use the seating area of the taxi for placing any kind of luggage. </li>\n  <li>The customer agrees and acknowledges that the use of the Services offered by Company is at the sole risk of the customer and that Company disclaims all representations and warranties of any kind, whether express or implied as to condition, suitability, quality, merchantability and fitness for any purposes are excluded to the fullest extent permitted by law.<br>\n\nWithout prejudice to the above, the Company makes no representation or warranty that:<br>\n<strong>a.</strong> the Services will meet the customer\'s requirements;<br>\n<strong>b.</strong>the Services will be uninterrupted, timely, secure, or error-free.\n\n<strong>c.</strong>The Company shall not be responsible or liable for any loss or damage, howsoever caused or suffered by the Customer arising out of the use of taxi service offered by Company or due to the failure of Company to provide Services to the Customer for any reason whatsoever including but not limited to the Customer\'s non-compliance with the Services\' recorded voice instructions, malfunction, partial or total failure of any network terminal, data processing system, computer tele-transmission or telecommunications system or other circumstances whether or not beyond the control of Company or any person or any organization involved in the above mentioned systems.<br>\n\n\n<strong>d.</strong>The Company will not be liable for any damages of any kind arising from the use of the Service offered by the Company, including, but not limited to direct, indirect, incidental, punitive, and consequential damages.\n<br>\n\n<strong>e.</strong>There shall be extra charges for far off locations & toll charges as well.\n<br>\n\n<strong>f.</strong> If any passenger if misses the train or flight or bus, Company will not be liable for any compensation. The customer shall make an alternate arrangement if the cab has not reached due to any reason.</li>\n<li>The Customer shall indemnify Company from and against and in respect of any or all liabilities, losses, charges and expenses (including legal fees and costs on a full indemnity basis) claims, demands, actions and proceedings which Company may incur or sustain directly or indirectly from or by any reason of or in relation to the use or proposed use of the Services by the Customer and shall pay such sums on demand on the Company.</li>\n<li>The Company is hereby authorized to use the location based information provided by any of the telecommunication companies when the Customer uses the mobile phone to make a taxi booking. The location based information will be used only to facilitate and improve the probability of locating a taxi for the Customer.</li>\n<li>The Company shall be entitled to disclose to all companies within its group, or any government body as so required by the law or by directive or request from any government body, the particulars of the Customer in the possession of Company in any way as Company, in its absolute discretion, deems fit or if it considers it in its interests to do so.</li>\n<li>The Company shall be entitled at any time without giving any reason to terminate the booking of taxis done by the Customer.</li>\n<li>The Company encourages all its customers to take full responsibility of his/her items. In case of lost items inside the Company during the journey, Company will try to locate the items on a \"best-effort\" basis but is not responsible for the same in case of loss or damage to the same.</li>\n<li>If the Customer leaves any goods in the taxi or has any complaint in respect of the Services or the use of the taxi, the Customer has to inform Company of the same in writing within 24hours of using the taxi or the Services of Company.</li>\n<li>The Company shall not be liable for any conduct of the drivers of the taxis. However, the Company encourgaes you to notify it of any complaints that you may have against the driver of any taxi that you may have hired using the Company\'s Services.</li>\n<li>The Company shall be entitled to add to, vary or amend any or all these terms and conditions at any time and the Customer shall be bound by such addition, variation or amendment once such addition, variation or amendment are incorporated into these terms and conditions at Company\'s website at www.hello42cab.com on the date that Company may indicate that such addition, variation or amendment is to come into effect.</li>\n<li>All the calls made to the Company\'s call centre are recorded by the Company for quality and training purposes.</li>\n<li>All vehicles registered with the Company are continuously tracked using GPS for security reasons only. It is expressly made clear to you hereby that the Company does not own any taxis nor does it directly or indirectly employ any drivers for the taxis. Taxis and drivers are all supplied by third parties and the Company disclaims any and all liability in respect of the drivers and the taxis alike.</li>\n<li>The Company have right to use the customer contact information for its own marketing purposes. The Company may send regular SMS updates to the mobile numbers registered with it.</li>\n<li>The courts of Mumbai, India shall have the sole and exclusive jurisdiction in respect of any matters arising from the use of the Services offered by Company or the agreement or arrangement between Company and the Customer.</li>\n\n</ul>\n<article>The above mentioned terms and conditions of use and/or Agreement and the Privacy Policy constitute the entire agreement between the User(s) and HELLO 42 CABS with respect to access to and use of the web site and the Services offerred by HELLO 42 CABS, superseding any prior written or oral agreements in relation to the same subject matter herein.</article>\n<article><strong>VIII. Terms & Conditions for use of Hello 42 cabs Money</strong><br>\nThe following Terms & Conditions shall apply to customers / passengers utilising the Services offered by the Company for for use of Hello 42 cabs Money:</article>\n<div class=\"clear\"></div>\n<ul>\n<li>‘Hello 42 cabs Money’ is a free credit customer account with Hello 42 cabs where all free credits earned by a customer accumulate.</li>\n<li>‘Hello 42 cabs Money’ can be used to book City Taxi rides with Hello 42 cabs.</li>\n<li>The amount once paid to the ‘Hello 42 cabs Money’ is not refundable and can be adjusted only against the city taxi service provided by Hello 42 cabs</li>\n<li>The amount payable for a journey, will be directly deducted from the customer’s ‘Hello 42 cabs Money’</li>\n<li>If the balance in the customer’s ‘Hello 42 cabs Money’ is less than the amount payable by the customer for the journey, the customer has to pay the difference to the driver at the end of the journey</li>\n<li>The balance in the customer’s ‘Hello 42 cabs Money’ is not transferable in any manner.</li>\n<li>The balance in the customer’s ‘Hello 42 cabs Money’ is not transferable in any manner.</li>\n<li>Each time a journey is undertaken by the customer, his ‘Hello 42 cabs Money’ will be debited by the invoice value which is inclusive of service tax amount</li>\n<li>By clicking on the ‘I Accept’ button on the Hello 42 cabs website, the customer agrees to all the above terms and conditions</li>\n</ul>\n<article><strong>Disclaimer</strong><br>\nThe information contained in this website is for general information purposes only. The information is provided by Hello 42 Cabs and while we endeavor to keep the information up to date and correct, we make no representations or warranties of any kind, express or implied, about the completeness, accuracy, reliability, suitability or availability with respect to the website or the information, products, services, or related graphics contained on the website for any purpose. Any reliance you place on such information is therefore strictly at your own risk.</article>\n\n<article>In no event will we be liable for any loss or damage including without limitation, indirect or consequential loss or damage, or any loss or damage whatsoever arising from loss of data or profits arising out of, or in connection with, the use of this website.</article>\n\n<article>Through this website you are able to link to other websites which are not under the control of Hello 42 Cabs. We have no control over the nature, content and availability of those sites. The inclusion of any links does not necessarily imply a recommendation or endorse the views expressed within them.</article>\n\n<article>Every effort is made to keep the website up and running smoothly. However, Hello 42 Cabs takes no responsibility for, and will not be liable for, the website being temporarily unavailable due to technical issues beyond our control.</article>\n\n<article><strong>Privacy Policy </strong><br>\nThis privacy policy sets out how Hello 42 Cabs uses and protects any information that you give Hello 42 Cabs when you use this website.\n</article>\n\n<article>Hello 42 Cabs is committed to ensuring that your privacy is protected. Should we ask you to provide certain information by which you can be identified when using this website, then you can be assured that it will only be used in accordance with this privacy statement.</article>\n\n<article>Hello 42 Cabs may change this policy from time to time by updating this page. You should check this page from time to time to ensure that you are happy with any changes. This policy is effective from 3rd December 2010.</article>\n\n<article><strong>What we collect</strong><br>\nWe may collect the following information:<br>\n&bull; &nbsp;&nbsp;&nbsp;&nbsp;  name and job title <br>\n\n&bull; &nbsp;&nbsp;&nbsp;&nbsp;  contact information including email address <br>\n\n&bull; &nbsp;&nbsp;&nbsp;&nbsp;demographic information such as postcode, preferences and interests <br>\n\n&bull; &nbsp;&nbsp;&nbsp;&nbsp;other information relevant to customer surveys and/or offers  </article>\n\n<article><strong>What we do with the information we gather</strong><br>\nWe require this information to understand your needs and provide you with a better service, and in particular for the following reasons:<br>\n&bull; &nbsp;&nbsp;&nbsp;&nbsp;Internal record keeping. <br>\n\n&bull; &nbsp;&nbsp;&nbsp;&nbsp;We may use the information to improve our products and services. <br>\n\n&bull; &nbsp;&nbsp;&nbsp;&nbsp;We may periodically send promotional emails about new products, special offers or other information which we think you may find interesting using the email address which you have provided. <br>\n\n&bull; &nbsp;&nbsp;&nbsp;&nbsp;From time to time, we may also use your information to contact you for market research purposes. We may contact you by email, phone, fax or mail. We may use the information to customize the website according to your interests.  </article>\n\n<article><strong>Security</strong><br>\nWe are committed to ensuring that your information is secure. In order to prevent unauthorized access or disclosure we have put in place suitable physical, electronic and managerial procedures to safeguard and secure the information we collect online.\n</article>\n\n<article><strong>How we use cookies</strong><br>\nA cookie is a small file which asks permission to be placed on your computer\'s hard drive. Once you agree, the file is added and the cookie helps analyze web traffic or lets you know when you visit a particular site. Cookies allow web applications to respond to you as an individual. The web application can tailor its operations to your needs, likes and dislikes by gathering and remembering information about your preferences.</article>\n<article>We use traffic log cookies to identify which pages are being used. This helps us analyze data about webpage traffic and improve our website in order to tailor it to customer needs. We only use this information for statistical analysis purposes and then the data is removed from the system.</article>\n<article>Overall, cookies help us provide you with a better website, by enabling us to monitor which pages you find useful and which you do not. A cookie in no way gives us access to your computer or any information about you, other than the data you choose to share with us.</article>\n\n<article>You can choose to accept or decline cookies. Most web browsers automatically accept cookies, but you can usually modify your browser setting to decline cookies if you prefer. This may prevent you from taking full advantage of the website.</article>\n\n<article><strong>Links to other websites</strong><br>\nOur website may contain links to other websites of interest. However, once you have used these links to leave our site, you should note that we do not have any control over that other website. Therefore, we cannot be responsible for the protection and privacy of any information which you provide whilst visiting such sites and such sites are not governed by this privacy statement. You should exercise caution and look at the privacy statement applicable to the website in question.<br>\n</article>\n<article>We will not sell, distribute or lease your personal information to third parties unless we have your permission or are required by law to do so. We may use your personal information to send you promotional information about third parties which we think you may find interesting if you tell us that you wish this to happen.</article>\n<article>You may request details of personal information which we hold about you under the Data Protection Act 1998. A small fee will be payable. If you would like a copy of the information held on you please write to support@Hello 42 Cabs.com.</article>\n\n<article>If you believe that any information we are holding on you is incorrect or incomplete, please write to or email us as soon as possible, at the above address. We will promptly correct any information found to be incorrect.</article>\n\n<article><strong>Contacting Us</strong><br>\nIf there are any questions regarding this privacy policy you may contact us using the information on the Contact Us</article>\n    </div>\n \n    </div>\n  <div class=\"clear\"></div>', 'terms_condition', 0, 'Terms&Condi', 2, NULL),
(246, 0, ' <div class=\" mapcantiner_inner\">\n    <h2>TESTIMONIAL</h2>\n    <div class=\" mapcantiner_inner1\">\n    <div class=\"testimonial_box\">\n    <span class=\"number\">01</span>\n    <span class=\"image_box\"><img src=\"/hello42/public/image/image1.png\"></span>\n    <span class=\"date\">24/09/2014</span>\n    <article>\nLorem Ipsum is simply dummy text of the printing and typesetting industry. Lorem Ipsum has been the industry\'s standard dummy text ever since the 1500s, when an unknown printer took a galley of type and scrambled it to make a type specimen book. It has survived not only five centuries, but also the leap into electronic typesetting, remaining essentially unchanged. <br>\n<strong>- Mukesh, Director, Viva</strong></article>\n    \n    \n    </div>\n    \n     <div class=\"testimonial_box\">\n    <span class=\"number\">02</span>\n    <span class=\"image_box\"><img src=\"/hello42/public/image/image1.png\"></span>\n    <span class=\"date\">24/09/2014</span>\n    <article>\nLorem Ipsum is simply dummy text of the printing and typesetting industry. Lorem Ipsum has been the industry\'s standard dummy text ever since the 1500s, when an unknown printer took a galley of type and scrambled it to make a type specimen book. It has survived not only five centuries, but also the leap into electronic typesetting, remaining essentially unchanged. <br>\n<strong>- Mukesh, Director, Viva</strong></article>\n    \n    \n    </div>\n\n\n\n    </div>\n\n<div class=\"clear\"></div>\n\n</div>', 'testimonial', 0, 'Testimonial', 2, NULL),
(247, 1, 'Intercity', 'intercity', 1, 'home', 2, NULL),
(248, 1, 'Bus Booking', 'busbooking', 1, 'home', 2, NULL),
(249, 1, 'From', 'intercity_from', 1, 'home', 2, NULL),
(250, 1, 'To', 'intercity_to', 1, 'home', 2, NULL),
(251, 1, 'Departure', 'intercity_departure', 1, 'home', 2, NULL),
(252, 1, 'Nationality', 'intercity_nationality', 1, 'home', 2, NULL),
(253, 1, 'Pickup Time', 'intercity_pickup_time', 1, 'home', 2, NULL),
(254, 1, 'Drop Area', 'intercity_dropadds', 1, 'home', 2, NULL);

-- --------------------------------------------------------

--
-- Table structure for table `related_tours`
--

CREATE TABLE `related_tours` (
  `id` int(11) NOT NULL,
  `mapping_id` int(11) NOT NULL,
  `bkg_type_id` int(11) NOT NULL,
  `tour_id` int(11) NOT NULL,
  `related_tour_id` int(11) NOT NULL,
  `created_date` date NOT NULL,
  `created_by` int(11) NOT NULL,
  `modified_by` int(11) DEFAULT NULL,
  `modified_date` timestamp NOT NULL DEFAULT CURRENT_TIMESTAMP,
  `status` tinyint(4) NOT NULL DEFAULT '1'
) ENGINE=InnoDB DEFAULT CHARSET=latin1;

-- --------------------------------------------------------

--
-- Table structure for table `road_tax`
--

CREATE TABLE `road_tax` (
  `road_tax_id` int(11) NOT NULL,
  `state_id` int(11) NOT NULL,
  `duration_type_id` int(11) NOT NULL,
  `vehicle_type_id` int(11) NOT NULL,
  `amount` int(11) NOT NULL,
  `created_date` date NOT NULL,
  `created_by` int(11) NOT NULL,
  `modified_date` timestamp NOT NULL DEFAULT CURRENT_TIMESTAMP ON UPDATE CURRENT_TIMESTAMP,
  `is_active` int(11) DEFAULT '1',
  `ip` varchar(50) NOT NULL
) ENGINE=InnoDB DEFAULT CHARSET=latin1;

-- --------------------------------------------------------

--
-- Table structure for table `role`
--

CREATE TABLE `role` (
  `role_id` int(11) NOT NULL,
  `region_id` int(11) DEFAULT NULL,
  `role_name` varchar(255) NOT NULL,
  `description` varchar(255) DEFAULT NULL,
  `created_by` int(11) NOT NULL,
  `created_date` date NOT NULL,
  `modified_by` int(11) DEFAULT NULL,
  `modified_date` timestamp NULL DEFAULT CURRENT_TIMESTAMP,
  `status` tinyint(4) NOT NULL DEFAULT '1'
) ENGINE=InnoDB DEFAULT CHARSET=latin1;

--
-- Dumping data for table `role`
--

INSERT INTO `role` (`role_id`, `region_id`, `role_name`, `description`, `created_by`, `created_date`, `modified_by`, `modified_date`, `status`) VALUES
(1, NULL, 'Super Admin', 'Domain super admin', 1, '2019-04-17', 1, '2019-05-06 08:24:00', 1),
(2, NULL, 'Normal User', 'User SuperAdmin', 1, '2019-04-17', 1, '2019-05-06 08:24:00', 1),
(3, NULL, 'Vendor SuperAdmin', 'Vendor Superadmin', 1, '2019-04-17', 1, '2019-05-06 08:24:00', 1),
(4, NULL, 'Driver Super Admin', 'Driver super admin', 1, '2019-04-17', 1, '2019-05-06 08:24:00', 1),
(5, NULL, 'Administrator', 'Corporate Super Admin', 1, '2019-04-17', 1, '2019-05-06 08:24:00', 1),
(6, NULL, 'Admin', 'Guide SuperAdmin', 1, '2019-04-17', 1, '2019-05-06 08:24:00', 1),
(7, NULL, 'Admin', 'Agent Super admin', 1, '2019-04-17', 1, '2019-05-06 08:24:00', 1),
(8, NULL, 'Tester', 'test', 1, '2019-08-12', 1, '2019-08-12 12:53:04', 2),
(9, NULL, 'admin', 'supergf', 1, '2019-08-17', 1, '2019-08-17 11:55:33', 2),
(10, NULL, 'devlopment4', 'bbccdd', 1, '2019-09-10', 1, '2019-09-10 10:35:55', 2),
(11, NULL, 'abcd', 'fsdfser', 1, '2019-09-12', 1, '2019-09-12 05:40:55', 2),
(12, NULL, 'mystatus', 'rewrewrer', 1, '2019-09-13', 1, '2019-09-13 12:23:56', 2),
(13, NULL, 'wqwqw', 'wqwqw', 1, '2019-09-13', 1, '2019-09-13 12:33:32', 2),
(14, NULL, 'w', 'qwqwq', 1, '2019-09-13', 1, '2019-09-13 12:33:41', 2),
(15, NULL, 'wew', 'ewqeqwe', 1, '2019-09-13', 1, '2019-09-13 12:38:41', 2),
(16, NULL, 'sdsd', 'sdsd', 1, '2019-09-13', 1, '2019-09-13 13:02:41', 2),
(17, NULL, 'hfghfg', 'ghfghfghh', 1, '2019-09-13', 1, '2019-09-13 13:02:57', 2),
(18, NULL, 'gdfgdf12', 'fdgdf12', 1, '2019-09-16', 1, '2019-09-16 05:19:09', 2),
(19, NULL, 'seo', 'add staff', 1, '2019-09-16', 1, '2019-09-16 06:05:06', 2),
(20, NULL, 'acct', 'acct dept', 1, '2019-09-16', 1, '2019-09-16 06:32:50', 2),
(21, NULL, 'acct', 'vv', 1, '2019-09-16', 1, '2019-09-16 06:37:31', 2),
(22, NULL, 'acct', 'dd', 1, '2019-09-16', 1, '2019-09-16 06:38:10', 2),
(23, NULL, 'manager', 'manage staff', 1241, '2019-09-17', NULL, '2019-09-17 10:54:10', 1),
(24, NULL, 'accountant', 'manage all accounts.', 1241, '2019-09-17', NULL, '2019-09-17 10:55:21', 1),
(25, NULL, 'managers', 'manage account and statements..', 1, '2019-09-20', 1, '2019-09-20 12:39:06', 2),
(26, NULL, 'aaa', 'bbb', 1, '2019-09-20', 1, '2019-09-20 12:40:17', 2),
(27, NULL, 'bbb', 'bbb', 1, '2019-09-20', 1, '2019-09-20 12:42:59', 2);

-- --------------------------------------------------------

--
-- Table structure for table `role_rule`
--

CREATE TABLE `role_rule` (
  `rule_id` int(11) NOT NULL,
  `role_id` int(11) NOT NULL,
  `module_id` int(11) NOT NULL,
  `is_read` tinyint(4) DEFAULT NULL,
  `is_write` tinyint(4) DEFAULT NULL,
  `is_delete` int(11) NOT NULL,
  `created_by` int(11) NOT NULL,
  `created_date` date NOT NULL,
  `modified_by` int(11) DEFAULT NULL,
  `modified_date` timestamp NOT NULL DEFAULT CURRENT_TIMESTAMP,
  `status` int(11) NOT NULL DEFAULT '1'
) ENGINE=InnoDB DEFAULT CHARSET=latin1;

--
-- Dumping data for table `role_rule`
--

INSERT INTO `role_rule` (`rule_id`, `role_id`, `module_id`, `is_read`, `is_write`, `is_delete`, `created_by`, `created_date`, `modified_by`, `modified_date`, `status`) VALUES
(1, 1, 1, NULL, NULL, 0, 1, '2019-04-19', NULL, '2019-05-01 12:40:44', 1),
(2, 1, 2, NULL, NULL, 0, 1, '2019-04-19', NULL, '2019-05-01 12:40:44', 1),
(3, 1, 3, NULL, NULL, 0, 1, '2019-04-19', NULL, '2019-05-01 12:40:44', 1),
(4, 1, 4, NULL, NULL, 0, 1, '2019-04-19', NULL, '2019-05-01 12:40:44', 1),
(5, 1, 5, NULL, NULL, 0, 1, '2019-04-19', NULL, '2019-05-01 12:40:44', 1),
(6, 1, 6, NULL, NULL, 0, 1, '2019-04-19', NULL, '2019-05-01 12:40:44', 1),
(7, 1, 7, NULL, NULL, 0, 1, '2019-04-19', NULL, '2019-05-01 12:40:44', 1),
(8, 1, 8, NULL, NULL, 0, 1, '2019-04-19', NULL, '2019-05-01 12:40:44', 1),
(9, 1, 9, NULL, NULL, 0, 1, '2019-04-19', NULL, '2019-05-01 12:40:44', 1),
(10, 1, 10, NULL, NULL, 0, 1, '2019-04-19', NULL, '2019-05-01 12:40:44', 1),
(11, 1, 11, NULL, NULL, 0, 1, '2019-04-19', NULL, '2019-05-01 12:40:44', 1),
(12, 1, 12, NULL, NULL, 0, 1, '2019-04-26', NULL, '2019-05-01 12:40:44', 1),
(13, 1, 13, NULL, NULL, 0, 1, '2019-04-26', NULL, '2019-05-01 12:40:44', 1),
(14, 1, 14, NULL, NULL, 0, 1, '2019-04-26', NULL, '2019-05-01 12:40:44', 1),
(15, 1, 15, NULL, NULL, 0, 1, '2019-04-26', NULL, '2019-05-01 12:40:44', 1),
(16, 1, 16, NULL, NULL, 0, 1, '2019-04-26', NULL, '2019-05-01 12:40:44', 1),
(17, 1, 17, NULL, NULL, 0, 1, '2019-04-26', NULL, '2019-05-01 12:40:44', 1),
(18, 1, 18, NULL, NULL, 0, 1, '2019-04-30', NULL, '2019-05-01 12:40:44', 1),
(19, 1, 19, NULL, NULL, 0, 1, '2019-04-30', NULL, '2019-05-01 12:40:44', 1),
(20, 1, 20, NULL, NULL, 0, 1, '2019-04-30', NULL, '2019-05-01 12:40:44', 1),
(21, 1, 21, NULL, NULL, 0, 1, '2019-04-30', NULL, '2019-05-01 12:40:44', 1),
(22, 1, 22, NULL, NULL, 0, 1, '2019-04-30', NULL, '2019-05-01 12:40:44', 1),
(23, 1, 23, NULL, NULL, 0, 1, '2019-04-30', NULL, '2019-05-01 12:40:44', 1),
(24, 1, 24, NULL, NULL, 0, 1, '2019-04-30', NULL, '2019-05-01 12:40:44', 1),
(25, 1, 25, NULL, NULL, 0, 1, '2019-04-30', NULL, '2019-05-01 12:40:44', 1),
(26, 1, 26, NULL, NULL, 0, 1, '2019-04-30', NULL, '2019-05-01 12:40:44', 1),
(27, 1, 27, NULL, NULL, 0, 1, '2019-04-30', NULL, '2019-05-01 12:40:44', 1),
(28, 1, 28, NULL, NULL, 0, 1, '2019-04-30', NULL, '2019-05-01 12:40:44', 1),
(29, 1, 29, NULL, NULL, 0, 1, '2019-04-30', NULL, '2019-05-01 12:40:44', 1),
(30, 1, 30, NULL, NULL, 0, 1, '2019-04-30', NULL, '2019-05-01 12:40:44', 1),
(31, 1, 31, NULL, NULL, 0, 1, '2019-04-30', NULL, '2019-05-01 12:40:44', 1),
(32, 1, 32, NULL, NULL, 0, 1, '2019-04-30', NULL, '2019-05-01 12:40:44', 1),
(33, 1, 33, NULL, NULL, 0, 1, '2019-04-30', NULL, '2019-05-01 12:40:44', 1),
(34, 1, 34, NULL, NULL, 0, 1, '2019-04-30', NULL, '2019-05-01 12:40:44', 1),
(35, 1, 35, NULL, NULL, 0, 1, '2019-04-30', NULL, '2019-05-01 12:40:44', 1),
(36, 1, 36, NULL, NULL, 0, 1, '2019-04-30', NULL, '2019-05-01 12:40:44', 1),
(37, 1, 37, NULL, NULL, 0, 1, '2019-04-30', NULL, '2019-05-01 12:40:44', 1),
(38, 1, 38, NULL, NULL, 0, 1, '2019-04-30', NULL, '2019-05-01 12:40:44', 1),
(39, 1, 39, NULL, NULL, 0, 1, '2019-04-30', NULL, '2019-05-01 12:40:44', 1),
(40, 1, 40, NULL, NULL, 0, 1, '2019-04-30', NULL, '2019-05-01 12:40:44', 1),
(41, 1, 41, NULL, NULL, 0, 1, '2019-04-30', NULL, '2019-05-01 12:40:44', 1),
(42, 1, 42, NULL, NULL, 0, 1, '2019-04-30', NULL, '2019-05-01 12:40:44', 1),
(43, 1, 43, NULL, NULL, 0, 1, '2019-04-30', NULL, '2019-05-01 12:40:44', 1),
(44, 1, 44, NULL, NULL, 0, 1, '2019-04-30', NULL, '2019-05-01 12:40:44', 1),
(45, 1, 45, NULL, NULL, 0, 1, '2019-04-30', NULL, '2019-05-01 12:40:44', 1),
(46, 1, 46, NULL, NULL, 0, 1, '2019-04-30', NULL, '2019-05-01 12:40:44', 1),
(47, 1, 47, NULL, NULL, 0, 1, '2019-04-30', NULL, '2019-05-01 12:40:44', 1),
(48, 1, 48, NULL, NULL, 0, 1, '2019-04-30', NULL, '2019-05-01 12:40:44', 1),
(49, 1, 49, NULL, NULL, 0, 1, '2019-04-30', NULL, '2019-05-01 12:40:44', 1),
(50, 1, 50, NULL, NULL, 0, 1, '2019-04-30', NULL, '2019-05-01 12:40:44', 1),
(328, 1, 51, NULL, NULL, 0, 1, '2019-04-30', NULL, '2019-05-01 12:40:44', 1),
(329, 1, 52, NULL, NULL, 0, 1, '2019-04-30', NULL, '2019-05-01 12:40:44', 1),
(330, 1, 53, NULL, NULL, 0, 1, '2019-05-03', 574, '2019-05-03 05:31:54', 1),
(331, 8, 2, NULL, NULL, 0, 574, '2019-05-03', 574, '2019-05-03 05:31:54', 2),
(332, 8, 3, NULL, NULL, 0, 574, '2019-05-03', 574, '2019-05-03 05:31:54', 2),
(333, 8, 4, NULL, NULL, 0, 574, '2019-05-03', 574, '2019-05-03 05:31:54', 2),
(334, 8, 3, NULL, NULL, 0, 574, '2019-05-03', 574, '2019-05-03 05:32:10', 2),
(335, 8, 4, NULL, NULL, 0, 574, '2019-05-03', 574, '2019-05-03 05:32:10', 1),
(336, 8, 3, NULL, NULL, 0, 574, '2019-05-03', NULL, '2019-05-03 05:32:26', 1),
(337, 8, 4, NULL, NULL, 0, 574, '2019-05-03', NULL, '2019-05-03 05:32:26', 1),
(338, 8, 8, NULL, NULL, 0, 574, '2019-05-03', NULL, '2019-05-03 05:32:26', 1),
(339, 8, 9, NULL, NULL, 0, 574, '2019-05-03', NULL, '2019-05-03 05:32:26', 1),
(340, 9, 11, NULL, NULL, 0, 16, '2019-05-09', NULL, '2019-05-09 05:19:17', 1),
(341, 11, 1, NULL, NULL, 0, 1, '2019-05-09', NULL, '2019-05-09 07:59:43', 1),
(342, 11, 2, NULL, NULL, 0, 1, '2019-05-09', NULL, '2019-05-09 07:59:43', 1),
(343, 11, 3, NULL, NULL, 0, 1, '2019-05-09', NULL, '2019-05-09 07:59:43', 1),
(344, 11, 6, NULL, NULL, 0, 1, '2019-05-09', NULL, '2019-05-09 07:59:43', 1),
(345, 11, 7, NULL, NULL, 0, 1, '2019-05-09', NULL, '2019-05-09 07:59:43', 1),
(346, 11, 9, NULL, NULL, 0, 1, '2019-05-09', NULL, '2019-05-09 07:59:43', 1),
(347, 11, 10, NULL, NULL, 0, 1, '2019-05-09', NULL, '2019-05-09 07:59:43', 1),
(348, 11, 11, NULL, NULL, 0, 1, '2019-05-09', NULL, '2019-05-09 07:59:43', 1),
(349, 11, 19, NULL, NULL, 0, 1, '2019-05-09', NULL, '2019-05-09 07:59:43', 1),
(350, 11, 20, NULL, NULL, 0, 1, '2019-05-09', NULL, '2019-05-09 07:59:43', 1),
(351, 11, 21, NULL, NULL, 0, 1, '2019-05-09', NULL, '2019-05-09 07:59:43', 1),
(352, 11, 22, NULL, NULL, 0, 1, '2019-05-09', NULL, '2019-05-09 07:59:43', 1),
(353, 11, 24, NULL, NULL, 0, 1, '2019-05-09', NULL, '2019-05-09 07:59:43', 1),
(354, 11, 39, NULL, NULL, 0, 1, '2019-05-09', NULL, '2019-05-09 07:59:43', 1),
(355, 11, 40, NULL, NULL, 0, 1, '2019-05-09', NULL, '2019-05-09 07:59:43', 1),
(356, 11, 41, NULL, NULL, 0, 1, '2019-05-09', NULL, '2019-05-09 07:59:43', 1),
(357, 12, 1, NULL, NULL, 0, 16, '2019-05-09', NULL, '2019-05-09 11:40:07', 1),
(358, 12, 2, NULL, NULL, 0, 16, '2019-05-09', NULL, '2019-05-09 11:40:07', 1),
(359, 12, 3, NULL, NULL, 0, 16, '2019-05-09', NULL, '2019-05-09 11:40:07', 1),
(360, 12, 4, NULL, NULL, 0, 16, '2019-05-09', NULL, '2019-05-09 11:40:07', 1),
(361, 12, 5, NULL, NULL, 0, 16, '2019-05-09', NULL, '2019-05-09 11:40:07', 1),
(362, 12, 16, NULL, NULL, 0, 16, '2019-05-09', NULL, '2019-05-09 11:40:07', 1),
(363, 12, 17, NULL, NULL, 0, 16, '2019-05-09', NULL, '2019-05-09 11:40:07', 1),
(364, 12, 18, NULL, NULL, 0, 16, '2019-05-09', NULL, '2019-05-09 11:40:07', 1),
(365, 12, 29, NULL, NULL, 0, 16, '2019-05-09', NULL, '2019-05-09 11:40:07', 1),
(366, 12, 30, NULL, NULL, 0, 16, '2019-05-09', NULL, '2019-05-09 11:40:07', 1),
(367, 12, 31, NULL, NULL, 0, 16, '2019-05-09', NULL, '2019-05-09 11:40:07', 1),
(368, 13, 1, NULL, NULL, 0, 1, '2019-05-10', 1, '2019-05-10 05:13:49', 2),
(369, 13, 2, NULL, NULL, 0, 1, '2019-05-10', 1, '2019-05-10 05:13:49', 2),
(370, 13, 4, NULL, NULL, 0, 1, '2019-05-10', 1, '2019-05-10 05:13:49', 2),
(371, 13, 5, NULL, NULL, 0, 1, '2019-05-10', 1, '2019-05-10 05:13:49', 2),
(372, 13, 6, NULL, NULL, 0, 1, '2019-05-10', 1, '2019-05-10 05:13:49', 2),
(373, 13, 7, NULL, NULL, 0, 1, '2019-05-10', 1, '2019-05-10 05:13:49', 2),
(374, 13, 8, NULL, NULL, 0, 1, '2019-05-10', 1, '2019-05-10 05:13:49', 2),
(375, 13, 9, NULL, NULL, 0, 1, '2019-05-10', 1, '2019-05-10 05:13:49', 2),
(376, 13, 10, NULL, NULL, 0, 1, '2019-05-10', 1, '2019-05-10 05:13:49', 2),
(377, 13, 11, NULL, NULL, 0, 1, '2019-05-10', 1, '2019-05-10 05:13:49', 2),
(378, 13, 12, NULL, NULL, 0, 1, '2019-05-10', 1, '2019-05-10 05:13:49', 2),
(379, 13, 13, NULL, NULL, 0, 1, '2019-05-10', 1, '2019-05-10 05:13:49', 2),
(380, 13, 14, NULL, NULL, 0, 1, '2019-05-10', 1, '2019-05-10 05:13:49', 2),
(381, 13, 16, NULL, NULL, 0, 1, '2019-05-10', 1, '2019-05-10 05:13:49', 2),
(382, 13, 18, NULL, NULL, 0, 1, '2019-05-10', 1, '2019-05-10 05:13:49', 2),
(383, 13, 19, NULL, NULL, 0, 1, '2019-05-10', 1, '2019-05-10 05:13:49', 2),
(384, 13, 20, NULL, NULL, 0, 1, '2019-05-10', 1, '2019-05-10 05:13:49', 2),
(385, 13, 21, NULL, NULL, 0, 1, '2019-05-10', 1, '2019-05-10 05:13:49', 2),
(386, 13, 22, NULL, NULL, 0, 1, '2019-05-10', 1, '2019-05-10 05:13:49', 2),
(387, 13, 23, NULL, NULL, 0, 1, '2019-05-10', 1, '2019-05-10 05:13:49', 2),
(388, 13, 24, NULL, NULL, 0, 1, '2019-05-10', 1, '2019-05-10 05:13:49', 2),
(389, 13, 25, NULL, NULL, 0, 1, '2019-05-10', 1, '2019-05-10 05:13:49', 2),
(390, 13, 28, NULL, NULL, 0, 1, '2019-05-10', 1, '2019-05-10 05:13:49', 2),
(391, 13, 29, NULL, NULL, 0, 1, '2019-05-10', 1, '2019-05-10 05:13:49', 2),
(392, 13, 30, NULL, NULL, 0, 1, '2019-05-10', 1, '2019-05-10 05:13:49', 2),
(393, 13, 31, NULL, NULL, 0, 1, '2019-05-10', 1, '2019-05-10 05:13:49', 2),
(394, 13, 32, NULL, NULL, 0, 1, '2019-05-10', 1, '2019-05-10 05:13:49', 2),
(395, 13, 33, NULL, NULL, 0, 1, '2019-05-10', 1, '2019-05-10 05:13:49', 2),
(396, 13, 38, NULL, NULL, 0, 1, '2019-05-10', 1, '2019-05-10 05:13:49', 2),
(397, 13, 39, NULL, NULL, 0, 1, '2019-05-10', 1, '2019-05-10 05:13:49', 2),
(398, 13, 40, NULL, NULL, 0, 1, '2019-05-10', 1, '2019-05-10 05:13:49', 2),
(399, 13, 41, NULL, NULL, 0, 1, '2019-05-10', 1, '2019-05-10 05:13:49', 2),
(400, 13, 45, NULL, NULL, 0, 1, '2019-05-10', 1, '2019-05-10 05:13:49', 2),
(401, 13, 46, NULL, NULL, 0, 1, '2019-05-10', 1, '2019-05-10 05:13:49', 2),
(402, 13, 47, NULL, NULL, 0, 1, '2019-05-10', 1, '2019-05-10 05:13:49', 2),
(403, 14, 1, NULL, NULL, 0, 644, '2019-05-14', NULL, '2019-05-14 11:01:08', 1),
(404, 14, 2, NULL, NULL, 0, 644, '2019-05-14', NULL, '2019-05-14 11:01:08', 1),
(405, 14, 3, NULL, NULL, 0, 644, '2019-05-14', NULL, '2019-05-14 11:01:08', 1),
(406, 14, 10, NULL, NULL, 0, 644, '2019-05-14', NULL, '2019-05-14 11:01:08', 1),
(407, 14, 11, NULL, NULL, 0, 644, '2019-05-14', NULL, '2019-05-14 11:01:08', 1),
(408, 14, 19, NULL, NULL, 0, 644, '2019-05-14', NULL, '2019-05-14 11:01:08', 1),
(409, 14, 20, NULL, NULL, 0, 644, '2019-05-14', NULL, '2019-05-14 11:01:08', 1),
(410, 15, 1, NULL, NULL, 0, 574, '2019-05-15', 1, '2019-05-15 12:23:14', 2),
(411, 15, 2, NULL, NULL, 0, 574, '2019-05-15', 1, '2019-05-15 12:23:14', 2),
(412, 15, 9, NULL, NULL, 0, 574, '2019-05-15', 1, '2019-05-15 12:23:14', 2),
(413, 15, 10, NULL, NULL, 0, 574, '2019-05-15', 1, '2019-05-15 12:23:14', 2),
(414, 15, 11, NULL, NULL, 0, 574, '2019-05-15', 1, '2019-05-15 12:23:14', 2),
(415, 15, 12, NULL, NULL, 0, 574, '2019-05-15', 1, '2019-05-15 12:23:14', 2),
(416, 15, 13, NULL, NULL, 0, 574, '2019-05-15', 1, '2019-05-15 12:23:14', 2),
(417, 15, 14, NULL, NULL, 0, 574, '2019-05-15', 1, '2019-05-15 12:23:14', 2),
(418, 15, 15, NULL, NULL, 0, 574, '2019-05-15', 1, '2019-05-15 12:23:14', 2),
(419, 15, 16, NULL, NULL, 0, 574, '2019-05-15', 1, '2019-05-15 12:23:14', 2),
(420, 15, 17, NULL, NULL, 0, 574, '2019-05-15', 1, '2019-05-15 12:23:14', 2),
(421, 15, 18, NULL, NULL, 0, 574, '2019-05-15', 1, '2019-05-15 12:23:14', 2),
(422, 16, 1, NULL, NULL, 0, 574, '2019-05-16', NULL, '2019-05-16 07:45:17', 1),
(423, 16, 2, NULL, NULL, 0, 574, '2019-05-16', NULL, '2019-05-16 07:45:17', 1),
(424, 16, 3, NULL, NULL, 0, 574, '2019-05-16', NULL, '2019-05-16 07:45:17', 1),
(425, 16, 4, NULL, NULL, 0, 574, '2019-05-16', NULL, '2019-05-16 07:45:17', 1),
(426, 17, 1, NULL, NULL, 0, 644, '2019-05-22', NULL, '2019-05-22 11:42:30', 1),
(427, 17, 2, NULL, NULL, 0, 644, '2019-05-22', NULL, '2019-05-22 11:42:30', 1),
(428, 17, 3, NULL, NULL, 0, 644, '2019-05-22', NULL, '2019-05-22 11:42:30', 1),
(429, 17, 15, NULL, NULL, 0, 644, '2019-05-22', NULL, '2019-05-22 11:42:30', 1),
(430, 17, 16, NULL, NULL, 0, 644, '2019-05-22', NULL, '2019-05-22 11:42:30', 1),
(431, 17, 17, NULL, NULL, 0, 644, '2019-05-22', NULL, '2019-05-22 11:42:30', 1),
(432, 17, 25, NULL, NULL, 0, 644, '2019-05-22', NULL, '2019-05-22 11:42:30', 1),
(433, 17, 26, NULL, NULL, 0, 644, '2019-05-22', NULL, '2019-05-22 11:42:30', 1),
(434, 17, 39, NULL, NULL, 0, 644, '2019-05-22', NULL, '2019-05-22 11:42:30', 1),
(435, 1, 54, NULL, NULL, 0, 1, '2019-05-03', NULL, '2019-05-03 05:31:54', 1),
(437, 3, 1, NULL, NULL, 0, 1, '2019-06-11', NULL, '2019-06-11 12:41:35', 1),
(438, 3, 24, NULL, NULL, 0, 1, '2019-06-11', NULL, '2019-06-11 12:41:35', 1),
(439, 3, 2, NULL, NULL, 0, 1, '2019-06-11', NULL, '2019-06-11 12:41:35', 1),
(440, 3, 3, NULL, NULL, 0, 1, '2019-06-11', NULL, '2019-06-11 12:41:35', 1),
(441, 3, 4, NULL, NULL, 0, 1, '2019-06-11', NULL, '2019-06-11 12:41:35', 1),
(442, 3, 5, NULL, NULL, 0, 1, '2019-06-11', NULL, '2019-06-11 12:41:35', 1),
(443, 3, 8, NULL, NULL, 0, 1, '2019-06-11', NULL, '2019-06-11 12:41:35', 1),
(444, 3, 9, NULL, NULL, 0, 1, '2019-06-11', NULL, '2019-06-11 12:41:35', 1),
(445, 3, 18, NULL, NULL, 0, 1, '2019-06-11', NULL, '2019-06-11 12:41:35', 1),
(446, 3, 54, NULL, NULL, 0, 1, '2019-06-11', NULL, '2019-06-11 12:41:35', 1),
(447, 4, 1, NULL, NULL, 0, 1, '2019-06-11', NULL, '2019-06-11 12:48:15', 1),
(448, 4, 24, NULL, NULL, 0, 1, '2019-06-11', NULL, '2019-06-11 12:48:15', 1),
(449, 4, 2, NULL, NULL, 0, 1, '2019-06-11', NULL, '2019-06-11 12:48:15', 1),
(450, 4, 3, NULL, NULL, 0, 1, '2019-06-11', NULL, '2019-06-11 12:48:15', 1),
(451, 3, 6, NULL, NULL, 0, 1, '2019-06-11', NULL, '2019-06-11 12:53:39', 1),
(452, 3, 7, NULL, NULL, 0, 1, '2019-06-11', NULL, '2019-06-11 12:53:39', 1),
(453, 3, 45, NULL, NULL, 0, 1, '2019-06-11', NULL, '2019-06-11 12:53:39', 1),
(454, 3, 46, NULL, NULL, 0, 1, '2019-06-11', NULL, '2019-06-11 12:53:39', 1),
(455, 3, 47, NULL, NULL, 0, 1, '2019-06-11', NULL, '2019-06-11 12:53:39', 1),
(456, 3, 44, NULL, NULL, 0, 1, '2019-06-11', NULL, '2019-06-11 12:53:39', 1),
(457, 2, 1, NULL, NULL, 0, 0, '0000-00-00', NULL, '2019-06-17 11:07:33', 1),
(458, 2, 24, NULL, NULL, 0, 0, '0000-00-00', NULL, '2019-06-17 11:07:33', 1),
(459, 2, 2, NULL, NULL, 0, 0, '0000-00-00', NULL, '2019-06-17 11:07:33', 1),
(460, 2, 3, NULL, NULL, 0, 0, '0000-00-00', NULL, '2019-06-17 11:07:33', 1),
(461, 18, 1, NULL, NULL, 0, 685, '2019-06-18', 826, '2019-06-18 09:47:00', 2),
(462, 18, 2, NULL, NULL, 0, 685, '2019-06-18', 826, '2019-06-18 09:47:00', 2),
(463, 18, 3, NULL, NULL, 0, 685, '2019-06-18', 826, '2019-06-18 09:47:00', 2),
(464, 18, 4, NULL, NULL, 0, 685, '2019-06-18', 826, '2019-06-18 09:47:00', 2),
(465, 19, 8, NULL, NULL, 0, 685, '2019-06-18', NULL, '2019-06-18 09:47:29', 1),
(466, 19, 9, NULL, NULL, 0, 685, '2019-06-18', NULL, '2019-06-18 09:47:29', 1),
(467, 19, 14, NULL, NULL, 0, 685, '2019-06-18', NULL, '2019-06-18 09:47:29', 1),
(468, 19, 15, NULL, NULL, 0, 685, '2019-06-18', NULL, '2019-06-18 09:47:29', 1),
(469, 23, 1, NULL, NULL, 0, 1, '2019-06-18', NULL, '2019-06-18 09:50:39', 1),
(470, 23, 2, NULL, NULL, 0, 1, '2019-06-18', NULL, '2019-06-18 09:50:39', 1),
(471, 27, 1, NULL, NULL, 0, 685, '2019-06-18', NULL, '2019-06-18 10:01:26', 1),
(472, 27, 2, NULL, NULL, 0, 685, '2019-06-18', NULL, '2019-06-18 10:01:26', 1),
(473, 27, 9, NULL, NULL, 0, 685, '2019-06-18', NULL, '2019-06-18 10:01:26', 1),
(474, 27, 10, NULL, NULL, 0, 685, '2019-06-18', NULL, '2019-06-18 10:01:26', 1),
(475, 27, 17, NULL, NULL, 0, 685, '2019-06-18', NULL, '2019-06-18 10:01:26', 1),
(476, 28, 1, NULL, NULL, 0, 1, '2019-06-18', NULL, '2019-06-18 10:10:51', 1),
(477, 7, 1, NULL, NULL, 0, 1, '2019-06-25', NULL, '2019-06-25 12:36:43', 1),
(478, 7, 17, NULL, NULL, 0, 1, '2019-06-25', NULL, '2019-06-25 12:36:43', 1),
(479, 7, 8, NULL, NULL, 0, 1, '2019-06-25', NULL, '2019-06-25 12:36:43', 1),
(480, 30, 2, NULL, NULL, 0, 1, '2019-06-27', NULL, '2019-06-27 05:36:54', 1),
(481, 30, 3, NULL, NULL, 0, 1, '2019-06-27', NULL, '2019-06-27 05:36:54', 1),
(482, 30, 4, NULL, NULL, 0, 1, '2019-06-27', NULL, '2019-06-27 05:36:54', 1),
(483, 31, 2, NULL, NULL, 0, 1, '2019-06-27', NULL, '2019-06-27 05:47:37', 1),
(484, 31, 3, NULL, NULL, 0, 1, '2019-06-27', NULL, '2019-06-27 05:47:37', 1),
(485, 31, 4, NULL, NULL, 0, 1, '2019-06-27', NULL, '2019-06-27 05:47:37', 1),
(486, 17, 5, NULL, NULL, 0, 574, '2019-06-28', NULL, '2019-06-28 07:25:05', 1),
(487, 17, 6, NULL, NULL, 0, 574, '2019-06-28', NULL, '2019-06-28 07:25:05', 1),
(488, 17, 8, NULL, NULL, 0, 574, '2019-06-28', NULL, '2019-06-28 07:25:05', 1),
(489, 18, 1, NULL, NULL, 0, 826, '2019-06-28', 826, '2019-06-28 13:09:20', 2),
(490, 18, 2, NULL, NULL, 0, 826, '2019-06-28', 826, '2019-06-28 13:09:20', 2),
(491, 18, 3, NULL, NULL, 0, 826, '2019-06-28', 826, '2019-06-28 13:09:20', 2),
(492, 18, 4, NULL, NULL, 0, 826, '2019-06-28', 826, '2019-06-28 13:09:20', 2),
(493, 18, 5, NULL, NULL, 0, 826, '2019-06-28', 826, '2019-06-28 13:09:20', 2),
(494, 18, 1, NULL, NULL, 0, 826, '2019-06-28', NULL, '2019-06-28 13:10:33', 1),
(495, 18, 2, NULL, NULL, 0, 826, '2019-06-28', NULL, '2019-06-28 13:10:33', 1),
(496, 18, 3, NULL, NULL, 0, 826, '2019-06-28', NULL, '2019-06-28 13:10:33', 1),
(497, 18, 4, NULL, NULL, 0, 826, '2019-06-28', NULL, '2019-06-28 13:10:33', 1),
(498, 18, 5, NULL, NULL, 0, 826, '2019-06-28', NULL, '2019-06-28 13:10:33', 1),
(499, 18, 18, NULL, NULL, 0, 826, '2019-06-28', NULL, '2019-06-28 13:10:33', 1),
(500, 19, 1, NULL, NULL, 0, 574, '2019-06-28', NULL, '2019-06-28 13:20:11', 1),
(501, 25, 1, NULL, NULL, 0, 574, '2019-06-28', NULL, '2019-06-29 06:13:07', 1),
(502, 26, 1, NULL, NULL, 0, 574, '2019-06-28', NULL, '2019-06-29 06:14:08', 1),
(503, 27, 1, NULL, NULL, 0, 574, '2019-06-28', NULL, '2019-06-29 06:14:11', 1),
(504, 28, 1, NULL, NULL, 0, 574, '2019-06-28', NULL, '2019-06-29 06:14:12', 1),
(505, 29, 1, NULL, NULL, 0, 574, '2019-06-28', NULL, '2019-06-29 06:14:12', 1),
(506, 30, 1, NULL, NULL, 0, 574, '2019-06-28', NULL, '2019-06-29 06:14:12', 1),
(507, 31, 1, NULL, NULL, 0, 574, '2019-06-28', NULL, '2019-06-29 06:16:04', 1),
(508, 31, 54, NULL, NULL, 0, 574, '2019-06-28', NULL, '2019-06-29 06:16:04', 1),
(509, 32, 1, NULL, NULL, 0, 574, '2019-06-29', NULL, '2019-06-29 06:19:21', 1),
(510, 32, 2, NULL, NULL, 0, 574, '2019-06-29', NULL, '2019-06-29 06:19:21', 1),
(511, 32, 3, NULL, NULL, 0, 574, '2019-06-29', NULL, '2019-06-29 06:19:21', 1),
(512, 32, 4, NULL, NULL, 0, 574, '2019-06-29', NULL, '2019-06-29 06:19:21', 1),
(513, 34, 1, NULL, NULL, 0, 574, '2019-06-28', NULL, '2019-06-29 06:56:45', 1),
(514, 34, 54, NULL, NULL, 0, 574, '2019-06-28', NULL, '2019-06-29 06:56:45', 1),
(515, 35, 1, NULL, NULL, 0, 574, '2019-06-28', NULL, '2019-06-29 07:02:25', 1),
(516, 35, 54, NULL, NULL, 0, 574, '2019-06-28', NULL, '2019-06-29 07:02:25', 1),
(517, 36, 1, NULL, NULL, 0, 574, '2019-06-28', NULL, '2019-06-29 07:02:28', 1),
(518, 36, 54, NULL, NULL, 0, 574, '2019-06-28', NULL, '2019-06-29 07:02:28', 1),
(519, 38, 2, NULL, NULL, 0, 574, '2019-07-01', NULL, '2019-07-01 07:08:15', 1);

-- --------------------------------------------------------

--
-- Table structure for table `role_type`
--

CREATE TABLE `role_type` (
  `id` int(11) NOT NULL,
  `name` varchar(15) NOT NULL
) ENGINE=InnoDB DEFAULT CHARSET=latin1;

--
-- Dumping data for table `role_type`
--

INSERT INTO `role_type` (`id`, `name`) VALUES
(1, 'User'),
(2, 'Vendor'),
(3, 'Corporate '),
(4, 'Admin'),
(5, 'Staff');

-- --------------------------------------------------------

--
-- Table structure for table `route_knowledge`
--

CREATE TABLE `route_knowledge` (
  `id` int(11) NOT NULL,
  `user_id` int(11) NOT NULL,
  `route_id` int(11) NOT NULL,
  `created_date` datetime NOT NULL,
  `modified_date` timestamp NOT NULL DEFAULT CURRENT_TIMESTAMP ON UPDATE CURRENT_TIMESTAMP,
  `created_by` int(11) NOT NULL,
  `modified_by` int(11) NOT NULL,
  `status` enum('0','1') NOT NULL,
  `ip` varchar(20) NOT NULL
) ENGINE=InnoDB DEFAULT CHARSET=latin1;

-- --------------------------------------------------------

--
-- Table structure for table `rto_state_taxes`
--

CREATE TABLE `rto_state_taxes` (
  `id` int(11) NOT NULL,
  `state_id` int(11) NOT NULL DEFAULT '0',
  `vehicle_type_id` int(11) NOT NULL DEFAULT '0',
  `period_id` int(11) NOT NULL DEFAULT '0',
  `amount` varchar(10) DEFAULT NULL,
  `created_date` date NOT NULL,
  `created_by` int(11) NOT NULL,
  `modified_date` timestamp NOT NULL DEFAULT CURRENT_TIMESTAMP ON UPDATE CURRENT_TIMESTAMP,
  `modified_by` int(11) DEFAULT NULL,
  `status` tinyint(4) NOT NULL DEFAULT '1',
  `ip` varchar(50) DEFAULT NULL
) ENGINE=InnoDB DEFAULT CHARSET=latin1;

--
-- Dumping data for table `rto_state_taxes`
--

INSERT INTO `rto_state_taxes` (`id`, `state_id`, `vehicle_type_id`, `period_id`, `amount`, `created_date`, `created_by`, `modified_date`, `modified_by`, `status`, `ip`) VALUES
(1, 15, 1, 1, '250', '2020-02-29', 1, '2020-02-29 09:12:30', 1, 1, '127.0.0.1'),
(2, 15, 2, 1, '250', '2020-02-29', 1, '2020-02-29 09:23:50', 1, 1, '127.0.0.1'),
(3, 15, 3, 1, '250', '2020-02-29', 1, '2020-02-29 09:23:50', 1, 1, '127.0.0.1'),
(4, 15, 4, 1, '250', '2020-02-29', 1, '2020-02-29 09:23:50', 1, 1, '127.0.0.1'),
(5, 15, 6, 1, '250', '2020-02-29', 1, '2020-02-29 09:23:50', 1, 1, '127.0.0.1'),
(6, 15, 7, 1, '250', '2020-02-29', 1, '2020-02-29 09:23:50', 1, 1, '127.0.0.1'),
(7, 15, 8, 1, '250', '2020-02-29', 1, '2020-02-29 09:23:50', 1, 1, '127.0.0.1'),
(8, 15, 9, 1, '250', '2020-02-29', 1, '2020-02-29 09:23:50', 1, 1, '127.0.0.1'),
(9, 15, 12, 1, '250', '2020-02-29', 1, '2020-02-29 09:23:51', 1, 1, '127.0.0.1'),
(10, 15, 10, 1, '250', '2020-02-29', 1, '2020-02-29 09:23:51', 1, 1, '127.0.0.1'),
(11, 15, 13, 1, '250', '2020-02-29', 1, '2020-02-29 09:23:51', 1, 1, '127.0.0.1'),
(12, 15, 21, 1, '250', '2020-02-29', 1, '2020-02-29 09:23:51', 1, 1, '127.0.0.1'),
(13, 15, 22, 1, '250', '2020-02-29', 1, '2020-02-29 09:23:51', 1, 1, '127.0.0.1'),
(14, 15, 5, 1, '265', '2020-02-29', 1, '2020-02-29 09:23:51', 1, 1, '127.0.0.1'),
(15, 15, 11, 1, '265', '2020-02-29', 1, '2020-02-29 09:23:51', 1, 1, '127.0.0.1'),
(16, 15, 23, 1, '265', '2020-02-29', 1, '2020-02-29 09:23:51', 1, 1, '127.0.0.1'),
(17, 15, 28, 1, '265', '2020-02-29', 1, '2020-02-29 09:23:51', 1, 1, '127.0.0.1'),
(18, 15, 25, 1, '265', '2020-02-29', 1, '2020-02-29 09:23:51', 1, 1, '127.0.0.1'),
(19, 15, 24, 1, '5300', '2020-02-29', 1, '2020-02-29 09:23:51', 1, 1, '127.0.0.1'),
(20, 15, 29, 1, '5300', '2020-02-29', 1, '2020-02-29 09:23:52', 1, 1, '127.0.0.1'),
(21, 15, 26, 1, '5300', '2020-02-29', 1, '2020-02-29 09:23:52', 1, 1, '127.0.0.1'),
(22, 15, 19, 1, '5300', '2020-02-29', 1, '2020-02-29 09:23:52', 1, 1, '127.0.0.1'),
(23, 15, 27, 1, '5300', '2020-02-29', 1, '2020-02-29 09:23:52', 1, 1, '127.0.0.1'),
(24, 15, 20, 1, '5300', '2020-02-29', 1, '2020-02-29 09:23:52', 1, 1, '127.0.0.1'),
(25, 32, 24, 1, '5300', '2020-02-29', 1, '2020-02-29 09:23:52', 1, 1, '127.0.0.1'),
(26, 32, 29, 1, '5300', '2020-02-29', 1, '2020-02-29 09:23:52', 1, 1, '127.0.0.1'),
(27, 32, 26, 1, '5300', '2020-02-29', 1, '2020-02-29 09:23:52', 1, 1, '127.0.0.1'),
(28, 32, 19, 1, '5300', '2020-02-29', 1, '2020-02-29 09:23:52', 1, 1, '127.0.0.1'),
(29, 32, 27, 1, '5300', '2020-02-29', 1, '2020-02-29 09:23:52', 1, 1, '127.0.0.1'),
(30, 32, 20, 1, '5300', '2020-02-29', 1, '2020-02-29 09:23:52', 1, 1, '127.0.0.1'),
(31, 13, 24, 1, '5300', '2020-02-29', 1, '2020-02-29 09:23:53', 1, 1, '127.0.0.1'),
(32, 13, 29, 1, '5300', '2020-02-29', 1, '2020-02-29 09:23:53', 1, 1, '127.0.0.1'),
(33, 13, 26, 1, '5300', '2020-02-29', 1, '2020-02-29 09:23:53', 1, 1, '127.0.0.1'),
(34, 13, 19, 1, '5300', '2020-02-29', 1, '2020-02-29 09:23:53', 1, 1, '127.0.0.1'),
(35, 13, 27, 1, '5300', '2020-02-29', 1, '2020-02-29 09:23:53', 1, 1, '127.0.0.1'),
(36, 13, 20, 1, '5300', '2020-02-29', 1, '2020-02-29 09:23:53', 1, 1, '127.0.0.1'),
(37, 33, 24, 1, '5300', '2020-02-29', 1, '2020-02-29 09:23:53', 1, 1, '127.0.0.1'),
(38, 33, 29, 1, '5300', '2020-02-29', 1, '2020-02-29 09:23:53', 1, 1, '127.0.0.1'),
(39, 33, 26, 1, '5300', '2020-02-29', 1, '2020-02-29 09:23:53', 1, 1, '127.0.0.1'),
(40, 33, 19, 1, '5300', '2020-02-29', 1, '2020-02-29 09:23:53', 1, 1, '127.0.0.1'),
(41, 33, 27, 1, '5300', '2020-02-29', 1, '2020-02-29 09:23:53', 1, 1, '127.0.0.1'),
(42, 33, 20, 1, '5300', '2020-02-29', 1, '2020-02-29 09:23:54', 1, 1, '127.0.0.1'),
(43, 39, 24, 1, '5300', '2020-02-29', 1, '2020-02-29 09:23:54', 1, 1, '127.0.0.1'),
(44, 39, 29, 1, '5300', '2020-02-29', 1, '2020-02-29 09:23:54', 1, 1, '127.0.0.1'),
(45, 39, 26, 1, '5300', '2020-02-29', 1, '2020-02-29 09:23:54', 1, 1, '127.0.0.1'),
(46, 39, 19, 1, '5300', '2020-02-29', 1, '2020-02-29 09:23:54', 1, 1, '127.0.0.1'),
(47, 39, 27, 1, '5300', '2020-02-29', 1, '2020-02-29 09:23:54', 1, 1, '127.0.0.1'),
(48, 39, 20, 1, '5300', '2020-02-29', 1, '2020-02-29 09:23:54', 1, 1, '127.0.0.1'),
(49, 38, 24, 1, '5300', '2020-02-29', 1, '2020-02-29 09:23:54', 1, 1, '127.0.0.1'),
(50, 38, 29, 1, '5300', '2020-02-29', 1, '2020-02-29 09:23:54', 1, 1, '127.0.0.1'),
(51, 38, 26, 1, '5300', '2020-02-29', 1, '2020-02-29 09:23:54', 1, 1, '127.0.0.1'),
(52, 38, 19, 1, '5300', '2020-02-29', 1, '2020-02-29 09:23:55', 1, 1, '127.0.0.1'),
(53, 38, 27, 1, '5300', '2020-02-29', 1, '2020-02-29 09:23:55', 1, 1, '127.0.0.1'),
(54, 38, 20, 1, '5300', '2020-02-29', 1, '2020-02-29 09:23:55', 1, 1, '127.0.0.1'),
(55, 14, 24, 1, '5000', '2020-02-29', 1, '2020-02-29 09:23:55', 1, 1, '127.0.0.1'),
(56, 14, 29, 1, '5000', '2020-02-29', 1, '2020-02-29 09:23:55', 1, 1, '127.0.0.1'),
(57, 14, 26, 1, '5000', '2020-02-29', 1, '2020-02-29 09:23:55', 1, 1, '127.0.0.1'),
(58, 14, 19, 1, '5000', '2020-02-29', 1, '2020-02-29 09:23:55', 1, 1, '127.0.0.1'),
(59, 14, 27, 1, '5000', '2020-02-29', 1, '2020-02-29 09:23:55', 1, 1, '127.0.0.1'),
(60, 14, 20, 1, '5000', '2020-02-29', 1, '2020-02-29 09:23:55', 1, 1, '127.0.0.1'),
(61, 32, 1, 1, '220', '2020-02-29', 1, '2020-02-29 09:30:52', 1, 1, '127.0.0.1'),
(62, 32, 2, 1, '220', '2020-02-29', 1, '2020-02-29 09:30:52', 1, 1, '127.0.0.1'),
(63, 32, 3, 1, '220', '2020-02-29', 1, '2020-02-29 09:30:52', 1, 1, '127.0.0.1'),
(64, 32, 4, 1, '220', '2020-02-29', 1, '2020-02-29 09:30:52', 1, 1, '127.0.0.1'),
(65, 32, 6, 1, '220', '2020-02-29', 1, '2020-02-29 09:30:52', 1, 1, '127.0.0.1'),
(66, 32, 7, 1, '220', '2020-02-29', 1, '2020-02-29 09:30:52', 1, 1, '127.0.0.1'),
(67, 32, 8, 1, '220', '2020-02-29', 1, '2020-02-29 09:30:52', 1, 1, '127.0.0.1'),
(68, 32, 9, 1, '220', '2020-02-29', 1, '2020-02-29 09:30:53', 1, 1, '127.0.0.1'),
(69, 32, 12, 1, '220', '2020-02-29', 1, '2020-02-29 09:30:53', 1, 1, '127.0.0.1'),
(70, 32, 10, 1, '320', '2020-02-29', 1, '2020-02-29 09:30:53', 1, 1, '127.0.0.1'),
(71, 32, 13, 1, '320', '2020-02-29', 1, '2020-02-29 09:30:53', 1, 1, '127.0.0.1'),
(72, 32, 21, 1, '320', '2020-02-29', 1, '2020-02-29 09:30:53', 1, 1, '127.0.0.1'),
(73, 32, 22, 1, '320', '2020-02-29', 1, '2020-02-29 09:30:53', 1, 1, '127.0.0.1'),
(74, 32, 5, 1, '500', '2020-02-29', 1, '2020-02-29 09:30:53', 1, 1, '127.0.0.1'),
(75, 32, 11, 1, '600', '2020-02-29', 1, '2020-02-29 09:30:53', 1, 1, '127.0.0.1'),
(76, 32, 23, 1, '600', '2020-02-29', 1, '2020-02-29 09:30:53', 1, 1, '127.0.0.1'),
(77, 32, 28, 1, '600', '2020-02-29', 1, '2020-02-29 09:30:54', 1, 1, '127.0.0.1'),
(78, 32, 25, 1, '800', '2020-02-29', 1, '2020-02-29 09:30:54', 1, 1, '127.0.0.1'),
(79, 13, 1, 1, '100', '2020-02-29', 1, '2020-02-29 09:33:58', 1, 1, '127.0.0.1'),
(80, 13, 2, 1, '100', '2020-02-29', 1, '2020-02-29 09:33:58', 1, 1, '127.0.0.1'),
(81, 13, 3, 1, '100', '2020-02-29', 1, '2020-02-29 09:33:59', 1, 1, '127.0.0.1'),
(82, 13, 4, 1, '100', '2020-02-29', 1, '2020-02-29 09:33:59', 1, 1, '127.0.0.1'),
(83, 13, 6, 1, '100', '2020-02-29', 1, '2020-02-29 09:33:59', 1, 1, '127.0.0.1'),
(84, 13, 7, 1, '100', '2020-02-29', 1, '2020-02-29 09:33:59', 1, 1, '127.0.0.1'),
(85, 13, 8, 1, '100', '2020-02-29', 1, '2020-02-29 09:33:59', 1, 1, '127.0.0.1'),
(86, 13, 9, 1, '100', '2020-02-29', 1, '2020-02-29 09:33:59', 1, 1, '127.0.0.1'),
(87, 13, 12, 1, '100', '2020-02-29', 1, '2020-02-29 09:33:59', 1, 1, '127.0.0.1'),
(88, 13, 10, 1, '100', '2020-02-29', 1, '2020-02-29 09:33:59', 1, 1, '127.0.0.1'),
(89, 13, 13, 1, '100', '2020-02-29', 1, '2020-02-29 09:33:59', 1, 1, '127.0.0.1'),
(90, 13, 21, 1, '100', '2020-02-29', 1, '2020-02-29 09:34:00', 1, 1, '127.0.0.1'),
(91, 13, 22, 1, '100', '2020-02-29', 1, '2020-02-29 09:34:00', 1, 1, '127.0.0.1'),
(92, 13, 5, 1, '600', '2020-02-29', 1, '2020-02-29 09:34:00', 1, 1, '127.0.0.1'),
(93, 13, 11, 1, '600', '2020-02-29', 1, '2020-02-29 09:34:00', 1, 1, '127.0.0.1'),
(94, 13, 23, 1, '600', '2020-02-29', 1, '2020-02-29 09:34:00', 1, 1, '127.0.0.1'),
(95, 13, 28, 1, '600', '2020-02-29', 1, '2020-02-29 09:34:00', 1, 1, '127.0.0.1'),
(96, 13, 25, 1, '800', '2020-02-29', 1, '2020-02-29 09:34:00', 1, 1, '127.0.0.1'),
(97, 33, 1, 1, '150', '2020-02-29', 1, '2020-02-29 09:36:45', 1, 1, '127.0.0.1'),
(98, 33, 2, 1, '150', '2020-02-29', 1, '2020-02-29 09:36:45', 1, 1, '127.0.0.1'),
(99, 33, 3, 1, '150', '2020-02-29', 1, '2020-02-29 09:36:45', 1, 1, '127.0.0.1'),
(100, 33, 4, 1, '150', '2020-02-29', 1, '2020-02-29 09:36:45', 1, 1, '127.0.0.1'),
(101, 33, 6, 1, '150', '2020-02-29', 1, '2020-02-29 09:36:45', 1, 1, '127.0.0.1'),
(102, 33, 7, 1, '150', '2020-02-29', 1, '2020-02-29 09:36:45', 1, 1, '127.0.0.1'),
(103, 33, 8, 1, '150', '2020-02-29', 1, '2020-02-29 09:36:45', 1, 1, '127.0.0.1'),
(104, 33, 9, 1, '150', '2020-02-29', 1, '2020-02-29 09:36:45', 1, 1, '127.0.0.1'),
(105, 33, 12, 1, '150', '2020-02-29', 1, '2020-02-29 09:36:45', 1, 1, '127.0.0.1'),
(106, 33, 10, 1, '250', '2020-02-29', 1, '2020-02-29 09:36:46', 1, 1, '127.0.0.1'),
(107, 33, 13, 1, '250', '2020-02-29', 1, '2020-02-29 09:36:46', 1, 1, '127.0.0.1'),
(108, 33, 21, 1, '250', '2020-02-29', 1, '2020-02-29 09:36:46', 1, 1, '127.0.0.1'),
(109, 33, 22, 1, '250', '2020-02-29', 1, '2020-02-29 09:36:46', 1, 1, '127.0.0.1'),
(110, 33, 5, 1, '450', '2020-02-29', 1, '2020-02-29 09:36:46', 1, 1, '127.0.0.1'),
(111, 33, 11, 1, '600', '2020-02-29', 1, '2020-02-29 09:36:46', 1, 1, '127.0.0.1'),
(112, 33, 23, 1, '600', '2020-02-29', 1, '2020-02-29 09:36:46', 1, 1, '127.0.0.1'),
(113, 33, 28, 1, '600', '2020-02-29', 1, '2020-02-29 09:36:46', 1, 1, '127.0.0.1'),
(114, 33, 25, 1, '800', '2020-02-29', 1, '2020-02-29 09:36:46', 1, 1, '127.0.0.1'),
(115, 39, 1, 1, '180', '2020-02-29', 1, '2020-02-29 09:38:55', 1, 1, '127.0.0.1'),
(116, 39, 2, 1, '180', '2020-02-29', 1, '2020-02-29 09:38:55', 1, 1, '127.0.0.1'),
(117, 39, 3, 1, '180', '2020-02-29', 1, '2020-02-29 09:38:55', 1, 1, '127.0.0.1'),
(118, 39, 4, 1, '180', '2020-02-29', 1, '2020-02-29 09:38:55', 1, 1, '127.0.0.1'),
(119, 39, 6, 1, '180', '2020-02-29', 1, '2020-02-29 09:38:55', 1, 1, '127.0.0.1'),
(120, 39, 7, 1, '180', '2020-02-29', 1, '2020-02-29 09:38:55', 1, 1, '127.0.0.1'),
(121, 39, 8, 1, '180', '2020-02-29', 1, '2020-02-29 09:38:55', 1, 1, '127.0.0.1'),
(122, 39, 9, 1, '180', '2020-02-29', 1, '2020-02-29 09:38:55', 1, 1, '127.0.0.1'),
(123, 39, 12, 1, '180', '2020-02-29', 1, '2020-02-29 09:38:55', 1, 1, '127.0.0.1'),
(124, 39, 10, 1, '270', '2020-02-29', 1, '2020-02-29 09:38:55', 1, 1, '127.0.0.1'),
(125, 39, 13, 1, '270', '2020-02-29', 1, '2020-02-29 09:38:55', 1, 1, '127.0.0.1'),
(126, 39, 21, 1, '270', '2020-02-29', 1, '2020-02-29 09:38:56', 1, 1, '127.0.0.1'),
(127, 39, 22, 1, '270', '2020-02-29', 1, '2020-02-29 09:38:56', 1, 1, '127.0.0.1'),
(128, 39, 5, 1, '450', '2020-02-29', 1, '2020-02-29 09:38:56', 1, 1, '127.0.0.1'),
(129, 39, 11, 1, '500', '2020-02-29', 1, '2020-02-29 09:38:56', 1, 1, '127.0.0.1'),
(130, 39, 23, 1, '500', '2020-02-29', 1, '2020-02-29 09:38:56', 1, 1, '127.0.0.1'),
(131, 39, 28, 1, '500', '2020-02-29', 1, '2020-02-29 09:38:56', 1, 1, '127.0.0.1'),
(132, 39, 25, 1, '800', '2020-02-29', 1, '2020-02-29 09:38:56', 1, 1, '127.0.0.1'),
(133, 38, 1, 1, '170', '2020-02-29', 1, '2020-02-29 09:40:13', 1, 1, '127.0.0.1'),
(134, 38, 2, 1, '170', '2020-02-29', 1, '2020-02-29 09:40:13', 1, 1, '127.0.0.1'),
(135, 38, 3, 1, '170', '2020-02-29', 1, '2020-02-29 09:40:13', 1, 1, '127.0.0.1'),
(136, 38, 4, 1, '170', '2020-02-29', 1, '2020-02-29 09:40:13', 1, 1, '127.0.0.1'),
(137, 38, 6, 1, '170', '2020-02-29', 1, '2020-02-29 09:40:13', 1, 1, '127.0.0.1'),
(138, 38, 7, 1, '170', '2020-02-29', 1, '2020-02-29 09:40:13', 1, 1, '127.0.0.1'),
(139, 38, 8, 1, '170', '2020-02-29', 1, '2020-02-29 09:40:14', 1, 1, '127.0.0.1'),
(140, 38, 9, 1, '170', '2020-02-29', 1, '2020-02-29 09:40:14', 1, 1, '127.0.0.1'),
(141, 38, 12, 1, '170', '2020-02-29', 1, '2020-02-29 09:40:14', 1, 1, '127.0.0.1'),
(142, 38, 10, 1, '230', '2020-02-29', 1, '2020-02-29 09:40:14', 1, 1, '127.0.0.1'),
(143, 38, 13, 1, '230', '2020-02-29', 1, '2020-02-29 09:40:14', 1, 1, '127.0.0.1'),
(144, 38, 21, 1, '230', '2020-02-29', 1, '2020-02-29 09:40:14', 1, 1, '127.0.0.1'),
(145, 38, 22, 1, '230', '2020-02-29', 1, '2020-02-29 09:40:14', 1, 1, '127.0.0.1'),
(146, 38, 5, 1, '450', '2020-02-29', 1, '2020-02-29 09:40:14', 1, 1, '127.0.0.1'),
(147, 38, 11, 1, '500', '2020-02-29', 1, '2020-02-29 09:40:15', 1, 1, '127.0.0.1'),
(148, 38, 23, 1, '500', '2020-02-29', 1, '2020-02-29 09:40:15', 1, 1, '127.0.0.1'),
(149, 38, 28, 1, '500', '2020-02-29', 1, '2020-02-29 09:40:15', 1, 1, '127.0.0.1'),
(150, 38, 25, 1, '800', '2020-02-29', 1, '2020-02-29 09:40:15', 1, 1, '127.0.0.1'),
(151, 14, 1, 1, '270', '2020-02-29', 1, '2020-02-29 09:43:18', 1, 1, '127.0.0.1'),
(152, 14, 2, 1, '270', '2020-02-29', 1, '2020-02-29 09:43:18', 1, 1, '127.0.0.1'),
(153, 14, 3, 1, '270', '2020-02-29', 1, '2020-02-29 09:43:18', 1, 1, '127.0.0.1'),
(154, 14, 4, 1, '270', '2020-02-29', 1, '2020-02-29 09:43:18', 1, 1, '127.0.0.1'),
(155, 14, 6, 1, '270', '2020-02-29', 1, '2020-02-29 09:43:18', 1, 1, '127.0.0.1'),
(156, 14, 7, 1, '270', '2020-02-29', 1, '2020-02-29 09:43:18', 1, 1, '127.0.0.1'),
(157, 14, 8, 1, '270', '2020-02-29', 1, '2020-02-29 09:43:18', 1, 1, '127.0.0.1'),
(158, 14, 9, 1, '270', '2020-02-29', 1, '2020-02-29 09:43:18', 1, 1, '127.0.0.1'),
(159, 14, 12, 1, '270', '2020-02-29', 1, '2020-02-29 09:43:18', 1, 1, '127.0.0.1'),
(160, 14, 10, 1, '270', '2020-02-29', 1, '2020-02-29 09:43:18', 1, 1, '127.0.0.1'),
(161, 14, 13, 1, '270', '2020-02-29', 1, '2020-02-29 09:43:19', 1, 1, '127.0.0.1'),
(162, 14, 21, 1, '270', '2020-02-29', 1, '2020-02-29 09:43:19', 1, 1, '127.0.0.1'),
(163, 14, 22, 1, '270', '2020-02-29', 1, '2020-02-29 09:43:19', 1, 1, '127.0.0.1'),
(164, 14, 5, 3, '2500', '2020-02-29', 1, '2020-02-29 09:43:19', 1, 1, '127.0.0.1'),
(165, 14, 11, 3, '2500', '2020-02-29', 1, '2020-02-29 09:43:19', 1, 1, '127.0.0.1'),
(166, 14, 23, 3, '2500', '2020-02-29', 1, '2020-02-29 09:43:19', 1, 1, '127.0.0.1'),
(167, 14, 28, 3, '2500', '2020-02-29', 1, '2020-02-29 09:43:19', 1, 1, '127.0.0.1'),
(168, 14, 25, 3, '2500', '2020-02-29', 1, '2020-02-29 09:43:19', 1, 1, '127.0.0.1'),
(169, 33, 10, 2, '595', '2020-02-29', 1, '2020-02-29 09:45:59', 1, 1, '127.0.0.1'),
(170, 33, 13, 2, '595', '2020-02-29', 1, '2020-02-29 09:45:59', 1, 1, '127.0.0.1'),
(171, 33, 21, 2, '595', '2020-02-29', 1, '2020-02-29 09:45:59', 1, 1, '127.0.0.1'),
(172, 33, 22, 2, '595', '2020-02-29', 1, '2020-02-29 09:45:59', 1, 1, '127.0.0.1'),
(173, 33, 10, 3, '1900', '2020-02-29', 1, '2020-02-29 09:45:59', 1, 1, '127.0.0.1'),
(174, 33, 13, 3, '1900', '2020-02-29', 1, '2020-02-29 09:45:59', 1, 1, '127.0.0.1'),
(175, 33, 21, 3, '1900', '2020-02-29', 1, '2020-02-29 09:45:59', 1, 1, '127.0.0.1'),
(176, 33, 22, 3, '1900', '2020-02-29', 1, '2020-02-29 09:45:59', 1, 1, '127.0.0.1');

-- --------------------------------------------------------

--
-- Table structure for table `rt_cabmanager_cabs`
--

CREATE TABLE `rt_cabmanager_cabs` (
  `id` int(11) NOT NULL,
  `category` varchar(255) NOT NULL,
  `name` varchar(255) NOT NULL,
  `image` varchar(255) NOT NULL,
  `capacity` int(11) NOT NULL,
  `no_of_cabs` int(11) NOT NULL,
  `min_cov_km_day_os` int(11) NOT NULL,
  `min_cov_hours_local` int(11) NOT NULL,
  `min_cov_km_local` int(11) NOT NULL,
  `per_hour_extra_charge` int(11) NOT NULL,
  `per_km_extra_charge` int(11) NOT NULL,
  `per_day_extra_charge_os` int(11) NOT NULL,
  `airport_pickup_charge` int(11) NOT NULL,
  `airport_drop_charge` int(11) NOT NULL,
  `placard_charge` int(11) NOT NULL,
  `parking_charge` int(11) NOT NULL,
  `driver_allowance` int(11) NOT NULL,
  `helper_charge` int(11) NOT NULL,
  `published` tinyint(4) NOT NULL DEFAULT '1',
  `created_date` datetime NOT NULL,
  `modified_date` datetime NOT NULL,
  `services` varchar(255) NOT NULL,
  `corder` int(11) NOT NULL,
  `min_charge_localhire_404` int(11) NOT NULL,
  `min_charge_localhire_808` int(11) NOT NULL,
  `per_km_charge_os` int(11) NOT NULL,
  `per_km_charge_p2p` int(11) NOT NULL,
  `per_km_charge_airport` int(11) NOT NULL,
  `min_cov_km_p2p` int(11) NOT NULL,
  `min_cov_km_airport` int(11) NOT NULL,
  `background_km_outstation` int(11) NOT NULL,
  `background_km_airport` int(11) NOT NULL,
  `background_km_ptp` int(11) NOT NULL,
  `background_km_localhire` int(11) NOT NULL,
  `city` varchar(255) NOT NULL
) ENGINE=InnoDB DEFAULT CHARSET=latin1;

--
-- Dumping data for table `rt_cabmanager_cabs`
--

INSERT INTO `rt_cabmanager_cabs` (`id`, `category`, `name`, `image`, `capacity`, `no_of_cabs`, `min_cov_km_day_os`, `min_cov_hours_local`, `min_cov_km_local`, `per_hour_extra_charge`, `per_km_extra_charge`, `per_day_extra_charge_os`, `airport_pickup_charge`, `airport_drop_charge`, `placard_charge`, `parking_charge`, `driver_allowance`, `helper_charge`, `published`, `created_date`, `modified_date`, `services`, `corder`, `min_charge_localhire_404`, `min_charge_localhire_808`, `per_km_charge_os`, `per_km_charge_p2p`, `per_km_charge_airport`, `min_cov_km_p2p`, `min_cov_km_airport`, `background_km_outstation`, `background_km_airport`, `background_km_ptp`, `background_km_localhire`, `city`) VALUES
(1, 'Compact', 'Tata Indica', 'images/regency/cabs-image/compact.png', 4, 5, 250, 4, 40, 60, 9, 250, 400, 400, 100, 160, 200, 100, 1, '2013-03-22 08:52:16', '2013-12-06 06:18:09', '1,2,3,6,0', 1, 650, 1000, 9, 20, 20, 20, 20, 2, 0, 0, 0, ''),
(2, 'Economy Sedan', 'Tata Indigo, Maruti Swift Dzire, Mahindra Logan', 'images/regency/cabs-image/economy_sedan.png', 4, 3, 250, 4, 40, 70, 12, 250, 400, 400, 100, 160, 250, 100, 1, '2013-03-22 10:19:12', '2013-11-23 09:00:30', '1,2,3,6,0', 2, 800, 1200, 12, 20, 20, 15, 15, 0, 0, 0, 0, ''),
(3, 'Luxury Sedan', 'Luxury Sedan Toyota Corolla ALTIS', 'images/regency/cabs-image/luxury_sedan.png', 4, 8, 250, 4, 40, 200, 30, 500, 2500, 2500, 100, 160, 400, 250, 1, '2013-03-22 10:21:47', '2013-09-24 07:44:06', '1,2,3,6,0', 5, 1500, 2400, 30, 60, 60, 20, 20, 0, 0, 0, 0, ''),
(4, 'Van', 'Temp Travller', 'images/regency/cabs-image/van.png', 9, 10, 300, 4, 40, 150, 18, 500, 2000, 2000, 150, 200, 300, 100, 1, '2013-03-22 10:22:31', '2013-09-24 07:43:53', '1,2,3,6,0', 10, 1500, 2000, 18, 40, 40, 20, 20, 0, 0, 0, 0, ''),
(5, 'Luxury SUV', 'Toyota Innova · Mahindra Xylo', 'images/regency/cabs-image/luxury_suv.png', 6, 5, 250, 4, 40, 80, 13, 300, 900, 900, 100, 160, 250, 120, 1, '2013-03-22 10:23:27', '2013-10-19 13:40:33', '1,2,3,6,0', 3, 1000, 1400, 13, 25, 25, 20, 20, 0, 0, 0, 0, ''),
(6, 'Luxury Sedan', 'Honda City', 'images/regency/cabs-image/Copy of luxury_sedan.png', 4, 4, 250, 4, 40, 160, 25, 350, 1800, 1800, 150, 160, 300, 200, 1, '2013-09-13 06:43:06', '2013-09-24 07:43:14', '1,2,3,6,0', 4, 1500, 1800, 25, 50, 50, 20, 20, 0, 0, 0, 0, ''),
(7, 'Luxury Sedan', 'CAMRY/ HONDA ACCORD', 'images/regency/cabs-image/Copy of luxury_sedan.png', 4, 4, 250, 4, 40, 250, 30, 500, 2000, 2000, 200, 160, 300, 200, 1, '2013-09-13 06:50:15', '2013-09-24 07:43:00', '1,2,3,6,0', 6, 1800, 3000, 30, 60, 60, 20, 20, 0, 0, 0, 0, ''),
(8, 'Super Luxury Sedan', 'Mercedes E Class/ BMW 5 Series', 'images/regency/cabs-image/luxury_sedan.png', 4, 4, 250, 4, 40, 55, 400, 600, 3500, 3500, 200, 160, 600, 200, 1, '2013-09-13 06:53:19', '2013-09-24 07:42:46', '1,2,3,6,0', 8, 3000, 5000, 55, 110, 110, 20, 20, 0, 0, 0, 0, ''),
(9, 'Super Luxury Sedan', 'Mercedes S Class/ BMW 7 Series', 'images/regency/cabs-image/luxury_sedan.png', 4, 4, 250, 4, 40, 800, 85, 1000, 5000, 5000, 200, 160, 300, 200, 1, '2013-09-13 06:55:40', '2013-11-10 16:47:18', '1,2,3,6,0', 9, 4500, 8000, 85, 170, 100, 20, 20, 0, 0, 0, 0, ''),
(10, 'Luxury MUV', 'Toyota Fortuner', 'images/regency/cabs-image/luxury_suv.png', 5, 4, 250, 4, 40, 250, 35, 500, 2500, 2500, 200, 160, 300, 200, 1, '2013-09-13 06:58:55', '2014-04-24 11:31:55', '1,2,3,6,0', 7, 2000, 3500, 35, 70, 20, 20, 20, 70, 10, 10, 10, '2');

-- --------------------------------------------------------

--
-- Table structure for table `sass_company_vendor`
--

CREATE TABLE `sass_company_vendor` (
  `sass_comp_id` int(11) NOT NULL,
  `company_setup_id` int(11) NOT NULL,
  `user_id` int(11) NOT NULL,
  `created_date` date NOT NULL,
  `status` tinyint(4) NOT NULL DEFAULT '1'
) ENGINE=InnoDB DEFAULT CHARSET=latin1 COMMENT='Map Domain''s Vendor';

--
-- Dumping data for table `sass_company_vendor`
--

INSERT INTO `sass_company_vendor` (`sass_comp_id`, `company_setup_id`, `user_id`, `created_date`, `status`) VALUES
(1, 1, 134, '0000-00-00', 1);

-- --------------------------------------------------------

--
-- Table structure for table `season`
--

CREATE TABLE `season` (
  `id` int(11) NOT NULL,
  `mapping_id` int(11) NOT NULL,
  `bkg_type_id` int(11) NOT NULL,
  `season_type_id` int(11) NOT NULL,
  `created_date` date NOT NULL,
  `created_by` int(11) NOT NULL,
  `modified_by` int(11) DEFAULT NULL,
  `modified_date` timestamp NOT NULL DEFAULT CURRENT_TIMESTAMP,
  `status` tinyint(4) NOT NULL DEFAULT '1',
  `ip` varchar(20) NOT NULL
) ENGINE=InnoDB DEFAULT CHARSET=latin1;

--
-- Dumping data for table `season`
--

INSERT INTO `season` (`id`, `mapping_id`, `bkg_type_id`, `season_type_id`, `created_date`, `created_by`, `modified_by`, `modified_date`, `status`, `ip`) VALUES
(4, 4, 6, 10, '2019-05-29', 1, 1, '2019-10-17 05:07:21', 2, '127.0.0.1'),
(5, 4, 6, 11, '2019-05-29', 1, 1, '2019-10-17 05:07:21', 2, '127.0.0.1'),
(6, 4, 6, 12, '2019-05-29', 1, 1, '2019-10-17 05:07:21', 2, '127.0.0.1'),
(7, 5, 6, 10, '2019-05-29', 1, 1, '2019-10-17 05:09:19', 2, '127.0.0.1'),
(8, 5, 6, 11, '2019-05-29', 1, 1, '2019-10-17 05:09:19', 2, '127.0.0.1'),
(9, 5, 6, 12, '2019-05-29', 1, 1, '2019-10-17 05:09:19', 2, '127.0.0.1'),
(10, 7, 0, 2, '2019-10-17', 0, NULL, '2019-10-17 05:23:00', 1, '127.0.0.1'),
(11, 7, 0, 11, '2019-10-17', 0, NULL, '2019-10-17 05:23:00', 1, '127.0.0.1'),
(12, 7, 0, 12, '2019-10-17', 0, NULL, '2019-10-17 05:23:00', 1, '127.0.0.1'),
(13, 11, 0, 1, '2019-10-17', 0, NULL, '2019-10-17 05:44:02', 1, '127.0.0.1'),
(14, 11, 0, 5, '2019-10-17', 0, NULL, '2019-10-17 05:44:02', 1, '127.0.0.1'),
(15, 14, 6, 1, '2019-10-17', 1, 1, '2019-10-17 07:00:58', 2, '127.0.0.1'),
(16, 14, 6, 12, '2019-10-17', 1, 1, '2019-10-17 07:00:58', 2, '127.0.0.1'),
(23, 16, 6, 1, '2019-12-25', 1, NULL, '2019-12-25 04:05:27', 1, '127.0.0.1'),
(24, 16, 6, 3, '2019-12-25', 1, NULL, '2019-12-25 04:05:27', 1, '127.0.0.1'),
(25, 17, 6, 1, '2019-12-25', 1, NULL, '2019-12-25 04:07:50', 1, '127.0.0.1'),
(26, 17, 6, 3, '2019-12-25', 1, NULL, '2019-12-25 04:07:50', 1, '127.0.0.1'),
(36, 47, 6, 2, '2019-12-26', 1, 1, '2019-12-26 00:28:43', 2, '127.0.0.1'),
(37, 47, 6, 4, '2019-12-26', 1, 1, '2019-12-26 00:28:43', 2, '127.0.0.1'),
(38, 47, 6, 2, '2019-12-26', 1, NULL, '2019-12-26 00:29:57', 1, '127.0.0.1'),
(39, 47, 6, 4, '2019-12-26', 1, NULL, '2019-12-26 00:29:57', 1, '127.0.0.1'),
(40, 21924, 6, 2, '2019-12-26', 1, NULL, '2019-12-26 00:33:04', 1, '127.0.0.1'),
(41, 21924, 6, 5, '2019-12-26', 1, NULL, '2019-12-26 00:33:04', 1, '127.0.0.1'),
(42, 707, 6, 2, '2019-12-27', 1, NULL, '2019-12-27 01:56:41', 1, '127.0.0.1'),
(43, 707, 6, 5, '2019-12-27', 1, NULL, '2019-12-27 01:56:41', 1, '127.0.0.1'),
(47, 2, 6, 1, '2019-12-27', 1, 1, '2019-12-27 02:33:05', 2, '127.0.0.1'),
(48, 2, 6, 4, '2019-12-27', 1, 1, '2019-12-27 02:33:05', 2, '127.0.0.1'),
(51, 2, 6, 2, '2019-12-27', 1, 1, '2019-12-27 04:31:18', 2, '127.0.0.1'),
(52, 2, 6, 6, '2019-12-27', 1, 1, '2019-12-27 04:31:18', 2, '127.0.0.1'),
(53, 3, 6, 3, '2019-12-27', 1, NULL, '2019-12-27 04:49:28', 1, '127.0.0.1'),
(54, 4, 6, 3, '2019-12-27', 1, NULL, '2019-12-27 04:50:10', 1, '127.0.0.1'),
(55, 5, 6, 2, '2019-12-28', 1, 1, '2019-12-28 05:30:45', 2, '127.0.0.1'),
(59, 5, 6, 4, '2019-12-28', 1, 1, '2019-12-28 06:31:12', 2, '127.0.0.1'),
(60, 5, 6, 2, '2019-12-28', 1, 1, '2019-12-28 06:36:37', 2, '127.0.0.1'),
(61, 0, 6, 3, '2019-12-28', 1, 1, '2019-12-28 06:38:09', 2, '127.0.0.1'),
(62, 5, 6, 3, '2019-12-28', 1, 1, '2019-12-28 06:39:33', 2, '127.0.0.1'),
(63, 5, 6, 4, '2019-12-28', 1, NULL, '2019-12-28 06:40:53', 1, '127.0.0.1'),
(64, 0, 6, 2, '2019-12-28', 1, 1, '2019-12-28 06:43:23', 2, '127.0.0.1'),
(65, 0, 6, 2, '2019-12-28', 1, NULL, '2019-12-28 06:47:08', 1, '127.0.0.1'),
(66, 6, 6, 2, '2019-12-28', 1, NULL, '2019-12-28 06:51:37', 1, '127.0.0.1'),
(67, 7, 6, 2, '2019-12-28', 1, NULL, '2019-12-28 06:52:50', 1, '127.0.0.1'),
(68, 8, 6, 1, '2019-12-28', 1, NULL, '2019-12-28 07:11:57', 1, '127.0.0.1'),
(69, 9, 6, 3, '2019-12-28', 1, NULL, '2019-12-28 07:16:39', 1, '127.0.0.1'),
(70, 10, 6, 3, '2019-12-28', 1, 1, '2019-12-28 07:17:45', 2, '127.0.0.1'),
(71, 10, 6, 2, '2019-12-28', 1, 1, '2019-12-28 07:20:22', 2, '127.0.0.1'),
(72, 10, 6, 5, '2019-12-28', 1, 1, '2019-12-28 07:22:04', 2, '127.0.0.1'),
(73, 10, 6, 5, '2019-12-28', 1, 1, '2019-12-28 07:22:24', 2, '127.0.0.1'),
(74, 10, 6, 5, '2019-12-28', 1, 1, '2019-12-28 07:22:46', 2, '127.0.0.1'),
(75, 10, 6, 5, '2019-12-28', 1, NULL, '2019-12-28 07:23:13', 1, '127.0.0.1'),
(76, 11, 6, 4, '2019-12-28', 1, NULL, '2019-12-28 07:24:17', 1, '127.0.0.1'),
(77, 12, 6, 4, '2019-12-28', 1, NULL, '2019-12-28 07:25:13', 1, '127.0.0.1'),
(78, 13, 6, 4, '2019-12-28', 1, 1, '2019-12-28 07:25:40', 2, '127.0.0.1'),
(79, 13, 6, 2, '2019-12-28', 1, 1, '2019-12-28 07:26:22', 2, '127.0.0.1'),
(80, 13, 6, 4, '2019-12-28', 1, 1, '2019-12-28 07:27:07', 2, '127.0.0.1'),
(81, 13, 6, 4, '2019-12-28', 1, 1, '2019-12-28 07:27:16', 2, '127.0.0.1'),
(82, 13, 6, 4, '2019-12-28', 1, 1, '2019-12-28 07:28:19', 2, '127.0.0.1'),
(83, 13, 6, 2, '2019-12-28', 1, NULL, '2019-12-28 07:35:31', 1, '127.0.0.1'),
(84, 13, 6, 3, '2019-12-28', 1, NULL, '2019-12-28 07:35:31', 1, '127.0.0.1'),
(85, 14, 6, 3, '2019-12-28', 1, NULL, '2019-12-28 07:36:53', 1, '127.0.0.1'),
(96, 1, 6, 1, '2019-12-30', 1, NULL, '2019-12-30 06:26:11', 1, '127.0.0.1'),
(97, 1, 6, 3, '2019-12-30', 1, NULL, '2019-12-30 06:26:11', 1, '127.0.0.1'),
(98, 1, 6, 4, '2019-12-30', 1, NULL, '2019-12-30 06:26:11', 1, '127.0.0.1'),
(99, 1, 6, 5, '2019-12-30', 1, NULL, '2019-12-30 06:26:11', 1, '127.0.0.1'),
(100, 1, 1, 10, '2022-09-24', 1, NULL, '2022-09-24 11:39:07', 1, '127.0.0.1'),
(101, 1, 1, 11, '2022-09-24', 1, NULL, '2022-09-24 11:39:07', 1, '127.0.0.1'),
(102, 1, 1, 12, '2022-09-24', 1, NULL, '2022-09-24 11:39:07', 1, '127.0.0.1'),
(103, 2, 6, 1, '2022-10-07', 1, NULL, '2022-10-07 06:26:07', 1, '127.0.0.1'),
(104, 2, 6, 2, '2022-10-07', 1, NULL, '2022-10-07 06:26:07', 1, '127.0.0.1'),
(105, 2, 6, 3, '2022-10-07', 1, NULL, '2022-10-07 06:26:07', 1, '127.0.0.1'),
(106, 2, 6, 4, '2022-10-07', 1, NULL, '2022-10-07 06:26:07', 1, '127.0.0.1'),
(107, 2, 6, 5, '2022-10-07', 1, NULL, '2022-10-07 06:26:07', 1, '127.0.0.1'),
(108, 2, 6, 6, '2022-10-07', 1, NULL, '2022-10-07 06:26:07', 1, '127.0.0.1');

-- --------------------------------------------------------

--
-- Table structure for table `seasonal_discount`
--

CREATE TABLE `seasonal_discount` (
  `id` int(11) NOT NULL,
  `mapping_id` int(11) NOT NULL COMMENT 'Foreign Key For All Booking Types',
  `bkg_type_id` int(11) NOT NULL,
  `season_name` varchar(255) NOT NULL,
  `from_date` date NOT NULL,
  `to_date` date NOT NULL,
  `season_discount_type` tinyint(4) NOT NULL DEFAULT '0',
  `season_discount_amount` varchar(5) NOT NULL,
  `created_date` date NOT NULL,
  `created_by` int(11) NOT NULL,
  `modified_by` int(11) DEFAULT NULL,
  `modified_date` timestamp NOT NULL DEFAULT CURRENT_TIMESTAMP,
  `status` tinyint(4) NOT NULL DEFAULT '1',
  `ip` varchar(20) NOT NULL
) ENGINE=InnoDB DEFAULT CHARSET=latin1;

--
-- Dumping data for table `seasonal_discount`
--

INSERT INTO `seasonal_discount` (`id`, `mapping_id`, `bkg_type_id`, `season_name`, `from_date`, `to_date`, `season_discount_type`, `season_discount_amount`, `created_date`, `created_by`, `modified_by`, `modified_date`, `status`, `ip`) VALUES
(104, 3, 6, 'Season1', '2021-10-13', '2022-10-31', 1, '3', '2022-04-16', 1, NULL, '2022-04-16 12:10:08', 1, '127.0.0.1'),
(105, 2, 6, 'Season1', '2021-10-13', '2022-10-31', 1, '2', '2022-04-16', 1, NULL, '2022-04-16 12:10:08', 1, '127.0.0.1'),
(106, 2, 6, 'Season1', '2021-10-13', '2022-10-31', 2, '10', '2022-04-16', 1, NULL, '2022-04-16 12:10:08', 1, '127.0.0.1');

-- --------------------------------------------------------

--
-- Table structure for table `seasonal_discount_log`
--

CREATE TABLE `seasonal_discount_log` (
  `id` int(11) NOT NULL,
  `mapping_id` int(11) NOT NULL COMMENT 'Foreign Key For All Booking Types',
  `bkg_type_id` int(11) NOT NULL,
  `season_name` varchar(255) NOT NULL,
  `from_date` date NOT NULL,
  `to_date` date NOT NULL,
  `season_discount_type` tinyint(4) NOT NULL DEFAULT '0',
  `season_discount_amount` varchar(5) NOT NULL,
  `created_date` date NOT NULL,
  `created_by` int(11) NOT NULL,
  `modified_by` int(11) DEFAULT NULL,
  `modified_date` timestamp NOT NULL DEFAULT CURRENT_TIMESTAMP,
  `status` tinyint(4) NOT NULL DEFAULT '1',
  `ip` varchar(20) NOT NULL
) ENGINE=InnoDB DEFAULT CHARSET=latin1;

-- --------------------------------------------------------

--
-- Table structure for table `shows`
--

CREATE TABLE `shows` (
  `id` int(11) NOT NULL,
  `show_name` varchar(50) NOT NULL,
  `country_id` int(11) NOT NULL,
  `state_id` int(11) NOT NULL,
  `city_id` int(11) NOT NULL,
  `image` text NOT NULL,
  `desc` text NOT NULL,
  `time_in` varchar(20) NOT NULL,
  `time_out` varchar(20) NOT NULL,
  `week_off` varchar(50) NOT NULL,
  `created_date` datetime NOT NULL,
  `modified_date` timestamp NOT NULL DEFAULT CURRENT_TIMESTAMP ON UPDATE CURRENT_TIMESTAMP,
  `created_by` int(11) NOT NULL,
  `modified_by` int(11) NOT NULL,
  `status` enum('0','1') NOT NULL DEFAULT '1',
  `ip` varchar(20) NOT NULL
) ENGINE=InnoDB DEFAULT CHARSET=latin1;

-- --------------------------------------------------------

--
-- Table structure for table `sightseeing`
--

CREATE TABLE `sightseeing` (
  `s_id` int(11) NOT NULL,
  `company_id` int(11) NOT NULL,
  `city_id` int(11) NOT NULL,
  `name` varchar(100) DEFAULT NULL,
  `sightseeing_cover` varchar(100) NOT NULL,
  `latitude` varchar(100) NOT NULL DEFAULT '0',
  `longitude` varchar(100) NOT NULL DEFAULT '0',
  `address` varchar(255) DEFAULT NULL,
  `coverage_km` varchar(10) NOT NULL,
  `coverage_hrs` varchar(10) NOT NULL,
  `difficulty_level` varchar(50) NOT NULL,
  `is_unique` tinyint(4) NOT NULL DEFAULT '0',
  `popularity` varchar(100) NOT NULL,
  `youtube_url` varchar(255) NOT NULL,
  `description` text,
  `meeting_point` varchar(255) NOT NULL,
  `highlights` text,
  `related_tours` varchar(255) NOT NULL,
  `brochure_title` varchar(100) NOT NULL,
  `brochure_desc` text NOT NULL,
  `meta_keywords` varchar(100) NOT NULL,
  `meta_title` text NOT NULL,
  `meta_desc` text NOT NULL,
  `payment_structure` text NOT NULL,
  `payment_documentation` text NOT NULL,
  `cancellation_policy` text NOT NULL,
  `refund_policy` text NOT NULL,
  `terms_condition_policy` text NOT NULL,
  `payment_structure_content` text NOT NULL,
  `documentation_content` text NOT NULL,
  `cancellation_policy_content` text NOT NULL,
  `refund_policy_content` text NOT NULL,
  `term_policy_content` text NOT NULL,
  `cost_inclusive` text NOT NULL,
  `cost_exclusive` text NOT NULL,
  `status` tinyint(4) NOT NULL DEFAULT '1',
  `created_date` datetime NOT NULL,
  `modified_date` timestamp NOT NULL DEFAULT CURRENT_TIMESTAMP ON UPDATE CURRENT_TIMESTAMP,
  `created_by` int(11) NOT NULL,
  `modified_by` int(11) NOT NULL DEFAULT '0',
  `ip` varchar(20) NOT NULL
) ENGINE=InnoDB DEFAULT CHARSET=latin1;

--
-- Dumping data for table `sightseeing`
--

INSERT INTO `sightseeing` (`s_id`, `company_id`, `city_id`, `name`, `sightseeing_cover`, `latitude`, `longitude`, `address`, `coverage_km`, `coverage_hrs`, `difficulty_level`, `is_unique`, `popularity`, `youtube_url`, `description`, `meeting_point`, `highlights`, `related_tours`, `brochure_title`, `brochure_desc`, `meta_keywords`, `meta_title`, `meta_desc`, `payment_structure`, `payment_documentation`, `cancellation_policy`, `refund_policy`, `terms_condition_policy`, `payment_structure_content`, `documentation_content`, `cancellation_policy_content`, `refund_policy_content`, `term_policy_content`, `cost_inclusive`, `cost_exclusive`, `status`, `created_date`, `modified_date`, `created_by`, `modified_by`, `ip`) VALUES
(1, 1, 1, 'Test', 'Test SightSeeingCover', '20.123', '21.12345', 'Test', '10', '20', 'Test Difficulty', 1, 'Test Popularity', 'http://www/youtube.com', 'Description', 'Test Meeting Point', 'Test Highlights', '', 'Test Brouchure', 'Test Description', 'Test Meta Keywords', 'Test Meta Title', 'Test Meta Description', '', '', '', '', '', '', '', '', '', '', '', '', 1, '2019-12-27 14:55:42', '2022-09-24 11:39:06', 1, 1, '127.0.0.1'),
(2, 1, 707, 'Qutub Minar', 'Red Fort, Childrens Park, Museum', '28.52415174085951', '77.19074680112655', 'Lado Sarai, Old Mehrauli Badarpur Road, Chatri Wala Kuan, Lado Sarai, New Delhi, Delhi, India', '43', '545', 'Difficult', 1, '2', 'https://www.youtube.com/embed/ehkaIU4PcxM', '<p>About Sightseeing&nbsp; reere</p>', 'fdf', '<p>Highlights fdfgdgg</p>', '', '', '', '', '', '', '', '', '', '', '', '', '', '', '', '', '', '', 1, '2019-12-27 15:33:29', '2022-10-07 06:26:06', 1, 1, '127.0.0.1'),
(3, 1, 707, 'Jantar Mantar', 'Red Fort, Childrens Park, Museum', '222', '233', 'Address ', 'Coverage k', 'Coverage h', '1', 1, '3', 'https://www.youtube.com/embed/ehkaIU4PcxM', '<p>About Sightseeing About Sightseeing About Sightseeing About Sightseeing About Sightseeing About Sightseeing About Sightseeing About Sightseeing About Sightseeing About Sightseeing About Sightseeing</p>\n', 'Meeting Points ', '<p>\r\n	Highlights gtrryy</p>\r\n', '', '', '', '', '', '', '', '', '', '', '', '', '', '', '', '', '', '', 1, '2019-12-27 15:51:40', '2020-05-03 03:51:51', 1, 1, '127.0.0.1'),
(4, 1, 2707, 'Sightseeing pt', 'Sightseeing cover ', '222', '233', 'Address ', 'Coverage k', 'Coverage h', '1', 1, '3', 'YouTube URL ', '<p>\r\n	About Sightseeing fgdfdfg</p>\r\n', 'Meeting Points ', '<p>\r\n	Highlights gtrryy</p>\r\n', '', '', '', '', '', '', '', '', '', '', '', '', '', '', '', '', '', '', 0, '2019-12-27 15:52:22', '2020-05-05 11:12:26', 1, 1, '127.0.0.1'),
(5, 1, 42, 'adsd', 'hfgh654', '43', '4434', 'sfds', '654', '5654', '1', 1, '1', '65ghfhfg', '<p>\r\n	tytry</p>\r\n', 'ytyf6556', '<p>\r\n	fhfgh</p>\r\n', '', '', '', '', '', '', '', '', '', '', '', '', '', '', '', '', '', '', 0, '2019-12-28 16:32:59', '2020-05-05 11:12:24', 1, 1, '127.0.0.1'),
(6, 1, 306, 'gururam', '545gfg', '45435', '543543', 'gfd54', '54', '4545', '0', 1, '1', 'gdfgdf56546', '<p>\r\n	dfgfdg556</p>\r\n', 't65', '<p>\r\n	5466hghfg</p>\r\n', '', '', '', '', '', '', '', '', '', '', '', '', '', '', '', '', '', '', 0, '2019-12-28 17:53:51', '2020-05-05 11:12:21', 1, 1, '127.0.0.1'),
(7, 1, 29044, 'gururam23', '545gfg', '45435', '543543', 'gfd54', '54', '4545', '0', 1, '1', 'gdfgdf56546', '<p>\r\n	dfgfdg556</p>\r\n', 't65', '<p>\r\n	5466hghfg12</p>\r\n', '', '', '', '', '', '', '', '', '', '', '', '', '', '', '', '', '', '', 0, '2019-12-28 17:55:03', '2020-05-05 11:12:17', 1, 1, '127.0.0.1'),
(8, 1, 10, 'fdf', '76hjg', '65', '65', 'dfggfd', '6', '76', '2', 1, '1', 'ghj76', '<p>\r\n	76jhgj</p>\r\n', '676', '<p>\r\n	hjhj676</p>\r\n', '', '', '', '', '', '', '', '', '', '', '', '', '', '', '', '', '', '', 0, '2019-12-28 18:14:11', '2020-05-05 11:12:15', 1, 1, '127.0.0.1'),
(9, 1, 28, 'tr', '4545', '45', '55', 'gfg', '544', '54', '0', 1, '2', '54gfg', '<p>\r\n	54gffg</p>\r\n', 'fgf455', '<p>\r\n	trt54</p>\r\n', '', '', '', '', '', '', '', '', '', '', '', '', '', '', '', '', '', '', 0, '2019-12-28 18:18:52', '2020-05-05 11:12:13', 1, 1, '127.0.0.1'),
(10, 1, 28, 'tr1234568', '4545', '45', '55', 'gfg', '544', '54', '0', 1, '2', '54gfg', '<p>\r\n	54gffg</p>\r\n', 'fgf455', '<p>\r\n	trt54</p>\r\n', '', '', '', '', '', '', '', '', '', '', '', '', '', '', '', '', '', '', 0, '2019-12-28 18:19:59', '2020-05-05 11:12:11', 1, 1, '127.0.0.1'),
(11, 1, 8, 'raghav', '45', '434', '434', 'gfdgdf545', '45', '454', '1', 1, '3', '545', '<p>\r\n	gffd65</p>\r\n', '445', '<p>\r\n	454fgf</p>\r\n', '', '', '', '', '', '', '', '', '', '', '', '', '', '', '', '', '', '', 0, '2019-12-28 18:26:31', '2020-05-05 11:12:09', 1, 1, '127.0.0.1'),
(12, 1, 8, 'prince', '45', '434', '434', 'gfdgdf545', '45', '454', '1', 1, '3', '545', '<p>\r\n	gffd65</p>\r\n', '445', '<p>\r\n	454fgf</p>\r\n', '', '', '', '', '', '', '', '', '', '', '', '', '', '', '', '', '', '', 0, '2019-12-28 18:27:27', '2020-05-05 11:12:06', 1, 1, '127.0.0.1'),
(13, 1, 8, 'prince1234567810111', '45', '434', '434354', 'gfdgdf545', '45', '454', '1', 1, '3', '545', '<p>\r\n	gffd65</p>\r\n', '445', '<p>\r\n	454fgf</p>\r\n', '', '', '', '', '', '', '', '', '', '', '', '', '', '', '', '', '', '', 0, '2019-12-28 18:27:54', '2020-05-05 11:12:04', 1, 1, '127.0.0.1'),
(14, 1, 2707, 'gateway of india', 'hgfh554', '545', '543', 'fgf', '4554', '45', '2', 1, '1', '545gfhh', '<p>\r\n	vbvb556</p>\r\n', '45bb', '<p>\r\n	5656hgfh</p>\r\n', '', '', '', '', '', '', '', '', '', '', '', '', '', '', '', '', '', '', 0, '2019-12-28 18:39:06', '2022-09-25 14:30:08', 1, 1, '127.0.0.1');

-- --------------------------------------------------------

--
-- Table structure for table `sightseeing_booking_details`
--

CREATE TABLE `sightseeing_booking_details` (
  `s_booking_id` int(11) NOT NULL,
  `booking_id` int(11) NOT NULL,
  `sightseeing_id` int(11) NOT NULL,
  `created_date` datetime NOT NULL,
  `modified_date` timestamp NOT NULL DEFAULT CURRENT_TIMESTAMP ON UPDATE CURRENT_TIMESTAMP,
  `ip` varchar(20) NOT NULL DEFAULT '0'
) ENGINE=InnoDB DEFAULT CHARSET=latin1;

-- --------------------------------------------------------

--
-- Table structure for table `sightseeing_cancellation_fees`
--

CREATE TABLE `sightseeing_cancellation_fees` (
  `id` int(11) NOT NULL,
  `s_id` int(11) NOT NULL,
  `currency_id` int(11) NOT NULL,
  `vendor_type` int(11) NOT NULL,
  `vendor_id` int(11) NOT NULL,
  `cancel_date_from` date NOT NULL,
  `cancel_date_to` date NOT NULL,
  `cancellation_master_id` int(11) NOT NULL,
  `cancellation_type` varchar(10) NOT NULL,
  `cancellation_value` float NOT NULL DEFAULT '0',
  `days` varchar(20) NOT NULL,
  `hours` varchar(20) NOT NULL,
  `created_date` date NOT NULL,
  `created_by` int(11) NOT NULL,
  `modified_by` int(11) DEFAULT NULL,
  `modified_date` timestamp NOT NULL DEFAULT CURRENT_TIMESTAMP,
  `status` tinyint(4) NOT NULL DEFAULT '1',
  `ip` varchar(20) NOT NULL
) ENGINE=InnoDB DEFAULT CHARSET=latin1;

-- --------------------------------------------------------

--
-- Table structure for table `sightseeing_cancellation_fees_logs`
--

CREATE TABLE `sightseeing_cancellation_fees_logs` (
  `id` int(11) NOT NULL,
  `s_id` int(11) NOT NULL,
  `currency_id` int(11) NOT NULL,
  `vendor_type` int(11) NOT NULL,
  `vendor_id` int(11) NOT NULL,
  `cancel_date_from` date NOT NULL,
  `cancel_date_to` date NOT NULL,
  `cancellation_master_id` int(11) NOT NULL,
  `cancellation_type` varchar(10) NOT NULL,
  `cancellation_value` float NOT NULL DEFAULT '0',
  `days` varchar(20) NOT NULL,
  `hours` varchar(20) NOT NULL,
  `created_date` date NOT NULL,
  `created_by` int(11) NOT NULL,
  `modified_by` int(11) DEFAULT NULL,
  `modified_date` timestamp NOT NULL DEFAULT CURRENT_TIMESTAMP,
  `status` tinyint(4) NOT NULL DEFAULT '1',
  `ip` varchar(20) NOT NULL
) ENGINE=InnoDB DEFAULT CHARSET=latin1;

-- --------------------------------------------------------

--
-- Table structure for table `sightseeing_details`
--

CREATE TABLE `sightseeing_details` (
  `s_detail_id` int(11) NOT NULL,
  `s_id` int(11) NOT NULL,
  `vendor_id` int(11) NOT NULL,
  `tour_type` tinyint(4) NOT NULL DEFAULT '0',
  `passenger` varchar(10) NOT NULL,
  `from_date` date NOT NULL,
  `to_date` date NOT NULL,
  `rate_type` tinyint(4) NOT NULL DEFAULT '0',
  `rate_per_fixed` tinyint(4) NOT NULL DEFAULT '0',
  `rate_value` int(11) NOT NULL,
  `tax_type` tinyint(4) NOT NULL DEFAULT '0',
  `tax_per_fixed` tinyint(4) NOT NULL DEFAULT '0',
  `tax_value` int(11) NOT NULL,
  `service_charge` varchar(50) NOT NULL,
  `service_charge_type` varchar(50) NOT NULL,
  `service_charge_value` varchar(50) NOT NULL,
  `discount_netrate_commissionrate` varchar(50) NOT NULL,
  `discount_commission_rate_type` varchar(50) NOT NULL,
  `discount_commission_rate_value` varchar(50) NOT NULL,
  `discount_valid_from` varchar(50) NOT NULL,
  `discount_valid_to` varchar(50) NOT NULL,
  `week_off` text NOT NULL,
  `opening_time` varchar(20) NOT NULL,
  `closing_time` varchar(20) NOT NULL,
  `estimated_time` varchar(50) NOT NULL,
  `age_from` int(11) NOT NULL,
  `age_to` int(11) NOT NULL,
  `transfer` tinyint(4) NOT NULL,
  `pickup_point` varchar(255) NOT NULL,
  `allocation` varchar(255) NOT NULL,
  `cut_off_days` varchar(255) NOT NULL,
  `price_plan_name` varchar(255) NOT NULL,
  `stay_more_status` tinyint(4) NOT NULL DEFAULT '0',
  `seasonal_discount_status` tinyint(4) NOT NULL DEFAULT '0',
  `last_min_booking_status` tinyint(4) NOT NULL DEFAULT '0',
  `early_booking_status` tinyint(4) NOT NULL DEFAULT '0',
  `daywise_discount_status` tinyint(4) NOT NULL DEFAULT '0',
  `related_tours` varchar(255) DEFAULT NULL,
  `brochure_title` varchar(100) NOT NULL,
  `brochure_desc` text NOT NULL,
  `meta_keywords` varchar(100) NOT NULL,
  `meta_title` varchar(100) NOT NULL,
  `meta_desc` text NOT NULL,
  `payment_structure` text NOT NULL,
  `payment_documentation` text NOT NULL,
  `cancellation_policy` text NOT NULL,
  `refund_policy` text NOT NULL,
  `terms_condition_policy` text NOT NULL,
  `payment_structure_content` text NOT NULL,
  `documentation_content` text NOT NULL,
  `cancellation_policy_content` text NOT NULL,
  `refund_policy_content` text NOT NULL,
  `term_policy_content` text NOT NULL,
  `cost_inclusive` text NOT NULL,
  `cost_exclusive` text NOT NULL,
  `status` tinyint(4) NOT NULL DEFAULT '1',
  `created_date` datetime NOT NULL,
  `modified_date` timestamp NOT NULL DEFAULT CURRENT_TIMESTAMP ON UPDATE CURRENT_TIMESTAMP,
  `created_by` int(11) NOT NULL,
  `modified_by` int(11) NOT NULL,
  `ip` varchar(20) NOT NULL
) ENGINE=InnoDB DEFAULT CHARSET=latin1;

--
-- Dumping data for table `sightseeing_details`
--

INSERT INTO `sightseeing_details` (`s_detail_id`, `s_id`, `vendor_id`, `tour_type`, `passenger`, `from_date`, `to_date`, `rate_type`, `rate_per_fixed`, `rate_value`, `tax_type`, `tax_per_fixed`, `tax_value`, `service_charge`, `service_charge_type`, `service_charge_value`, `discount_netrate_commissionrate`, `discount_commission_rate_type`, `discount_commission_rate_value`, `discount_valid_from`, `discount_valid_to`, `week_off`, `opening_time`, `closing_time`, `estimated_time`, `age_from`, `age_to`, `transfer`, `pickup_point`, `allocation`, `cut_off_days`, `price_plan_name`, `stay_more_status`, `seasonal_discount_status`, `last_min_booking_status`, `early_booking_status`, `daywise_discount_status`, `related_tours`, `brochure_title`, `brochure_desc`, `meta_keywords`, `meta_title`, `meta_desc`, `payment_structure`, `payment_documentation`, `cancellation_policy`, `refund_policy`, `terms_condition_policy`, `payment_structure_content`, `documentation_content`, `cancellation_policy_content`, `refund_policy_content`, `term_policy_content`, `cost_inclusive`, `cost_exclusive`, `status`, `created_date`, `modified_date`, `created_by`, `modified_by`, `ip`) VALUES
(1, 1, 1545, 2, '', '2020-01-01', '2020-05-21', 2, 1, 54, 2, 1, 1, '', '', '', '', '', '', '', '', '', '02:05', '02:05', '02:05', 15, 30, 1, 'karol bagh', 'Test Allocation', '10', 'gdfg', 1, 1, 1, 1, 1, NULL, 'ere', '<p>\r\n	fdgd</p>\r\n', 'rer', 'rer', '<p>\r\n	gfdg</p>\r\n', 'Payment Structure Payment Structure Payment structure Payment Structure Payment Structure Payment Structure ', 'Payment Documentation Payment Documentation Payment Documentation Payment Documentation Payment Documentation', 'Cancellation Policy Cancellation Policy Cancellation Policy Cancellation Policy Cancellation Policy Cancellation Policy Cancellation Policy Cancellation Policy Cancellation Policy Cancellation Policy', 'Refund Policy Refund Policy Refund Policy Refund Policy Refund Policy Refund Policy Refund Policy Refund Policy Refund Policy Refund Policy', 'Terms Condition Policy Terms Condition Policy Terms Condition Policy Terms Condition Policy Terms Condition Policy Terms Condition Policy Terms Condition Policy Terms Condition Policy Terms Condition Policy Terms Condition Policy', '', '', '', '', '', 'Test Test Test Test Test Test Test Test Test Test Test Test', 'Test Test Test Test Test Test Test Test Test Test Test Test', 1, '2019-12-27 18:32:41', '2020-01-20 05:36:27', 1, 1, '127.0.0.1'),
(2, 2, 1548, 1, '8', '2020-01-01', '2020-02-28', 2, 1, 334, 2, 2, 1, '', '', '', '', '', '', '', '', '', '13:00', '02:00', '13:57', 12, 50, 1, 'Jhandevalan', 'Test Allocation', '43', '332', 0, 1, 1, 1, 1, NULL, '', '', '', '', '', 'Payment Structure Payment Structure Payment structure Payment Structure Payment Structure Payment Structure ', 'Payment Documentation Payment Documentation Payment Documentation Payment Documentation Payment Documentation', 'Cancellation Policy Cancellation Policy Cancellation Policy Cancellation Policy Cancellation Policy Cancellation Policy Cancellation Policy Cancellation Policy Cancellation Policy Cancellation Policy', 'Refund Policy Refund Policy Refund Policy Refund Policy Refund Policy Refund Policy Refund Policy Refund Policy Refund Policy Refund Policy', 'Terms Condition Policy Terms Condition Policy Terms Condition Policy Terms Condition Policy Terms Condition Policy Terms Condition Policy Terms Condition Policy Terms Condition Policy Terms Condition Policy Terms Condition Policy', '', '', '', '', '', 'Test Test Test Test Test Test Test Test Test Test Test Test', 'Test Test Test Test Test Test Test Test Test Test Test Test', 1, '2019-12-30 18:04:54', '2020-01-20 05:34:37', 1, 0, '127.0.0.1'),
(3, 3, 1618, 1, '8', '2009-01-20', '2012-01-20', 2, 1, 54, 2, 2, 1, '', '', '', '', '', '', '', '', '', '00:55', '12:55', '13:00', 20, 60, 1, 'DB Gupta road', 'Test Allocation', '35', '23', 1, 1, 1, 1, 1, NULL, '', '', '', '', '', 'Payment Structure Payment Structure Payment structure Payment Structure Payment Structure Payment Structure ', 'Payment Documentation Payment Documentation Payment Documentation Payment Documentation Payment Documentation', 'Cancellation Policy Cancellation Policy Cancellation Policy Cancellation Policy Cancellation Policy Cancellation Policy Cancellation Policy Cancellation Policy Cancellation Policy Cancellation Policy', 'Refund Policy Refund Policy Refund Policy Refund Policy Refund Policy Refund Policy Refund Policy Refund Policy Refund Policy Refund Policy', 'Terms Condition Policy Terms Condition Policy Terms Condition Policy Terms Condition Policy Terms Condition Policy Terms Condition Policy Terms Condition Policy Terms Condition Policy Terms Condition Policy Terms Condition Policy', '', '', '', '', '', 'Test Test Test Test Test Test Test Test Test Test Test Test', 'Test Test Test Test Test Test Test Test Test Test Test Test', 1, '2019-12-31 15:24:46', '2020-01-20 05:34:35', 1, 1, '127.0.0.1'),
(4, 0, 0, 1, '2', '2020-01-07', '2020-01-07', 1, 0, 0, 1, 0, 0, '', '', '', '', '', '', '', '', '', '', '', '', 0, 0, 0, '', '', '', '', 1, 1, 1, 1, 1, NULL, '', '', '', '', '', '0', '0', '0', '0', '0', '', '', '', '', '', '', '', 1, '2020-01-01 15:17:35', '2020-01-01 04:15:14', 1, 0, '127.0.0.1'),
(6, 12, 1618, 1, '6', '2020-01-07', '2020-01-07', 2, 1, 54, 2, 1, 43, '', '', '', '', '', '', '', '', '', '00:55', '12:55', '13:00', 44, 0, 1, '54', '21', '35', '23', 1, 1, 1, 1, 1, NULL, '', '', '', '', '', '0', '0', '0', '0', '0', '', '', '', '', '', '', '', 1, '2020-01-07 16:40:14', '2020-01-07 05:37:46', 1, 0, '127.0.0.1'),
(9, 14, 1621, 1, '6', '2020-01-22', '2020-01-22', 2, 1, 54, 2, 1, 43, '', '', '', '', '', '', '', '', '', '00:55', '12:55', '13:00', 44, 65, 1, '54', '21', '35', '23', 1, 1, 1, 1, 1, NULL, '', '', '', '', '', '0', '0', '0', '0', '0', '', '', '', '', '', '', '', 1, '2020-01-07 17:03:59', '2020-01-07 06:01:30', 1, 0, '127.0.0.1'),
(16, 11, 1618, 1, '8', '2009-01-20', '2012-01-20', 2, 1, 54, 2, 1, 43, '', '', '', '', '', '', '', '', '', '00:55', '12:55', '13:00', 44, 28, 1, '54', '21', '35', '23', 1, 1, 1, 1, 1, NULL, '', '', '', '', '', '0', '0', '0', '0', '0', '', '', '', '', '', '', '', 1, '2020-01-07 17:41:46', '2020-01-07 07:24:04', 1, 1, '127.0.0.1'),
(17, 0, 0, 0, '', '2020-01-07', '2020-01-07', 0, 0, 0, 0, 0, 0, '', '', '', '', '', '', '', '', '', '', '', '', 0, 0, 0, '', '', '', '', 0, 0, 0, 0, 0, NULL, '', '', '', '', '', '', '', '', '', '', '', '', '', '', '', '', '', 1, '2020-04-24 00:18:39', '2020-04-23 13:18:39', 0, 0, '127.0.0.1'),
(18, 0, 0, 0, '', '2020-01-07', '2020-01-07', 0, 0, 0, 0, 0, 0, '', '', '', '', '', '', '', '', '', '', '', '', 0, 0, 0, '', '', '', '', 0, 0, 0, 0, 0, NULL, '', '', '', '', '', '', '', '', '', '', '', '', '', '', '', '', '', 1, '2020-04-24 00:19:23', '2020-04-23 13:19:23', 0, 0, '127.0.0.1'),
(19, 0, 0, 0, '', '2020-01-07', '2020-01-07', 0, 0, 0, 0, 0, 0, '', '', '', '', '', '', '', '', '', '', '', '', 0, 0, 0, '', '', '', '', 0, 0, 0, 0, 0, NULL, '', '', '', '', '', '', '', '', '', '', '', '', '', '', '', '', '', 1, '2020-04-24 00:21:56', '2020-04-23 13:21:56', 0, 0, '127.0.0.1'),
(20, 0, 0, 0, '', '2020-01-07', '2020-01-07', 0, 0, 0, 0, 0, 0, '', '', '', '', '', '', '', '', '', '', '', '', 0, 0, 0, '', '', '', '', 0, 0, 0, 0, 0, NULL, '', '', '', '', '', '', '', '', '', '', '', '', '', '', '', '', '', 1, '2020-04-24 00:23:04', '2020-04-23 13:23:04', 0, 0, '127.0.0.1'),
(21, 0, 0, 0, '', '2020-01-07', '2020-01-07', 0, 0, 0, 0, 0, 0, '', '', '', '', '', '', '', '', '', '', '', '', 0, 0, 0, '', '', '', '', 0, 0, 0, 0, 0, NULL, '', '', '', '', '', '', '', '', '', '', '', '', '', '', '', '', '', 1, '2020-04-24 00:25:59', '2020-04-23 13:25:59', 0, 0, '127.0.0.1'),
(22, 0, 0, 0, '', '2020-01-07', '2020-01-07', 0, 0, 0, 0, 0, 0, '', '', '', '', '', '', '', '', '', '', '', '', 0, 0, 0, '', '', '', '', 0, 0, 0, 0, 0, NULL, '', '', '', '', '', '', '', '', '', '', '', '', '', '', '', '', '', 1, '2020-04-24 00:28:11', '2020-04-23 13:28:11', 0, 0, '127.0.0.1'),
(23, 0, 0, 0, '', '2020-01-07', '2020-01-07', 0, 0, 0, 0, 0, 0, '', '', '', '', '', '', '', '', '', '', '', '', 0, 0, 0, '', '', '', '', 0, 0, 0, 0, 0, NULL, '', '', '', '', '', '', '', '', '', '', '', '', '', '', '', '', '', 1, '2020-04-24 00:29:22', '2020-04-23 13:29:22', 0, 0, '127.0.0.1'),
(24, 0, 0, 0, '', '2020-01-07', '2020-01-07', 0, 0, 0, 0, 0, 0, '', '', '', '', '', '', '', '', '', '', '', '', 0, 0, 0, '', '', '', '', 0, 0, 0, 0, 0, NULL, '', '', '', '', '', '', '', '', '', '', '', '', '', '', '', '', '', 1, '2020-04-24 00:42:25', '2020-04-23 13:42:25', 0, 0, '127.0.0.1'),
(25, 0, 0, 0, '', '2020-01-07', '2020-01-07', 0, 0, 0, 0, 0, 0, '', '', '', '', '', '', '', '', '', '', '', '', 0, 0, 0, '', '', '', '', 0, 0, 0, 0, 0, NULL, '', '', '', '', '', '', '', '', '', '', '', '', '', '', '', '', '', 1, '2020-04-24 00:42:49', '2020-04-23 13:42:49', 0, 0, '127.0.0.1'),
(26, 0, 0, 0, '', '2020-01-07', '2020-01-07', 0, 0, 0, 0, 0, 0, '', '', '', '', '', '', '', '', '', '', '', '', 0, 0, 0, '', '', '', '', 0, 0, 0, 0, 0, NULL, '', '', '', '', '', '', '', '', '', '', '', '', '', '', '', '', '', 1, '2020-04-24 00:44:01', '2020-04-23 13:44:01', 0, 0, '127.0.0.1'),
(27, 0, 0, 1, '2', '2020-01-07', '2020-01-07', 1, 0, 0, 0, 0, 0, '', '', '', '', '', '', '', '', '', '', '', '', 0, 0, 0, '', '', '', '', 1, 1, 1, 1, 1, NULL, '', '', '', '', '', '', '', '', '', '', '', '', '', '', '', '', '', 1, '2020-04-28 16:58:44', '2020-04-28 05:58:44', 1, 0, '127.0.0.1');

-- --------------------------------------------------------

--
